--
-- Host: localhost    Database: jobbox
-- ------------------------------------------------------


--
-- Table structure for table `activations`
--

CREATE TABLE `activations` (
  `id` bigint unsigned NOT NULL AUTO_INCREMENT,
  `user_id` bigint unsigned NOT NULL,
  `code` varchar(120) COLLATE utf8mb4_unicode_ci NOT NULL,
  `completed` tinyint(1) NOT NULL DEFAULT '0',
  `completed_at` timestamp NULL DEFAULT NULL,
  `created_at` timestamp NULL DEFAULT NULL,
  `updated_at` timestamp NULL DEFAULT NULL,
  PRIMARY KEY (`id`),
  KEY `activations_user_id_index` (`user_id`)
) ENGINE=InnoDB AUTO_INCREMENT=2 DEFAULT CHARSET=utf8mb4 COLLATE=utf8mb4_unicode_ci;

--
-- Dumping data for table `activations`
--

INSERT INTO `activations` VALUES (1,1,'jj6hVAOg8MWNsmng7AAI6mDYpQhKGAL0',1,'2024-05-13 21:55:17','2024-05-13 21:55:17','2024-05-13 21:55:17');

--
-- Table structure for table `admin_notifications`
--

CREATE TABLE `admin_notifications` (
  `id` bigint unsigned NOT NULL AUTO_INCREMENT,
  `title` varchar(191) COLLATE utf8mb4_unicode_ci NOT NULL,
  `action_label` varchar(191) COLLATE utf8mb4_unicode_ci DEFAULT NULL,
  `action_url` varchar(191) COLLATE utf8mb4_unicode_ci DEFAULT NULL,
  `description` varchar(400) COLLATE utf8mb4_unicode_ci DEFAULT NULL,
  `read_at` timestamp NULL DEFAULT NULL,
  `created_at` timestamp NULL DEFAULT NULL,
  `updated_at` timestamp NULL DEFAULT NULL,
  `permission` varchar(191) COLLATE utf8mb4_unicode_ci DEFAULT NULL,
  PRIMARY KEY (`id`)
) ENGINE=InnoDB DEFAULT CHARSET=utf8mb4 COLLATE=utf8mb4_unicode_ci;

--
-- Dumping data for table `admin_notifications`
--


--
-- Table structure for table `audit_histories`
--

CREATE TABLE `audit_histories` (
  `id` bigint unsigned NOT NULL AUTO_INCREMENT,
  `user_id` bigint unsigned NOT NULL,
  `module` varchar(60) COLLATE utf8mb4_unicode_ci NOT NULL,
  `request` longtext COLLATE utf8mb4_unicode_ci,
  `action` varchar(120) COLLATE utf8mb4_unicode_ci NOT NULL,
  `user_agent` text COLLATE utf8mb4_unicode_ci,
  `ip_address` varchar(45) COLLATE utf8mb4_unicode_ci DEFAULT NULL,
  `reference_user` bigint unsigned NOT NULL,
  `reference_id` bigint unsigned NOT NULL,
  `reference_name` varchar(191) COLLATE utf8mb4_unicode_ci NOT NULL,
  `type` varchar(20) COLLATE utf8mb4_unicode_ci NOT NULL,
  `created_at` timestamp NULL DEFAULT NULL,
  `updated_at` timestamp NULL DEFAULT NULL,
  PRIMARY KEY (`id`),
  KEY `audit_histories_user_id_index` (`user_id`),
  KEY `audit_histories_module_index` (`module`)
) ENGINE=InnoDB DEFAULT CHARSET=utf8mb4 COLLATE=utf8mb4_unicode_ci;

--
-- Dumping data for table `audit_histories`
--


--
-- Table structure for table `categories`
--

CREATE TABLE `categories` (
  `id` bigint unsigned NOT NULL AUTO_INCREMENT,
  `name` varchar(120) COLLATE utf8mb4_unicode_ci NOT NULL,
  `parent_id` bigint unsigned NOT NULL DEFAULT '0',
  `description` varchar(400) COLLATE utf8mb4_unicode_ci DEFAULT NULL,
  `status` varchar(60) COLLATE utf8mb4_unicode_ci NOT NULL DEFAULT 'published',
  `author_id` bigint unsigned DEFAULT NULL,
  `author_type` varchar(191) COLLATE utf8mb4_unicode_ci NOT NULL DEFAULT 'Botble\\ACL\\Models\\User',
  `icon` varchar(60) COLLATE utf8mb4_unicode_ci DEFAULT NULL,
  `order` tinyint NOT NULL DEFAULT '0',
  `is_featured` tinyint NOT NULL DEFAULT '0',
  `is_default` tinyint unsigned NOT NULL DEFAULT '0',
  `created_at` timestamp NULL DEFAULT NULL,
  `updated_at` timestamp NULL DEFAULT NULL,
  PRIMARY KEY (`id`),
  KEY `categories_parent_id_index` (`parent_id`),
  KEY `categories_status_index` (`status`),
  KEY `categories_created_at_index` (`created_at`)
) ENGINE=InnoDB AUTO_INCREMENT=8 DEFAULT CHARSET=utf8mb4 COLLATE=utf8mb4_unicode_ci;

--
-- Dumping data for table `categories`
--

INSERT INTO `categories` VALUES (1,'Design',0,'Dolorem aperiam inventore et. Quis dolor sunt quod quam sequi sunt provident. Earum voluptatem corrupti consectetur explicabo cum. Dolore commodi est mollitia sapiente voluptas qui.','published',NULL,'Botble\\ACL\\Models\\User',NULL,0,0,1,'2024-05-13 21:55:20','2024-05-13 21:55:20'),(2,'Lifestyle',0,'Quasi adipisci ut est. Et non porro dolores aliquam ea necessitatibus. Laboriosam molestiae placeat beatae quo aspernatur dolorem eum. Autem non odio fuga delectus.','published',NULL,'Botble\\ACL\\Models\\User',NULL,0,1,0,'2024-05-13 21:55:20','2024-05-13 21:55:20'),(3,'Travel Tips',2,'Ipsa maiores minus qui deleniti commodi itaque. Et laborum repellendus ut necessitatibus est aliquid. Autem ad accusantium occaecati expedita sed aut nulla. Assumenda aperiam amet aliquid qui.','published',NULL,'Botble\\ACL\\Models\\User',NULL,0,0,0,'2024-05-13 21:55:20','2024-05-13 21:55:20'),(4,'Healthy',0,'Assumenda ex explicabo dolores quis fugit in. Tempore qui praesentium et dignissimos id delectus. Autem eligendi quod fugiat ipsam.','published',NULL,'Botble\\ACL\\Models\\User',NULL,0,1,0,'2024-05-13 21:55:20','2024-05-13 21:55:20'),(5,'Travel Tips',4,'Ut mollitia dolore laudantium nihil praesentium. Qui nemo minus pariatur et omnis. Qui ullam voluptate et sapiente. Exercitationem voluptate dolor et quia aliquam rerum quas in.','published',NULL,'Botble\\ACL\\Models\\User',NULL,0,0,0,'2024-05-13 21:55:20','2024-05-13 21:55:20'),(6,'Hotel',0,'Aperiam quis occaecati quasi aliquam. Aut ea molestiae fuga debitis accusamus quibusdam in. Dolores nostrum aut atque qui. Sed fugit velit enim veritatis voluptatibus est.','published',NULL,'Botble\\ACL\\Models\\User',NULL,0,1,0,'2024-05-13 21:55:20','2024-05-13 21:55:20'),(7,'Nature',6,'Repudiandae tempora doloribus ad. Rerum modi cumque adipisci impedit delectus eum adipisci. Molestiae cupiditate sit sunt ab nobis odio est odit.','published',NULL,'Botble\\ACL\\Models\\User',NULL,0,0,0,'2024-05-13 21:55:20','2024-05-13 21:55:20');

--
-- Table structure for table `categories_translations`
--

CREATE TABLE `categories_translations` (
  `lang_code` varchar(20) COLLATE utf8mb4_unicode_ci NOT NULL,
  `categories_id` bigint unsigned NOT NULL,
  `name` varchar(191) COLLATE utf8mb4_unicode_ci DEFAULT NULL,
  `description` varchar(400) COLLATE utf8mb4_unicode_ci DEFAULT NULL,
  PRIMARY KEY (`lang_code`,`categories_id`)
) ENGINE=InnoDB DEFAULT CHARSET=utf8mb4 COLLATE=utf8mb4_unicode_ci;

--
-- Dumping data for table `categories_translations`
--


--
-- Table structure for table `cities`
--

CREATE TABLE `cities` (
  `id` bigint unsigned NOT NULL AUTO_INCREMENT,
  `name` varchar(120) COLLATE utf8mb4_unicode_ci NOT NULL,
  `slug` varchar(120) COLLATE utf8mb4_unicode_ci DEFAULT NULL,
  `state_id` bigint unsigned DEFAULT NULL,
  `country_id` bigint unsigned DEFAULT NULL,
  `record_id` varchar(40) COLLATE utf8mb4_unicode_ci DEFAULT NULL,
  `order` tinyint NOT NULL DEFAULT '0',
  `image` varchar(191) COLLATE utf8mb4_unicode_ci DEFAULT NULL,
  `is_default` tinyint unsigned NOT NULL DEFAULT '0',
  `status` varchar(60) COLLATE utf8mb4_unicode_ci NOT NULL DEFAULT 'published',
  `created_at` timestamp NULL DEFAULT NULL,
  `updated_at` timestamp NULL DEFAULT NULL,
  PRIMARY KEY (`id`),
  UNIQUE KEY `cities_slug_unique` (`slug`)
) ENGINE=InnoDB AUTO_INCREMENT=7 DEFAULT CHARSET=utf8mb4 COLLATE=utf8mb4_unicode_ci;

--
-- Dumping data for table `cities`
--

INSERT INTO `cities` VALUES (1,'Paris','paris',1,1,NULL,0,'locations/location1.png',0,'published','2024-05-13 21:55:23','2024-05-13 21:55:23'),(2,'London','london',2,2,NULL,0,'locations/location2.png',0,'published','2024-05-13 21:55:23','2024-05-13 21:55:23'),(3,'New York','new-york',3,3,NULL,0,'locations/location3.png',0,'published','2024-05-13 21:55:23','2024-05-13 21:55:23'),(4,'New York','new-york-1',4,4,NULL,0,'locations/location4.png',0,'published','2024-05-13 21:55:23','2024-05-13 21:55:23'),(5,'Copenhagen','copenhagen',5,5,NULL,0,'locations/location5.png',0,'published','2024-05-13 21:55:23','2024-05-13 21:55:23'),(6,'Berlin','berlin',6,6,NULL,0,'locations/location6.png',0,'published','2024-05-13 21:55:23','2024-05-13 21:55:23');

--
-- Table structure for table `cities_translations`
--

CREATE TABLE `cities_translations` (
  `lang_code` varchar(20) COLLATE utf8mb4_unicode_ci NOT NULL,
  `cities_id` bigint unsigned NOT NULL,
  `name` varchar(120) COLLATE utf8mb4_unicode_ci DEFAULT NULL,
  `slug` varchar(120) COLLATE utf8mb4_unicode_ci DEFAULT NULL,
  PRIMARY KEY (`lang_code`,`cities_id`)
) ENGINE=InnoDB DEFAULT CHARSET=utf8mb4 COLLATE=utf8mb4_unicode_ci;

--
-- Dumping data for table `cities_translations`
--


--
-- Table structure for table `contact_custom_field_options`
--

CREATE TABLE `contact_custom_field_options` (
  `id` bigint unsigned NOT NULL AUTO_INCREMENT,
  `custom_field_id` bigint unsigned NOT NULL,
  `label` varchar(191) COLLATE utf8mb4_unicode_ci DEFAULT NULL,
  `value` varchar(191) COLLATE utf8mb4_unicode_ci NOT NULL,
  `order` int NOT NULL DEFAULT '999',
  `created_at` timestamp NULL DEFAULT NULL,
  `updated_at` timestamp NULL DEFAULT NULL,
  PRIMARY KEY (`id`)
) ENGINE=InnoDB DEFAULT CHARSET=utf8mb4 COLLATE=utf8mb4_unicode_ci;

--
-- Dumping data for table `contact_custom_field_options`
--


--
-- Table structure for table `contact_custom_field_options_translations`
--

CREATE TABLE `contact_custom_field_options_translations` (
  `contact_custom_field_options_id` bigint unsigned NOT NULL,
  `lang_code` varchar(191) COLLATE utf8mb4_unicode_ci NOT NULL,
  `label` varchar(191) COLLATE utf8mb4_unicode_ci DEFAULT NULL,
  `value` varchar(191) COLLATE utf8mb4_unicode_ci DEFAULT NULL,
  PRIMARY KEY (`lang_code`,`contact_custom_field_options_id`)
) ENGINE=InnoDB DEFAULT CHARSET=utf8mb4 COLLATE=utf8mb4_unicode_ci;

--
-- Dumping data for table `contact_custom_field_options_translations`
--


--
-- Table structure for table `contact_custom_fields`
--

CREATE TABLE `contact_custom_fields` (
  `id` bigint unsigned NOT NULL AUTO_INCREMENT,
  `type` varchar(191) COLLATE utf8mb4_unicode_ci NOT NULL,
  `required` tinyint(1) NOT NULL DEFAULT '0',
  `name` varchar(191) COLLATE utf8mb4_unicode_ci NOT NULL,
  `placeholder` varchar(191) COLLATE utf8mb4_unicode_ci DEFAULT NULL,
  `order` int NOT NULL DEFAULT '999',
  `status` varchar(191) COLLATE utf8mb4_unicode_ci NOT NULL DEFAULT 'published',
  `created_at` timestamp NULL DEFAULT NULL,
  `updated_at` timestamp NULL DEFAULT NULL,
  PRIMARY KEY (`id`)
) ENGINE=InnoDB DEFAULT CHARSET=utf8mb4 COLLATE=utf8mb4_unicode_ci;

--
-- Dumping data for table `contact_custom_fields`
--


--
-- Table structure for table `contact_custom_fields_translations`
--

CREATE TABLE `contact_custom_fields_translations` (
  `contact_custom_fields_id` bigint unsigned NOT NULL,
  `lang_code` varchar(191) COLLATE utf8mb4_unicode_ci NOT NULL,
  `name` varchar(191) COLLATE utf8mb4_unicode_ci DEFAULT NULL,
  `placeholder` varchar(191) COLLATE utf8mb4_unicode_ci DEFAULT NULL,
  PRIMARY KEY (`lang_code`,`contact_custom_fields_id`)
) ENGINE=InnoDB DEFAULT CHARSET=utf8mb4 COLLATE=utf8mb4_unicode_ci;

--
-- Dumping data for table `contact_custom_fields_translations`
--


--
-- Table structure for table `contact_replies`
--

CREATE TABLE `contact_replies` (
  `id` bigint unsigned NOT NULL AUTO_INCREMENT,
  `message` longtext COLLATE utf8mb4_unicode_ci NOT NULL,
  `contact_id` bigint unsigned NOT NULL,
  `created_at` timestamp NULL DEFAULT NULL,
  `updated_at` timestamp NULL DEFAULT NULL,
  PRIMARY KEY (`id`)
) ENGINE=InnoDB DEFAULT CHARSET=utf8mb4 COLLATE=utf8mb4_unicode_ci;

--
-- Dumping data for table `contact_replies`
--


--
-- Table structure for table `contacts`
--

CREATE TABLE `contacts` (
  `id` bigint unsigned NOT NULL AUTO_INCREMENT,
  `name` varchar(60) COLLATE utf8mb4_unicode_ci NOT NULL,
  `email` varchar(60) COLLATE utf8mb4_unicode_ci DEFAULT NULL,
  `phone` varchar(60) COLLATE utf8mb4_unicode_ci DEFAULT NULL,
  `address` varchar(120) COLLATE utf8mb4_unicode_ci DEFAULT NULL,
  `subject` varchar(120) COLLATE utf8mb4_unicode_ci DEFAULT NULL,
  `content` longtext COLLATE utf8mb4_unicode_ci NOT NULL,
  `custom_fields` text COLLATE utf8mb4_unicode_ci,
  `status` varchar(60) COLLATE utf8mb4_unicode_ci NOT NULL DEFAULT 'unread',
  `created_at` timestamp NULL DEFAULT NULL,
  `updated_at` timestamp NULL DEFAULT NULL,
  PRIMARY KEY (`id`)
) ENGINE=InnoDB AUTO_INCREMENT=11 DEFAULT CHARSET=utf8mb4 COLLATE=utf8mb4_unicode_ci;

--
-- Dumping data for table `contacts`
--

INSERT INTO `contacts` VALUES (1,'Prof. Aurore Feest Jr.','xsmith@example.org','+12535506783','73573 Mitchell Underpass Apt. 413\nPort Jamil, IA 57147','A qui mollitia occaecati natus non error.','Perspiciatis sed blanditiis reiciendis itaque rerum. Eos et aut accusamus doloremque harum. Odio quos et eos asperiores consequatur nostrum. Provident perferendis quo autem non. Eum officiis ut ea a quas dolorum aut. Ullam facere molestiae quo qui. Ea voluptas hic exercitationem dolorem cumque vitae. Ducimus ut similique voluptatem laudantium nam ut facilis repellat. Id rerum iusto ipsum beatae perferendis.',NULL,'unread','2024-05-13 21:55:21','2024-05-13 21:55:21'),(2,'Gilda Wiegand','stamm.dave@example.net','+19413009079','4752 Bechtelar Run Suite 346\nWest Norvalville, SD 08901-3601','Vitae quia doloribus cum esse commodi.','Nihil est sit est. Dolores esse facere est incidunt qui sapiente asperiores eos. Id quidem et culpa nihil. Consequatur rerum iure laudantium eveniet debitis temporibus ab. Sint error et dicta sunt nihil. Aut quas cum doloribus sequi pariatur velit maiores. Eaque eveniet similique inventore perspiciatis. Exercitationem ea quibusdam in hic exercitationem placeat dolores. Debitis placeat quidem qui qui dolorem sapiente.',NULL,'read','2024-05-13 21:55:21','2024-05-13 21:55:21'),(3,'German Dickinson','lsimonis@example.com','+14232324040','340 Schiller Course Apt. 161\nNorth Kristopherstad, MA 86725-5975','Ducimus ut tempore aut et a sunt omnis.','Laborum impedit eum voluptatem quos quod. Velit et qui cupiditate quam facere est. Asperiores animi iusto nihil in molestiae. Inventore qui nihil et fugiat labore ipsa error reiciendis. Officiis aut pariatur iusto error saepe reiciendis laboriosam. Non ut fugiat ad consequuntur voluptatibus voluptas necessitatibus. Qui corrupti occaecati dolor repellendus quaerat autem veniam. Ea placeat nemo quo dolores numquam. Quos sint temporibus odit nihil dolores molestiae.',NULL,'unread','2024-05-13 21:55:21','2024-05-13 21:55:21'),(4,'Ms. Bethany Hills DVM','walter.giovanny@example.org','+14587707752','314 Cassandra Pass Suite 870\nLittelburgh, IL 49147','Illo alias qui eius quasi officia sit facere.','Non natus nobis vel explicabo non. Voluptatem consequuntur nostrum omnis consequatur molestiae est eaque. Modi minus numquam dolorum. Quaerat ratione et excepturi. Eveniet dolores consequatur optio quaerat. Sequi vel consequuntur illo ut distinctio dolor. Est temporibus eius non laudantium dolor.',NULL,'read','2024-05-13 21:55:21','2024-05-13 21:55:21'),(5,'Rickie Barton','rhagenes@example.org','+14422088488','6247 Richmond Gardens\nWest Elnora, VA 77464-5841','Ullam voluptate voluptas sit nostrum et.','Nostrum ut voluptatem qui delectus. Debitis autem repellat iste quo aliquid. Sint distinctio cum ut cum quia est voluptatem. Ad est saepe eum voluptas. Et odio voluptatem omnis aperiam perferendis quis. Pariatur similique vel vel et rem fuga. Provident aut at sed aut quia quo. Laboriosam adipisci eos repellat id. Aperiam cum expedita esse rerum nam sint libero. Rem aut velit qui mollitia aut. Quis dolorum vel in cum sunt distinctio qui.',NULL,'read','2024-05-13 21:55:21','2024-05-13 21:55:21'),(6,'Chaz Treutel DDS','maybell78@example.org','+13172238954','17342 Krajcik Flat Apt. 285\nWest Buddyland, AZ 32791-5864','Praesentium a rerum fugiat sequi.','Eum et architecto sed. Quasi corrupti voluptatem libero odit possimus aut quod. Sed et labore similique qui reprehenderit neque. Totam qui est sit delectus. Mollitia in voluptatum ipsa illum illum. Fugiat sapiente dolor aliquam voluptatibus ipsa mollitia voluptate omnis. Hic esse culpa quis quaerat. Corporis maxime vero voluptas qui id maxime.',NULL,'unread','2024-05-13 21:55:21','2024-05-13 21:55:21'),(7,'Immanuel Douglas','yreinger@example.com','+18502555850','3375 Elyse Mountains\nSouth Lucinda, NC 33869-1926','Placeat occaecati eligendi at tenetur et neque.','Commodi maiores aut ipsum. Magnam rerum repellendus velit rerum eligendi officiis. Consequuntur ullam sed amet mollitia. Minus voluptatem magnam veritatis nihil ducimus. Corporis eum deserunt veniam laboriosam vel. Fuga voluptate qui reprehenderit et sit. Nam omnis harum sunt rerum distinctio. Quibusdam deserunt eos sunt illo omnis vel libero aperiam. Eveniet autem voluptatem praesentium consequatur ratione. Odit unde ad sunt numquam.',NULL,'unread','2024-05-13 21:55:21','2024-05-13 21:55:21'),(8,'Prof. Camryn Donnelly','hpadberg@example.net','+14794616610','34665 Crona Course\nVedabury, WV 05780','Sit rerum eum dolores sint.','Ex iure et quia quia tenetur minus. Voluptatem sit quis est facilis fugit in. Ullam dolores nam ut earum nobis et. Quam ut adipisci ullam sed quia voluptas voluptas sed. Ex incidunt adipisci blanditiis accusantium porro. Numquam facere id sunt voluptatem aperiam autem quasi. Corporis repellendus fugit illum blanditiis libero. Ullam quia aut ducimus non placeat quia esse ut. Quia optio eos eum reiciendis doloremque pariatur. Vel eaque dolorem qui porro.',NULL,'read','2024-05-13 21:55:21','2024-05-13 21:55:21'),(9,'Dejuan Wuckert','brain.rolfson@example.com','+15346882946','5805 Harvey Burgs Suite 903\nWest Callieton, FL 41510','Rem quibusdam est ab et rerum ut debitis.','Molestias omnis itaque quo ut omnis. Id ea enim eum ut rerum. Non occaecati et ducimus consequuntur eaque. Blanditiis sunt rerum a voluptas odit. Iure delectus porro error aut. At nesciunt sunt qui voluptas minima eum aut. Quos recusandae deserunt iste quidem accusantium. In iusto vel et dolor. Consequuntur rem ducimus deserunt qui debitis. Praesentium porro provident veritatis fugiat unde fugiat.',NULL,'unread','2024-05-13 21:55:21','2024-05-13 21:55:21'),(10,'Shania Breitenberg','nchristiansen@example.net','+15206375520','403 Ziemann Parkway\nJeanettemouth, TX 11533-3340','Tenetur veniam aut soluta voluptatem voluptate.','Autem veritatis numquam quia ea. Enim similique incidunt qui nulla. Quia quasi ut quam laboriosam. Blanditiis nulla blanditiis et et sit id. Tempore aut nesciunt unde. In iure quasi voluptate fuga. Sit laboriosam voluptas odio odio accusantium ipsam ea. Laudantium laboriosam repellendus excepturi repellat beatae. Ipsa qui non dignissimos eum mollitia amet.',NULL,'read','2024-05-13 21:55:21','2024-05-13 21:55:21');

--
-- Table structure for table `countries`
--

CREATE TABLE `countries` (
  `id` bigint unsigned NOT NULL AUTO_INCREMENT,
  `name` varchar(120) COLLATE utf8mb4_unicode_ci NOT NULL,
  `nationality` varchar(120) COLLATE utf8mb4_unicode_ci DEFAULT NULL,
  `order` tinyint NOT NULL DEFAULT '0',
  `is_default` tinyint unsigned NOT NULL DEFAULT '0',
  `status` varchar(60) COLLATE utf8mb4_unicode_ci NOT NULL DEFAULT 'published',
  `created_at` timestamp NULL DEFAULT NULL,
  `updated_at` timestamp NULL DEFAULT NULL,
  `code` varchar(10) COLLATE utf8mb4_unicode_ci DEFAULT NULL,
  PRIMARY KEY (`id`)
) ENGINE=InnoDB AUTO_INCREMENT=7 DEFAULT CHARSET=utf8mb4 COLLATE=utf8mb4_unicode_ci;

--
-- Dumping data for table `countries`
--

INSERT INTO `countries` VALUES (1,'France','French',0,0,'published','2024-05-13 21:55:23',NULL,'FRA'),(2,'England','English',0,0,'published','2024-05-13 21:55:23',NULL,'UK'),(3,'USA','Americans',0,0,'published','2024-05-13 21:55:23',NULL,'US'),(4,'Holland','Dutch',0,0,'published','2024-05-13 21:55:23',NULL,'HL'),(5,'Denmark','Danish',0,0,'published','2024-05-13 21:55:23',NULL,'DN'),(6,'Germany','Danish',0,0,'published','2024-05-13 21:55:23',NULL,'DN');

--
-- Table structure for table `countries_translations`
--

CREATE TABLE `countries_translations` (
  `lang_code` varchar(20) COLLATE utf8mb4_unicode_ci NOT NULL,
  `countries_id` bigint unsigned NOT NULL,
  `name` varchar(120) COLLATE utf8mb4_unicode_ci DEFAULT NULL,
  `nationality` varchar(120) COLLATE utf8mb4_unicode_ci DEFAULT NULL,
  PRIMARY KEY (`lang_code`,`countries_id`)
) ENGINE=InnoDB DEFAULT CHARSET=utf8mb4 COLLATE=utf8mb4_unicode_ci;

--
-- Dumping data for table `countries_translations`
--


--
-- Table structure for table `dashboard_widget_settings`
--

CREATE TABLE `dashboard_widget_settings` (
  `id` bigint unsigned NOT NULL AUTO_INCREMENT,
  `settings` text COLLATE utf8mb4_unicode_ci,
  `user_id` bigint unsigned NOT NULL,
  `widget_id` bigint unsigned NOT NULL,
  `order` tinyint unsigned NOT NULL DEFAULT '0',
  `status` tinyint unsigned NOT NULL DEFAULT '1',
  `created_at` timestamp NULL DEFAULT NULL,
  `updated_at` timestamp NULL DEFAULT NULL,
  PRIMARY KEY (`id`),
  KEY `dashboard_widget_settings_user_id_index` (`user_id`),
  KEY `dashboard_widget_settings_widget_id_index` (`widget_id`)
) ENGINE=InnoDB DEFAULT CHARSET=utf8mb4 COLLATE=utf8mb4_unicode_ci;

--
-- Dumping data for table `dashboard_widget_settings`
--


--
-- Table structure for table `dashboard_widgets`
--

CREATE TABLE `dashboard_widgets` (
  `id` bigint unsigned NOT NULL AUTO_INCREMENT,
  `name` varchar(120) COLLATE utf8mb4_unicode_ci NOT NULL,
  `created_at` timestamp NULL DEFAULT NULL,
  `updated_at` timestamp NULL DEFAULT NULL,
  PRIMARY KEY (`id`)
) ENGINE=InnoDB DEFAULT CHARSET=utf8mb4 COLLATE=utf8mb4_unicode_ci;

--
-- Dumping data for table `dashboard_widgets`
--


--
-- Table structure for table `failed_jobs`
--

CREATE TABLE `failed_jobs` (
  `id` bigint unsigned NOT NULL AUTO_INCREMENT,
  `uuid` varchar(191) COLLATE utf8mb4_unicode_ci NOT NULL,
  `connection` text COLLATE utf8mb4_unicode_ci NOT NULL,
  `queue` text COLLATE utf8mb4_unicode_ci NOT NULL,
  `payload` longtext COLLATE utf8mb4_unicode_ci NOT NULL,
  `exception` longtext COLLATE utf8mb4_unicode_ci NOT NULL,
  `failed_at` timestamp NOT NULL DEFAULT CURRENT_TIMESTAMP,
  PRIMARY KEY (`id`),
  UNIQUE KEY `failed_jobs_uuid_unique` (`uuid`)
) ENGINE=InnoDB DEFAULT CHARSET=utf8mb4 COLLATE=utf8mb4_unicode_ci;

--
-- Dumping data for table `failed_jobs`
--


--
-- Table structure for table `faq_categories`
--

CREATE TABLE `faq_categories` (
  `id` bigint unsigned NOT NULL AUTO_INCREMENT,
  `name` varchar(120) COLLATE utf8mb4_unicode_ci NOT NULL,
  `order` tinyint NOT NULL DEFAULT '0',
  `status` varchar(60) COLLATE utf8mb4_unicode_ci NOT NULL DEFAULT 'published',
  `created_at` timestamp NULL DEFAULT NULL,
  `updated_at` timestamp NULL DEFAULT NULL,
  `description` varchar(400) COLLATE utf8mb4_unicode_ci DEFAULT NULL,
  PRIMARY KEY (`id`)
) ENGINE=InnoDB AUTO_INCREMENT=5 DEFAULT CHARSET=utf8mb4 COLLATE=utf8mb4_unicode_ci;

--
-- Dumping data for table `faq_categories`
--

INSERT INTO `faq_categories` VALUES (1,'General',0,'published','2024-05-13 21:55:53','2024-05-13 21:55:53',NULL),(2,'Buying',1,'published','2024-05-13 21:55:53','2024-05-13 21:55:53',NULL),(3,'Payment',2,'published','2024-05-13 21:55:53','2024-05-13 21:55:53',NULL),(4,'Support',3,'published','2024-05-13 21:55:53','2024-05-13 21:55:53',NULL);

--
-- Table structure for table `faq_categories_translations`
--

CREATE TABLE `faq_categories_translations` (
  `lang_code` varchar(20) COLLATE utf8mb4_unicode_ci NOT NULL,
  `faq_categories_id` bigint unsigned NOT NULL,
  `name` varchar(120) COLLATE utf8mb4_unicode_ci DEFAULT NULL,
  PRIMARY KEY (`lang_code`,`faq_categories_id`)
) ENGINE=InnoDB DEFAULT CHARSET=utf8mb4 COLLATE=utf8mb4_unicode_ci;

--
-- Dumping data for table `faq_categories_translations`
--


--
-- Table structure for table `faqs`
--

CREATE TABLE `faqs` (
  `id` bigint unsigned NOT NULL AUTO_INCREMENT,
  `question` text COLLATE utf8mb4_unicode_ci NOT NULL,
  `answer` text COLLATE utf8mb4_unicode_ci NOT NULL,
  `category_id` bigint unsigned NOT NULL,
  `status` varchar(60) COLLATE utf8mb4_unicode_ci NOT NULL DEFAULT 'published',
  `created_at` timestamp NULL DEFAULT NULL,
  `updated_at` timestamp NULL DEFAULT NULL,
  PRIMARY KEY (`id`)
) ENGINE=InnoDB AUTO_INCREMENT=25 DEFAULT CHARSET=utf8mb4 COLLATE=utf8mb4_unicode_ci;

--
-- Dumping data for table `faqs`
--

INSERT INTO `faqs` VALUES (1,'Where does it come from?','If several languages coalesce, the grammar of the resulting language is more simple and regular than that of the individual languages. The new common language will be more simple and regular than the existing European languages.',1,'published','2024-05-13 21:55:53','2024-05-13 21:55:53'),(2,'How JobBox Work?','To an English person, it will seem like simplified English, as a skeptical Cambridge friend of mine told me what Occidental is. The European languages are members of the same family. Their separate existence is a myth.',1,'published','2024-05-13 21:55:53','2024-05-13 21:55:53'),(3,'What is your shipping policy?','Everyone realizes why a new common language would be desirable: one could refuse to pay expensive translators. To achieve this, it would be necessary to have uniform grammar, pronunciation and more common words.',1,'published','2024-05-13 21:55:53','2024-05-13 21:55:53'),(4,'Where To Place A FAQ Page','Just as the name suggests, a FAQ page is all about simple questions and answers. Gather common questions your customers have asked from your support team and include them in the FAQ, Use categories to organize questions related to specific topics.',1,'published','2024-05-13 21:55:53','2024-05-13 21:55:53'),(5,'Why do we use it?','It will be as simple as Occidental; in fact, it will be Occidental. To an English person, it will seem like simplified English, as a skeptical Cambridge friend of mine told me what Occidental.',1,'published','2024-05-13 21:55:53','2024-05-13 21:55:53'),(6,'Where can I get some?','To an English person, it will seem like simplified English, as a skeptical Cambridge friend of mine told me what Occidental is. The European languages are members of the same family. Their separate existence is a myth.',1,'published','2024-05-13 21:55:53','2024-05-13 21:55:53'),(7,'Where does it come from?','If several languages coalesce, the grammar of the resulting language is more simple and regular than that of the individual languages. The new common language will be more simple and regular than the existing European languages.',2,'published','2024-05-13 21:55:53','2024-05-13 21:55:53'),(8,'How JobBox Work?','To an English person, it will seem like simplified English, as a skeptical Cambridge friend of mine told me what Occidental is. The European languages are members of the same family. Their separate existence is a myth.',2,'published','2024-05-13 21:55:53','2024-05-13 21:55:53'),(9,'What is your shipping policy?','Everyone realizes why a new common language would be desirable: one could refuse to pay expensive translators. To achieve this, it would be necessary to have uniform grammar, pronunciation and more common words.',2,'published','2024-05-13 21:55:53','2024-05-13 21:55:53'),(10,'Where To Place A FAQ Page','Just as the name suggests, a FAQ page is all about simple questions and answers. Gather common questions your customers have asked from your support team and include them in the FAQ, Use categories to organize questions related to specific topics.',2,'published','2024-05-13 21:55:53','2024-05-13 21:55:53'),(11,'Why do we use it?','It will be as simple as Occidental; in fact, it will be Occidental. To an English person, it will seem like simplified English, as a skeptical Cambridge friend of mine told me what Occidental.',2,'published','2024-05-13 21:55:53','2024-05-13 21:55:53'),(12,'Where can I get some?','To an English person, it will seem like simplified English, as a skeptical Cambridge friend of mine told me what Occidental is. The European languages are members of the same family. Their separate existence is a myth.',2,'published','2024-05-13 21:55:53','2024-05-13 21:55:53'),(13,'Where does it come from?','If several languages coalesce, the grammar of the resulting language is more simple and regular than that of the individual languages. The new common language will be more simple and regular than the existing European languages.',3,'published','2024-05-13 21:55:53','2024-05-13 21:55:53'),(14,'How JobBox Work?','To an English person, it will seem like simplified English, as a skeptical Cambridge friend of mine told me what Occidental is. The European languages are members of the same family. Their separate existence is a myth.',3,'published','2024-05-13 21:55:53','2024-05-13 21:55:53'),(15,'What is your shipping policy?','Everyone realizes why a new common language would be desirable: one could refuse to pay expensive translators. To achieve this, it would be necessary to have uniform grammar, pronunciation and more common words.',3,'published','2024-05-13 21:55:53','2024-05-13 21:55:53'),(16,'Where To Place A FAQ Page','Just as the name suggests, a FAQ page is all about simple questions and answers. Gather common questions your customers have asked from your support team and include them in the FAQ, Use categories to organize questions related to specific topics.',3,'published','2024-05-13 21:55:53','2024-05-13 21:55:53'),(17,'Why do we use it?','It will be as simple as Occidental; in fact, it will be Occidental. To an English person, it will seem like simplified English, as a skeptical Cambridge friend of mine told me what Occidental.',3,'published','2024-05-13 21:55:53','2024-05-13 21:55:53'),(18,'Where can I get some?','To an English person, it will seem like simplified English, as a skeptical Cambridge friend of mine told me what Occidental is. The European languages are members of the same family. Their separate existence is a myth.',3,'published','2024-05-13 21:55:53','2024-05-13 21:55:53'),(19,'Where does it come from?','If several languages coalesce, the grammar of the resulting language is more simple and regular than that of the individual languages. The new common language will be more simple and regular than the existing European languages.',4,'published','2024-05-13 21:55:53','2024-05-13 21:55:53'),(20,'How JobBox Work?','To an English person, it will seem like simplified English, as a skeptical Cambridge friend of mine told me what Occidental is. The European languages are members of the same family. Their separate existence is a myth.',4,'published','2024-05-13 21:55:53','2024-05-13 21:55:53'),(21,'What is your shipping policy?','Everyone realizes why a new common language would be desirable: one could refuse to pay expensive translators. To achieve this, it would be necessary to have uniform grammar, pronunciation and more common words.',4,'published','2024-05-13 21:55:53','2024-05-13 21:55:53'),(22,'Where To Place A FAQ Page','Just as the name suggests, a FAQ page is all about simple questions and answers. Gather common questions your customers have asked from your support team and include them in the FAQ, Use categories to organize questions related to specific topics.',4,'published','2024-05-13 21:55:53','2024-05-13 21:55:53'),(23,'Why do we use it?','It will be as simple as Occidental; in fact, it will be Occidental. To an English person, it will seem like simplified English, as a skeptical Cambridge friend of mine told me what Occidental.',4,'published','2024-05-13 21:55:53','2024-05-13 21:55:53'),(24,'Where can I get some?','To an English person, it will seem like simplified English, as a skeptical Cambridge friend of mine told me what Occidental is. The European languages are members of the same family. Their separate existence is a myth.',4,'published','2024-05-13 21:55:53','2024-05-13 21:55:53');

--
-- Table structure for table `faqs_translations`
--

CREATE TABLE `faqs_translations` (
  `lang_code` varchar(20) COLLATE utf8mb4_unicode_ci NOT NULL,
  `faqs_id` bigint unsigned NOT NULL,
  `question` text COLLATE utf8mb4_unicode_ci,
  `answer` text COLLATE utf8mb4_unicode_ci,
  PRIMARY KEY (`lang_code`,`faqs_id`)
) ENGINE=InnoDB DEFAULT CHARSET=utf8mb4 COLLATE=utf8mb4_unicode_ci;

--
-- Dumping data for table `faqs_translations`
--


--
-- Table structure for table `galleries`
--

CREATE TABLE `galleries` (
  `id` bigint unsigned NOT NULL AUTO_INCREMENT,
  `name` varchar(120) COLLATE utf8mb4_unicode_ci NOT NULL,
  `description` longtext COLLATE utf8mb4_unicode_ci NOT NULL,
  `is_featured` tinyint unsigned NOT NULL DEFAULT '0',
  `order` tinyint unsigned NOT NULL DEFAULT '0',
  `image` varchar(191) COLLATE utf8mb4_unicode_ci DEFAULT NULL,
  `user_id` bigint unsigned DEFAULT NULL,
  `status` varchar(60) COLLATE utf8mb4_unicode_ci NOT NULL DEFAULT 'published',
  `created_at` timestamp NULL DEFAULT NULL,
  `updated_at` timestamp NULL DEFAULT NULL,
  PRIMARY KEY (`id`),
  KEY `galleries_user_id_index` (`user_id`)
) ENGINE=InnoDB AUTO_INCREMENT=7 DEFAULT CHARSET=utf8mb4 COLLATE=utf8mb4_unicode_ci;

--
-- Dumping data for table `galleries`
--

INSERT INTO `galleries` VALUES (1,'Perfect','Explicabo ad facilis soluta sit et qui voluptate. Qui in laborum ut amet illo voluptatem. Enim ut in dolorem harum officiis.',1,0,'galleries/1.jpg',1,'published','2024-05-13 21:55:21','2024-05-13 21:55:21'),(2,'New Day','Odio dolorem velit cum quod nesciunt. Quia rerum aut voluptatum ut.',1,0,'galleries/2.jpg',1,'published','2024-05-13 21:55:21','2024-05-13 21:55:21'),(3,'Happy Day','Aut molestiae sequi error ea in. Est ipsam ut quis nostrum omnis et quia. Itaque ad delectus excepturi vel.',1,0,'galleries/3.jpg',1,'published','2024-05-13 21:55:21','2024-05-13 21:55:21'),(4,'Nature','Consequuntur inventore culpa dicta nostrum autem est. Tempora in fugiat reiciendis. Omnis aliquid qui consequuntur reprehenderit maxime ex.',1,0,'galleries/4.jpg',1,'published','2024-05-13 21:55:21','2024-05-13 21:55:21'),(5,'Morning','Omnis omnis commodi debitis neque aliquam. Enim sapiente quae minima molestiae. Ullam quia dolores dolorem maxime.',1,0,'galleries/5.jpg',1,'published','2024-05-13 21:55:21','2024-05-13 21:55:21'),(6,'Photography','Eius aut libero natus ut quia saepe eos. Ad laudantium sed dolore deserunt. Modi ut omnis consectetur incidunt harum numquam quas.',1,0,'galleries/6.jpg',1,'published','2024-05-13 21:55:21','2024-05-13 21:55:21');

--
-- Table structure for table `galleries_translations`
--

CREATE TABLE `galleries_translations` (
  `lang_code` varchar(20) COLLATE utf8mb4_unicode_ci NOT NULL,
  `galleries_id` bigint unsigned NOT NULL,
  `name` varchar(191) COLLATE utf8mb4_unicode_ci DEFAULT NULL,
  `description` longtext COLLATE utf8mb4_unicode_ci,
  PRIMARY KEY (`lang_code`,`galleries_id`)
) ENGINE=InnoDB DEFAULT CHARSET=utf8mb4 COLLATE=utf8mb4_unicode_ci;

--
-- Dumping data for table `galleries_translations`
--


--
-- Table structure for table `gallery_meta`
--

CREATE TABLE `gallery_meta` (
  `id` bigint unsigned NOT NULL AUTO_INCREMENT,
  `images` text COLLATE utf8mb4_unicode_ci,
  `reference_id` bigint unsigned NOT NULL,
  `reference_type` varchar(120) COLLATE utf8mb4_unicode_ci NOT NULL,
  `created_at` timestamp NULL DEFAULT NULL,
  `updated_at` timestamp NULL DEFAULT NULL,
  PRIMARY KEY (`id`),
  KEY `gallery_meta_reference_id_index` (`reference_id`)
) ENGINE=InnoDB AUTO_INCREMENT=7 DEFAULT CHARSET=utf8mb4 COLLATE=utf8mb4_unicode_ci;

--
-- Dumping data for table `gallery_meta`
--

INSERT INTO `gallery_meta` VALUES (1,'[{\"img\":\"galleries\\/1.jpg\",\"description\":\"Inventore mollitia veritatis atque cumque nihil blanditiis corporis. Vel nihil eum consequatur. Ea delectus ut dolorem nisi quo laudantium pariatur.\"},{\"img\":\"galleries\\/2.jpg\",\"description\":\"Praesentium vitae ea ut quod ut voluptate voluptates. Porro consectetur fuga qui laboriosam sequi repellendus.\"},{\"img\":\"galleries\\/3.jpg\",\"description\":\"Pariatur quia est et. Expedita esse ad sint similique et suscipit ea. Ut ipsum voluptatem vero temporibus et.\"},{\"img\":\"galleries\\/4.jpg\",\"description\":\"Incidunt dolores natus dolores est tempore. Rerum facilis aut iure quod. Repudiandae autem eveniet quo rem mollitia distinctio.\"},{\"img\":\"galleries\\/5.jpg\",\"description\":\"At et consequatur architecto exercitationem nemo illo sint et. Officia eligendi tempore sunt sunt dolor veniam est. Dolores in autem quae alias quo.\"},{\"img\":\"galleries\\/6.jpg\",\"description\":\"Sequi nam qui ut est rem ad. Nemo mollitia ut pariatur dolor. Provident dicta laudantium nostrum velit. Aut delectus consequuntur laudantium.\"},{\"img\":\"galleries\\/7.jpg\",\"description\":\"Rerum consequatur suscipit dolorem eum et et pariatur et. Autem doloribus ut officiis. Soluta sint soluta est provident.\"},{\"img\":\"galleries\\/8.jpg\",\"description\":\"Facere corporis aut ipsa voluptatibus accusamus libero enim. Earum iste ipsam quo dolores. Vero incidunt provident sed in et quisquam.\"},{\"img\":\"galleries\\/9.jpg\",\"description\":\"Dolore adipisci quidem nihil et ea. Est fugit officia velit aliquid fugiat quia placeat dolor. Ratione et molestias omnis.\"}]',1,'Botble\\Gallery\\Models\\Gallery','2024-05-13 21:55:21','2024-05-13 21:55:21'),(2,'[{\"img\":\"galleries\\/1.jpg\",\"description\":\"Inventore mollitia veritatis atque cumque nihil blanditiis corporis. Vel nihil eum consequatur. Ea delectus ut dolorem nisi quo laudantium pariatur.\"},{\"img\":\"galleries\\/2.jpg\",\"description\":\"Praesentium vitae ea ut quod ut voluptate voluptates. Porro consectetur fuga qui laboriosam sequi repellendus.\"},{\"img\":\"galleries\\/3.jpg\",\"description\":\"Pariatur quia est et. Expedita esse ad sint similique et suscipit ea. Ut ipsum voluptatem vero temporibus et.\"},{\"img\":\"galleries\\/4.jpg\",\"description\":\"Incidunt dolores natus dolores est tempore. Rerum facilis aut iure quod. Repudiandae autem eveniet quo rem mollitia distinctio.\"},{\"img\":\"galleries\\/5.jpg\",\"description\":\"At et consequatur architecto exercitationem nemo illo sint et. Officia eligendi tempore sunt sunt dolor veniam est. Dolores in autem quae alias quo.\"},{\"img\":\"galleries\\/6.jpg\",\"description\":\"Sequi nam qui ut est rem ad. Nemo mollitia ut pariatur dolor. Provident dicta laudantium nostrum velit. Aut delectus consequuntur laudantium.\"},{\"img\":\"galleries\\/7.jpg\",\"description\":\"Rerum consequatur suscipit dolorem eum et et pariatur et. Autem doloribus ut officiis. Soluta sint soluta est provident.\"},{\"img\":\"galleries\\/8.jpg\",\"description\":\"Facere corporis aut ipsa voluptatibus accusamus libero enim. Earum iste ipsam quo dolores. Vero incidunt provident sed in et quisquam.\"},{\"img\":\"galleries\\/9.jpg\",\"description\":\"Dolore adipisci quidem nihil et ea. Est fugit officia velit aliquid fugiat quia placeat dolor. Ratione et molestias omnis.\"}]',2,'Botble\\Gallery\\Models\\Gallery','2024-05-13 21:55:21','2024-05-13 21:55:21'),(3,'[{\"img\":\"galleries\\/1.jpg\",\"description\":\"Inventore mollitia veritatis atque cumque nihil blanditiis corporis. Vel nihil eum consequatur. Ea delectus ut dolorem nisi quo laudantium pariatur.\"},{\"img\":\"galleries\\/2.jpg\",\"description\":\"Praesentium vitae ea ut quod ut voluptate voluptates. Porro consectetur fuga qui laboriosam sequi repellendus.\"},{\"img\":\"galleries\\/3.jpg\",\"description\":\"Pariatur quia est et. Expedita esse ad sint similique et suscipit ea. Ut ipsum voluptatem vero temporibus et.\"},{\"img\":\"galleries\\/4.jpg\",\"description\":\"Incidunt dolores natus dolores est tempore. Rerum facilis aut iure quod. Repudiandae autem eveniet quo rem mollitia distinctio.\"},{\"img\":\"galleries\\/5.jpg\",\"description\":\"At et consequatur architecto exercitationem nemo illo sint et. Officia eligendi tempore sunt sunt dolor veniam est. Dolores in autem quae alias quo.\"},{\"img\":\"galleries\\/6.jpg\",\"description\":\"Sequi nam qui ut est rem ad. Nemo mollitia ut pariatur dolor. Provident dicta laudantium nostrum velit. Aut delectus consequuntur laudantium.\"},{\"img\":\"galleries\\/7.jpg\",\"description\":\"Rerum consequatur suscipit dolorem eum et et pariatur et. Autem doloribus ut officiis. Soluta sint soluta est provident.\"},{\"img\":\"galleries\\/8.jpg\",\"description\":\"Facere corporis aut ipsa voluptatibus accusamus libero enim. Earum iste ipsam quo dolores. Vero incidunt provident sed in et quisquam.\"},{\"img\":\"galleries\\/9.jpg\",\"description\":\"Dolore adipisci quidem nihil et ea. Est fugit officia velit aliquid fugiat quia placeat dolor. Ratione et molestias omnis.\"}]',3,'Botble\\Gallery\\Models\\Gallery','2024-05-13 21:55:21','2024-05-13 21:55:21'),(4,'[{\"img\":\"galleries\\/1.jpg\",\"description\":\"Inventore mollitia veritatis atque cumque nihil blanditiis corporis. Vel nihil eum consequatur. Ea delectus ut dolorem nisi quo laudantium pariatur.\"},{\"img\":\"galleries\\/2.jpg\",\"description\":\"Praesentium vitae ea ut quod ut voluptate voluptates. Porro consectetur fuga qui laboriosam sequi repellendus.\"},{\"img\":\"galleries\\/3.jpg\",\"description\":\"Pariatur quia est et. Expedita esse ad sint similique et suscipit ea. Ut ipsum voluptatem vero temporibus et.\"},{\"img\":\"galleries\\/4.jpg\",\"description\":\"Incidunt dolores natus dolores est tempore. Rerum facilis aut iure quod. Repudiandae autem eveniet quo rem mollitia distinctio.\"},{\"img\":\"galleries\\/5.jpg\",\"description\":\"At et consequatur architecto exercitationem nemo illo sint et. Officia eligendi tempore sunt sunt dolor veniam est. Dolores in autem quae alias quo.\"},{\"img\":\"galleries\\/6.jpg\",\"description\":\"Sequi nam qui ut est rem ad. Nemo mollitia ut pariatur dolor. Provident dicta laudantium nostrum velit. Aut delectus consequuntur laudantium.\"},{\"img\":\"galleries\\/7.jpg\",\"description\":\"Rerum consequatur suscipit dolorem eum et et pariatur et. Autem doloribus ut officiis. Soluta sint soluta est provident.\"},{\"img\":\"galleries\\/8.jpg\",\"description\":\"Facere corporis aut ipsa voluptatibus accusamus libero enim. Earum iste ipsam quo dolores. Vero incidunt provident sed in et quisquam.\"},{\"img\":\"galleries\\/9.jpg\",\"description\":\"Dolore adipisci quidem nihil et ea. Est fugit officia velit aliquid fugiat quia placeat dolor. Ratione et molestias omnis.\"}]',4,'Botble\\Gallery\\Models\\Gallery','2024-05-13 21:55:21','2024-05-13 21:55:21'),(5,'[{\"img\":\"galleries\\/1.jpg\",\"description\":\"Inventore mollitia veritatis atque cumque nihil blanditiis corporis. Vel nihil eum consequatur. Ea delectus ut dolorem nisi quo laudantium pariatur.\"},{\"img\":\"galleries\\/2.jpg\",\"description\":\"Praesentium vitae ea ut quod ut voluptate voluptates. Porro consectetur fuga qui laboriosam sequi repellendus.\"},{\"img\":\"galleries\\/3.jpg\",\"description\":\"Pariatur quia est et. Expedita esse ad sint similique et suscipit ea. Ut ipsum voluptatem vero temporibus et.\"},{\"img\":\"galleries\\/4.jpg\",\"description\":\"Incidunt dolores natus dolores est tempore. Rerum facilis aut iure quod. Repudiandae autem eveniet quo rem mollitia distinctio.\"},{\"img\":\"galleries\\/5.jpg\",\"description\":\"At et consequatur architecto exercitationem nemo illo sint et. Officia eligendi tempore sunt sunt dolor veniam est. Dolores in autem quae alias quo.\"},{\"img\":\"galleries\\/6.jpg\",\"description\":\"Sequi nam qui ut est rem ad. Nemo mollitia ut pariatur dolor. Provident dicta laudantium nostrum velit. Aut delectus consequuntur laudantium.\"},{\"img\":\"galleries\\/7.jpg\",\"description\":\"Rerum consequatur suscipit dolorem eum et et pariatur et. Autem doloribus ut officiis. Soluta sint soluta est provident.\"},{\"img\":\"galleries\\/8.jpg\",\"description\":\"Facere corporis aut ipsa voluptatibus accusamus libero enim. Earum iste ipsam quo dolores. Vero incidunt provident sed in et quisquam.\"},{\"img\":\"galleries\\/9.jpg\",\"description\":\"Dolore adipisci quidem nihil et ea. Est fugit officia velit aliquid fugiat quia placeat dolor. Ratione et molestias omnis.\"}]',5,'Botble\\Gallery\\Models\\Gallery','2024-05-13 21:55:21','2024-05-13 21:55:21'),(6,'[{\"img\":\"galleries\\/1.jpg\",\"description\":\"Inventore mollitia veritatis atque cumque nihil blanditiis corporis. Vel nihil eum consequatur. Ea delectus ut dolorem nisi quo laudantium pariatur.\"},{\"img\":\"galleries\\/2.jpg\",\"description\":\"Praesentium vitae ea ut quod ut voluptate voluptates. Porro consectetur fuga qui laboriosam sequi repellendus.\"},{\"img\":\"galleries\\/3.jpg\",\"description\":\"Pariatur quia est et. Expedita esse ad sint similique et suscipit ea. Ut ipsum voluptatem vero temporibus et.\"},{\"img\":\"galleries\\/4.jpg\",\"description\":\"Incidunt dolores natus dolores est tempore. Rerum facilis aut iure quod. Repudiandae autem eveniet quo rem mollitia distinctio.\"},{\"img\":\"galleries\\/5.jpg\",\"description\":\"At et consequatur architecto exercitationem nemo illo sint et. Officia eligendi tempore sunt sunt dolor veniam est. Dolores in autem quae alias quo.\"},{\"img\":\"galleries\\/6.jpg\",\"description\":\"Sequi nam qui ut est rem ad. Nemo mollitia ut pariatur dolor. Provident dicta laudantium nostrum velit. Aut delectus consequuntur laudantium.\"},{\"img\":\"galleries\\/7.jpg\",\"description\":\"Rerum consequatur suscipit dolorem eum et et pariatur et. Autem doloribus ut officiis. Soluta sint soluta est provident.\"},{\"img\":\"galleries\\/8.jpg\",\"description\":\"Facere corporis aut ipsa voluptatibus accusamus libero enim. Earum iste ipsam quo dolores. Vero incidunt provident sed in et quisquam.\"},{\"img\":\"galleries\\/9.jpg\",\"description\":\"Dolore adipisci quidem nihil et ea. Est fugit officia velit aliquid fugiat quia placeat dolor. Ratione et molestias omnis.\"}]',6,'Botble\\Gallery\\Models\\Gallery','2024-05-13 21:55:21','2024-05-13 21:55:21');

--
-- Table structure for table `gallery_meta_translations`
--

CREATE TABLE `gallery_meta_translations` (
  `lang_code` varchar(20) COLLATE utf8mb4_unicode_ci NOT NULL,
  `gallery_meta_id` bigint unsigned NOT NULL,
  `images` text COLLATE utf8mb4_unicode_ci,
  PRIMARY KEY (`lang_code`,`gallery_meta_id`)
) ENGINE=InnoDB DEFAULT CHARSET=utf8mb4 COLLATE=utf8mb4_unicode_ci;

--
-- Dumping data for table `gallery_meta_translations`
--


--
-- Table structure for table `jb_account_activity_logs`
--

CREATE TABLE `jb_account_activity_logs` (
  `id` bigint unsigned NOT NULL AUTO_INCREMENT,
  `action` varchar(120) COLLATE utf8mb4_unicode_ci NOT NULL,
  `user_agent` text COLLATE utf8mb4_unicode_ci,
  `reference_url` varchar(191) COLLATE utf8mb4_unicode_ci DEFAULT NULL,
  `reference_name` varchar(191) COLLATE utf8mb4_unicode_ci DEFAULT NULL,
  `ip_address` varchar(39) COLLATE utf8mb4_unicode_ci DEFAULT NULL,
  `account_id` bigint unsigned NOT NULL,
  `created_at` timestamp NULL DEFAULT NULL,
  `updated_at` timestamp NULL DEFAULT NULL,
  PRIMARY KEY (`id`),
  KEY `jb_account_activity_logs_account_id_index` (`account_id`)
) ENGINE=InnoDB DEFAULT CHARSET=utf8mb4 COLLATE=utf8mb4_unicode_ci;

--
-- Dumping data for table `jb_account_activity_logs`
--


--
-- Table structure for table `jb_account_educations`
--

CREATE TABLE `jb_account_educations` (
  `id` bigint unsigned NOT NULL AUTO_INCREMENT,
  `school` varchar(191) COLLATE utf8mb4_unicode_ci NOT NULL,
  `account_id` bigint unsigned NOT NULL,
  `specialized` varchar(191) COLLATE utf8mb4_unicode_ci DEFAULT NULL,
  `started_at` date NOT NULL,
  `ended_at` date DEFAULT NULL,
  `description` text COLLATE utf8mb4_unicode_ci,
  `created_at` timestamp NULL DEFAULT NULL,
  `updated_at` timestamp NULL DEFAULT NULL,
  PRIMARY KEY (`id`)
) ENGINE=InnoDB AUTO_INCREMENT=48 DEFAULT CHARSET=utf8mb4 COLLATE=utf8mb4_unicode_ci;

--
-- Dumping data for table `jb_account_educations`
--

INSERT INTO `jb_account_educations` VALUES (1,'American Institute of Health Technology',2,'Culture and Technology Studies','2024-05-14','2024-05-14','There are many variations of passages of available, but the majority alteration in some form.\n                As a highly skilled and successful product development and design specialist with more than 4 Years of\n                My experience','2024-05-13 21:55:28','2024-05-13 21:55:28'),(2,'American Institute of Health Technology',8,'Economics','2024-05-14','2024-05-14','There are many variations of passages of available, but the majority alteration in some form.\n                As a highly skilled and successful product development and design specialist with more than 4 Years of\n                My experience','2024-05-13 21:55:30','2024-05-13 21:55:30'),(3,'American Institute of Health Technology',9,'Art History','2024-05-14','2024-05-14','There are many variations of passages of available, but the majority alteration in some form.\n                As a highly skilled and successful product development and design specialist with more than 4 Years of\n                My experience','2024-05-13 21:55:30','2024-05-13 21:55:30'),(4,'Associated Mennonite Biblical Seminary',11,'Art History','2024-05-14','2024-05-14','There are many variations of passages of available, but the majority alteration in some form.\n                As a highly skilled and successful product development and design specialist with more than 4 Years of\n                My experience','2024-05-13 21:55:30','2024-05-13 21:55:30'),(5,'Gateway Technical College',12,'Anthropology','2024-05-14','2024-05-14','There are many variations of passages of available, but the majority alteration in some form.\n                As a highly skilled and successful product development and design specialist with more than 4 Years of\n                My experience','2024-05-13 21:55:31','2024-05-13 21:55:31'),(6,'The University of the State of Alabama',13,'Art History','2024-05-14','2024-05-14','There are many variations of passages of available, but the majority alteration in some form.\n                As a highly skilled and successful product development and design specialist with more than 4 Years of\n                My experience','2024-05-13 21:55:31','2024-05-13 21:55:31'),(7,'The University of the State of Alabama',16,'Classical Studies','2024-05-14','2024-05-14','There are many variations of passages of available, but the majority alteration in some form.\n                As a highly skilled and successful product development and design specialist with more than 4 Years of\n                My experience','2024-05-13 21:55:32','2024-05-13 21:55:32'),(8,'Associated Mennonite Biblical Seminary',17,'Art History','2024-05-14','2024-05-14','There are many variations of passages of available, but the majority alteration in some form.\n                As a highly skilled and successful product development and design specialist with more than 4 Years of\n                My experience','2024-05-13 21:55:32','2024-05-13 21:55:32'),(9,'Associated Mennonite Biblical Seminary',21,'Economics','2024-05-14','2024-05-14','There are many variations of passages of available, but the majority alteration in some form.\n                As a highly skilled and successful product development and design specialist with more than 4 Years of\n                My experience','2024-05-13 21:55:33','2024-05-13 21:55:33'),(10,'American Institute of Health Technology',25,'Anthropology','2024-05-14','2024-05-14','There are many variations of passages of available, but the majority alteration in some form.\n                As a highly skilled and successful product development and design specialist with more than 4 Years of\n                My experience','2024-05-13 21:55:34','2024-05-13 21:55:34'),(11,'Antioch University McGregor',27,'Classical Studies','2024-05-14','2024-05-14','There are many variations of passages of available, but the majority alteration in some form.\n                As a highly skilled and successful product development and design specialist with more than 4 Years of\n                My experience','2024-05-13 21:55:34','2024-05-13 21:55:34'),(12,'Antioch University McGregor',29,'Art History','2024-05-14','2024-05-14','There are many variations of passages of available, but the majority alteration in some form.\n                As a highly skilled and successful product development and design specialist with more than 4 Years of\n                My experience','2024-05-13 21:55:35','2024-05-13 21:55:35'),(13,'Adams State College',30,'Anthropology','2024-05-14','2024-05-14','There are many variations of passages of available, but the majority alteration in some form.\n                As a highly skilled and successful product development and design specialist with more than 4 Years of\n                My experience','2024-05-13 21:55:35','2024-05-13 21:55:35'),(14,'Associated Mennonite Biblical Seminary',34,'Art History','2024-05-14','2024-05-14','There are many variations of passages of available, but the majority alteration in some form.\n                As a highly skilled and successful product development and design specialist with more than 4 Years of\n                My experience','2024-05-13 21:55:36','2024-05-13 21:55:36'),(15,'American Institute of Health Technology',36,'Art History','2024-05-14','2024-05-14','There are many variations of passages of available, but the majority alteration in some form.\n                As a highly skilled and successful product development and design specialist with more than 4 Years of\n                My experience','2024-05-13 21:55:37','2024-05-13 21:55:37'),(16,'Associated Mennonite Biblical Seminary',37,'Classical Studies','2024-05-14','2024-05-14','There are many variations of passages of available, but the majority alteration in some form.\n                As a highly skilled and successful product development and design specialist with more than 4 Years of\n                My experience','2024-05-13 21:55:37','2024-05-13 21:55:37'),(17,'Gateway Technical College',39,'Art History','2024-05-14','2024-05-14','There are many variations of passages of available, but the majority alteration in some form.\n                As a highly skilled and successful product development and design specialist with more than 4 Years of\n                My experience','2024-05-13 21:55:37','2024-05-13 21:55:37'),(18,'Antioch University McGregor',41,'Classical Studies','2024-05-14','2024-05-14','There are many variations of passages of available, but the majority alteration in some form.\n                As a highly skilled and successful product development and design specialist with more than 4 Years of\n                My experience','2024-05-13 21:55:38','2024-05-13 21:55:38'),(19,'Gateway Technical College',42,'Economics','2024-05-14','2024-05-14','There are many variations of passages of available, but the majority alteration in some form.\n                As a highly skilled and successful product development and design specialist with more than 4 Years of\n                My experience','2024-05-13 21:55:38','2024-05-13 21:55:38'),(20,'Adams State College',45,'Anthropology','2024-05-14','2024-05-14','There are many variations of passages of available, but the majority alteration in some form.\n                As a highly skilled and successful product development and design specialist with more than 4 Years of\n                My experience','2024-05-13 21:55:39','2024-05-13 21:55:39'),(21,'Gateway Technical College',46,'Culture and Technology Studies','2024-05-14','2024-05-14','There are many variations of passages of available, but the majority alteration in some form.\n                As a highly skilled and successful product development and design specialist with more than 4 Years of\n                My experience','2024-05-13 21:55:39','2024-05-13 21:55:39'),(22,'The University of the State of Alabama',51,'Culture and Technology Studies','2024-05-14','2024-05-14','There are many variations of passages of available, but the majority alteration in some form.\n                As a highly skilled and successful product development and design specialist with more than 4 Years of\n                My experience','2024-05-13 21:55:40','2024-05-13 21:55:40'),(23,'Gateway Technical College',52,'Art History','2024-05-14','2024-05-14','There are many variations of passages of available, but the majority alteration in some form.\n                As a highly skilled and successful product development and design specialist with more than 4 Years of\n                My experience','2024-05-13 21:55:41','2024-05-13 21:55:41'),(24,'Gateway Technical College',53,'Culture and Technology Studies','2024-05-14','2024-05-14','There are many variations of passages of available, but the majority alteration in some form.\n                As a highly skilled and successful product development and design specialist with more than 4 Years of\n                My experience','2024-05-13 21:55:41','2024-05-13 21:55:41'),(25,'Gateway Technical College',55,'Anthropology','2024-05-14','2024-05-14','There are many variations of passages of available, but the majority alteration in some form.\n                As a highly skilled and successful product development and design specialist with more than 4 Years of\n                My experience','2024-05-13 21:55:41','2024-05-13 21:55:41'),(26,'Gateway Technical College',56,'Art History','2024-05-14','2024-05-14','There are many variations of passages of available, but the majority alteration in some form.\n                As a highly skilled and successful product development and design specialist with more than 4 Years of\n                My experience','2024-05-13 21:55:42','2024-05-13 21:55:42'),(27,'The University of the State of Alabama',57,'Culture and Technology Studies','2024-05-14','2024-05-14','There are many variations of passages of available, but the majority alteration in some form.\n                As a highly skilled and successful product development and design specialist with more than 4 Years of\n                My experience','2024-05-13 21:55:42','2024-05-13 21:55:42'),(28,'Associated Mennonite Biblical Seminary',58,'Anthropology','2024-05-14','2024-05-14','There are many variations of passages of available, but the majority alteration in some form.\n                As a highly skilled and successful product development and design specialist with more than 4 Years of\n                My experience','2024-05-13 21:55:42','2024-05-13 21:55:42'),(29,'American Institute of Health Technology',59,'Anthropology','2024-05-14','2024-05-14','There are many variations of passages of available, but the majority alteration in some form.\n                As a highly skilled and successful product development and design specialist with more than 4 Years of\n                My experience','2024-05-13 21:55:42','2024-05-13 21:55:42'),(30,'The University of the State of Alabama',61,'Classical Studies','2024-05-14','2024-05-14','There are many variations of passages of available, but the majority alteration in some form.\n                As a highly skilled and successful product development and design specialist with more than 4 Years of\n                My experience','2024-05-13 21:55:43','2024-05-13 21:55:43'),(31,'Antioch University McGregor',63,'Classical Studies','2024-05-14','2024-05-14','There are many variations of passages of available, but the majority alteration in some form.\n                As a highly skilled and successful product development and design specialist with more than 4 Years of\n                My experience','2024-05-13 21:55:43','2024-05-13 21:55:43'),(32,'Adams State College',66,'Classical Studies','2024-05-14','2024-05-14','There are many variations of passages of available, but the majority alteration in some form.\n                As a highly skilled and successful product development and design specialist with more than 4 Years of\n                My experience','2024-05-13 21:55:44','2024-05-13 21:55:44'),(33,'Gateway Technical College',68,'Culture and Technology Studies','2024-05-14','2024-05-14','There are many variations of passages of available, but the majority alteration in some form.\n                As a highly skilled and successful product development and design specialist with more than 4 Years of\n                My experience','2024-05-13 21:55:45','2024-05-13 21:55:45'),(34,'American Institute of Health Technology',72,'Culture and Technology Studies','2024-05-14','2024-05-14','There are many variations of passages of available, but the majority alteration in some form.\n                As a highly skilled and successful product development and design specialist with more than 4 Years of\n                My experience','2024-05-13 21:55:46','2024-05-13 21:55:46'),(35,'Associated Mennonite Biblical Seminary',76,'Classical Studies','2024-05-14','2024-05-14','There are many variations of passages of available, but the majority alteration in some form.\n                As a highly skilled and successful product development and design specialist with more than 4 Years of\n                My experience','2024-05-13 21:55:47','2024-05-13 21:55:47'),(36,'Antioch University McGregor',77,'Art History','2024-05-14','2024-05-14','There are many variations of passages of available, but the majority alteration in some form.\n                As a highly skilled and successful product development and design specialist with more than 4 Years of\n                My experience','2024-05-13 21:55:47','2024-05-13 21:55:47'),(37,'Associated Mennonite Biblical Seminary',79,'Classical Studies','2024-05-14','2024-05-14','There are many variations of passages of available, but the majority alteration in some form.\n                As a highly skilled and successful product development and design specialist with more than 4 Years of\n                My experience','2024-05-13 21:55:47','2024-05-13 21:55:47'),(38,'American Institute of Health Technology',82,'Art History','2024-05-14','2024-05-14','There are many variations of passages of available, but the majority alteration in some form.\n                As a highly skilled and successful product development and design specialist with more than 4 Years of\n                My experience','2024-05-13 21:55:48','2024-05-13 21:55:48'),(39,'American Institute of Health Technology',83,'Anthropology','2024-05-14','2024-05-14','There are many variations of passages of available, but the majority alteration in some form.\n                As a highly skilled and successful product development and design specialist with more than 4 Years of\n                My experience','2024-05-13 21:55:48','2024-05-13 21:55:48'),(40,'Gateway Technical College',84,'Anthropology','2024-05-14','2024-05-14','There are many variations of passages of available, but the majority alteration in some form.\n                As a highly skilled and successful product development and design specialist with more than 4 Years of\n                My experience','2024-05-13 21:55:49','2024-05-13 21:55:49'),(41,'The University of the State of Alabama',85,'Classical Studies','2024-05-14','2024-05-14','There are many variations of passages of available, but the majority alteration in some form.\n                As a highly skilled and successful product development and design specialist with more than 4 Years of\n                My experience','2024-05-13 21:55:49','2024-05-13 21:55:49'),(42,'Adams State College',87,'Classical Studies','2024-05-14','2024-05-14','There are many variations of passages of available, but the majority alteration in some form.\n                As a highly skilled and successful product development and design specialist with more than 4 Years of\n                My experience','2024-05-13 21:55:50','2024-05-13 21:55:50'),(43,'Gateway Technical College',90,'Classical Studies','2024-05-14','2024-05-14','There are many variations of passages of available, but the majority alteration in some form.\n                As a highly skilled and successful product development and design specialist with more than 4 Years of\n                My experience','2024-05-13 21:55:50','2024-05-13 21:55:50'),(44,'Antioch University McGregor',91,'Economics','2024-05-14','2024-05-14','There are many variations of passages of available, but the majority alteration in some form.\n                As a highly skilled and successful product development and design specialist with more than 4 Years of\n                My experience','2024-05-13 21:55:51','2024-05-13 21:55:51'),(45,'Antioch University McGregor',94,'Anthropology','2024-05-14','2024-05-14','There are many variations of passages of available, but the majority alteration in some form.\n                As a highly skilled and successful product development and design specialist with more than 4 Years of\n                My experience','2024-05-13 21:55:51','2024-05-13 21:55:51'),(46,'Gateway Technical College',96,'Art History','2024-05-14','2024-05-14','There are many variations of passages of available, but the majority alteration in some form.\n                As a highly skilled and successful product development and design specialist with more than 4 Years of\n                My experience','2024-05-13 21:55:52','2024-05-13 21:55:52'),(47,'Adams State College',99,'Culture and Technology Studies','2024-05-14','2024-05-14','There are many variations of passages of available, but the majority alteration in some form.\n                As a highly skilled and successful product development and design specialist with more than 4 Years of\n                My experience','2024-05-13 21:55:52','2024-05-13 21:55:52');

--
-- Table structure for table `jb_account_experiences`
--

CREATE TABLE `jb_account_experiences` (
  `id` bigint unsigned NOT NULL AUTO_INCREMENT,
  `company` varchar(191) COLLATE utf8mb4_unicode_ci NOT NULL,
  `account_id` bigint unsigned NOT NULL,
  `position` varchar(191) COLLATE utf8mb4_unicode_ci DEFAULT NULL,
  `started_at` date NOT NULL,
  `ended_at` date DEFAULT NULL,
  `description` text COLLATE utf8mb4_unicode_ci,
  `created_at` timestamp NULL DEFAULT NULL,
  `updated_at` timestamp NULL DEFAULT NULL,
  PRIMARY KEY (`id`)
) ENGINE=InnoDB AUTO_INCREMENT=48 DEFAULT CHARSET=utf8mb4 COLLATE=utf8mb4_unicode_ci;

--
-- Dumping data for table `jb_account_experiences`
--

INSERT INTO `jb_account_experiences` VALUES (1,'Spa Paragon',2,'President of Sales','2024-05-14','2024-05-14','There are many variations of passages of available, but the majority alteration in some form.\n                As a highly skilled and successful product development and design specialist with more than 4 Years of\n                My experience','2024-05-13 21:55:28','2024-05-13 21:55:28'),(2,'Exploration Kids',8,'Web Designer','2024-05-14','2024-05-14','There are many variations of passages of available, but the majority alteration in some form.\n                As a highly skilled and successful product development and design specialist with more than 4 Years of\n                My experience','2024-05-13 21:55:30','2024-05-13 21:55:30'),(3,'Darwin Travel',9,'Web Designer','2024-05-14','2024-05-14','There are many variations of passages of available, but the majority alteration in some form.\n                As a highly skilled and successful product development and design specialist with more than 4 Years of\n                My experience','2024-05-13 21:55:30','2024-05-13 21:55:30'),(4,'Spa Paragon',11,'President of Sales','2024-05-14','2024-05-14','There are many variations of passages of available, but the majority alteration in some form.\n                As a highly skilled and successful product development and design specialist with more than 4 Years of\n                My experience','2024-05-13 21:55:30','2024-05-13 21:55:30'),(5,'Darwin Travel',12,'President of Sales','2024-05-14','2024-05-14','There are many variations of passages of available, but the majority alteration in some form.\n                As a highly skilled and successful product development and design specialist with more than 4 Years of\n                My experience','2024-05-13 21:55:31','2024-05-13 21:55:31'),(6,'Party Plex',13,'President of Sales','2024-05-14','2024-05-14','There are many variations of passages of available, but the majority alteration in some form.\n                As a highly skilled and successful product development and design specialist with more than 4 Years of\n                My experience','2024-05-13 21:55:31','2024-05-13 21:55:31'),(7,'Party Plex',16,'Marketing Coordinator','2024-05-14','2024-05-14','There are many variations of passages of available, but the majority alteration in some form.\n                As a highly skilled and successful product development and design specialist with more than 4 Years of\n                My experience','2024-05-13 21:55:32','2024-05-13 21:55:32'),(8,'GameDay Catering',17,'Dog Trainer','2024-05-14','2024-05-14','There are many variations of passages of available, but the majority alteration in some form.\n                As a highly skilled and successful product development and design specialist with more than 4 Years of\n                My experience','2024-05-13 21:55:32','2024-05-13 21:55:32'),(9,'Party Plex',21,'Project Manager','2024-05-14','2024-05-14','There are many variations of passages of available, but the majority alteration in some form.\n                As a highly skilled and successful product development and design specialist with more than 4 Years of\n                My experience','2024-05-13 21:55:33','2024-05-13 21:55:33'),(10,'Darwin Travel',25,'President of Sales','2024-05-14','2024-05-14','There are many variations of passages of available, but the majority alteration in some form.\n                As a highly skilled and successful product development and design specialist with more than 4 Years of\n                My experience','2024-05-13 21:55:34','2024-05-13 21:55:34'),(11,'Darwin Travel',27,'Dog Trainer','2024-05-14','2024-05-14','There are many variations of passages of available, but the majority alteration in some form.\n                As a highly skilled and successful product development and design specialist with more than 4 Years of\n                My experience','2024-05-13 21:55:34','2024-05-13 21:55:34'),(12,'Darwin Travel',29,'President of Sales','2024-05-14','2024-05-14','There are many variations of passages of available, but the majority alteration in some form.\n                As a highly skilled and successful product development and design specialist with more than 4 Years of\n                My experience','2024-05-13 21:55:35','2024-05-13 21:55:35'),(13,'GameDay Catering',30,'Project Manager','2024-05-14','2024-05-14','There are many variations of passages of available, but the majority alteration in some form.\n                As a highly skilled and successful product development and design specialist with more than 4 Years of\n                My experience','2024-05-13 21:55:35','2024-05-13 21:55:35'),(14,'Darwin Travel',34,'Marketing Coordinator','2024-05-14','2024-05-14','There are many variations of passages of available, but the majority alteration in some form.\n                As a highly skilled and successful product development and design specialist with more than 4 Years of\n                My experience','2024-05-13 21:55:36','2024-05-13 21:55:36'),(15,'Exploration Kids',36,'President of Sales','2024-05-14','2024-05-14','There are many variations of passages of available, but the majority alteration in some form.\n                As a highly skilled and successful product development and design specialist with more than 4 Years of\n                My experience','2024-05-13 21:55:37','2024-05-13 21:55:37'),(16,'Darwin Travel',37,'Dog Trainer','2024-05-14','2024-05-14','There are many variations of passages of available, but the majority alteration in some form.\n                As a highly skilled and successful product development and design specialist with more than 4 Years of\n                My experience','2024-05-13 21:55:37','2024-05-13 21:55:37'),(17,'Spa Paragon',39,'Dog Trainer','2024-05-14','2024-05-14','There are many variations of passages of available, but the majority alteration in some form.\n                As a highly skilled and successful product development and design specialist with more than 4 Years of\n                My experience','2024-05-13 21:55:37','2024-05-13 21:55:37'),(18,'Party Plex',41,'Web Designer','2024-05-14','2024-05-14','There are many variations of passages of available, but the majority alteration in some form.\n                As a highly skilled and successful product development and design specialist with more than 4 Years of\n                My experience','2024-05-13 21:55:38','2024-05-13 21:55:38'),(19,'GameDay Catering',42,'Marketing Coordinator','2024-05-14','2024-05-14','There are many variations of passages of available, but the majority alteration in some form.\n                As a highly skilled and successful product development and design specialist with more than 4 Years of\n                My experience','2024-05-13 21:55:38','2024-05-13 21:55:38'),(20,'Party Plex',45,'Marketing Coordinator','2024-05-14','2024-05-14','There are many variations of passages of available, but the majority alteration in some form.\n                As a highly skilled and successful product development and design specialist with more than 4 Years of\n                My experience','2024-05-13 21:55:39','2024-05-13 21:55:39'),(21,'Darwin Travel',46,'Web Designer','2024-05-14','2024-05-14','There are many variations of passages of available, but the majority alteration in some form.\n                As a highly skilled and successful product development and design specialist with more than 4 Years of\n                My experience','2024-05-13 21:55:39','2024-05-13 21:55:39'),(22,'Spa Paragon',51,'Dog Trainer','2024-05-14','2024-05-14','There are many variations of passages of available, but the majority alteration in some form.\n                As a highly skilled and successful product development and design specialist with more than 4 Years of\n                My experience','2024-05-13 21:55:40','2024-05-13 21:55:40'),(23,'Party Plex',52,'Dog Trainer','2024-05-14','2024-05-14','There are many variations of passages of available, but the majority alteration in some form.\n                As a highly skilled and successful product development and design specialist with more than 4 Years of\n                My experience','2024-05-13 21:55:41','2024-05-13 21:55:41'),(24,'Darwin Travel',53,'Project Manager','2024-05-14','2024-05-14','There are many variations of passages of available, but the majority alteration in some form.\n                As a highly skilled and successful product development and design specialist with more than 4 Years of\n                My experience','2024-05-13 21:55:41','2024-05-13 21:55:41'),(25,'Spa Paragon',55,'Project Manager','2024-05-14','2024-05-14','There are many variations of passages of available, but the majority alteration in some form.\n                As a highly skilled and successful product development and design specialist with more than 4 Years of\n                My experience','2024-05-13 21:55:41','2024-05-13 21:55:41'),(26,'Darwin Travel',56,'Project Manager','2024-05-14','2024-05-14','There are many variations of passages of available, but the majority alteration in some form.\n                As a highly skilled and successful product development and design specialist with more than 4 Years of\n                My experience','2024-05-13 21:55:42','2024-05-13 21:55:42'),(27,'Spa Paragon',57,'Marketing Coordinator','2024-05-14','2024-05-14','There are many variations of passages of available, but the majority alteration in some form.\n                As a highly skilled and successful product development and design specialist with more than 4 Years of\n                My experience','2024-05-13 21:55:42','2024-05-13 21:55:42'),(28,'Darwin Travel',58,'President of Sales','2024-05-14','2024-05-14','There are many variations of passages of available, but the majority alteration in some form.\n                As a highly skilled and successful product development and design specialist with more than 4 Years of\n                My experience','2024-05-13 21:55:42','2024-05-13 21:55:42'),(29,'Exploration Kids',59,'Project Manager','2024-05-14','2024-05-14','There are many variations of passages of available, but the majority alteration in some form.\n                As a highly skilled and successful product development and design specialist with more than 4 Years of\n                My experience','2024-05-13 21:55:42','2024-05-13 21:55:42'),(30,'Spa Paragon',61,'Project Manager','2024-05-14','2024-05-14','There are many variations of passages of available, but the majority alteration in some form.\n                As a highly skilled and successful product development and design specialist with more than 4 Years of\n                My experience','2024-05-13 21:55:43','2024-05-13 21:55:43'),(31,'Party Plex',63,'Marketing Coordinator','2024-05-14','2024-05-14','There are many variations of passages of available, but the majority alteration in some form.\n                As a highly skilled and successful product development and design specialist with more than 4 Years of\n                My experience','2024-05-13 21:55:43','2024-05-13 21:55:43'),(32,'Darwin Travel',66,'Project Manager','2024-05-14','2024-05-14','There are many variations of passages of available, but the majority alteration in some form.\n                As a highly skilled and successful product development and design specialist with more than 4 Years of\n                My experience','2024-05-13 21:55:44','2024-05-13 21:55:44'),(33,'Party Plex',68,'Web Designer','2024-05-14','2024-05-14','There are many variations of passages of available, but the majority alteration in some form.\n                As a highly skilled and successful product development and design specialist with more than 4 Years of\n                My experience','2024-05-13 21:55:45','2024-05-13 21:55:45'),(34,'Darwin Travel',72,'Web Designer','2024-05-14','2024-05-14','There are many variations of passages of available, but the majority alteration in some form.\n                As a highly skilled and successful product development and design specialist with more than 4 Years of\n                My experience','2024-05-13 21:55:46','2024-05-13 21:55:46'),(35,'Darwin Travel',76,'Web Designer','2024-05-14','2024-05-14','There are many variations of passages of available, but the majority alteration in some form.\n                As a highly skilled and successful product development and design specialist with more than 4 Years of\n                My experience','2024-05-13 21:55:47','2024-05-13 21:55:47'),(36,'Exploration Kids',77,'Dog Trainer','2024-05-14','2024-05-14','There are many variations of passages of available, but the majority alteration in some form.\n                As a highly skilled and successful product development and design specialist with more than 4 Years of\n                My experience','2024-05-13 21:55:47','2024-05-13 21:55:47'),(37,'Exploration Kids',79,'Dog Trainer','2024-05-14','2024-05-14','There are many variations of passages of available, but the majority alteration in some form.\n                As a highly skilled and successful product development and design specialist with more than 4 Years of\n                My experience','2024-05-13 21:55:47','2024-05-13 21:55:47'),(38,'Party Plex',82,'Web Designer','2024-05-14','2024-05-14','There are many variations of passages of available, but the majority alteration in some form.\n                As a highly skilled and successful product development and design specialist with more than 4 Years of\n                My experience','2024-05-13 21:55:48','2024-05-13 21:55:48'),(39,'Spa Paragon',83,'Marketing Coordinator','2024-05-14','2024-05-14','There are many variations of passages of available, but the majority alteration in some form.\n                As a highly skilled and successful product development and design specialist with more than 4 Years of\n                My experience','2024-05-13 21:55:48','2024-05-13 21:55:48'),(40,'Darwin Travel',84,'Marketing Coordinator','2024-05-14','2024-05-14','There are many variations of passages of available, but the majority alteration in some form.\n                As a highly skilled and successful product development and design specialist with more than 4 Years of\n                My experience','2024-05-13 21:55:49','2024-05-13 21:55:49'),(41,'Party Plex',85,'Web Designer','2024-05-14','2024-05-14','There are many variations of passages of available, but the majority alteration in some form.\n                As a highly skilled and successful product development and design specialist with more than 4 Years of\n                My experience','2024-05-13 21:55:49','2024-05-13 21:55:49'),(42,'Exploration Kids',87,'Project Manager','2024-05-14','2024-05-14','There are many variations of passages of available, but the majority alteration in some form.\n                As a highly skilled and successful product development and design specialist with more than 4 Years of\n                My experience','2024-05-13 21:55:50','2024-05-13 21:55:50'),(43,'Party Plex',90,'President of Sales','2024-05-14','2024-05-14','There are many variations of passages of available, but the majority alteration in some form.\n                As a highly skilled and successful product development and design specialist with more than 4 Years of\n                My experience','2024-05-13 21:55:50','2024-05-13 21:55:50'),(44,'Darwin Travel',91,'Web Designer','2024-05-14','2024-05-14','There are many variations of passages of available, but the majority alteration in some form.\n                As a highly skilled and successful product development and design specialist with more than 4 Years of\n                My experience','2024-05-13 21:55:51','2024-05-13 21:55:51'),(45,'Exploration Kids',94,'President of Sales','2024-05-14','2024-05-14','There are many variations of passages of available, but the majority alteration in some form.\n                As a highly skilled and successful product development and design specialist with more than 4 Years of\n                My experience','2024-05-13 21:55:51','2024-05-13 21:55:51'),(46,'Spa Paragon',96,'Marketing Coordinator','2024-05-14','2024-05-14','There are many variations of passages of available, but the majority alteration in some form.\n                As a highly skilled and successful product development and design specialist with more than 4 Years of\n                My experience','2024-05-13 21:55:52','2024-05-13 21:55:52'),(47,'Exploration Kids',99,'Web Designer','2024-05-14','2024-05-14','There are many variations of passages of available, but the majority alteration in some form.\n                As a highly skilled and successful product development and design specialist with more than 4 Years of\n                My experience','2024-05-13 21:55:53','2024-05-13 21:55:53');

--
-- Table structure for table `jb_account_favorite_skills`
--

CREATE TABLE `jb_account_favorite_skills` (
  `skill_id` bigint unsigned NOT NULL,
  `account_id` bigint unsigned NOT NULL,
  PRIMARY KEY (`skill_id`,`account_id`)
) ENGINE=InnoDB DEFAULT CHARSET=utf8mb4 COLLATE=utf8mb4_unicode_ci;

--
-- Dumping data for table `jb_account_favorite_skills`
--


--
-- Table structure for table `jb_account_favorite_tags`
--

CREATE TABLE `jb_account_favorite_tags` (
  `tag_id` bigint unsigned NOT NULL,
  `account_id` bigint unsigned NOT NULL,
  PRIMARY KEY (`tag_id`,`account_id`)
) ENGINE=InnoDB DEFAULT CHARSET=utf8mb4 COLLATE=utf8mb4_unicode_ci;

--
-- Dumping data for table `jb_account_favorite_tags`
--


--
-- Table structure for table `jb_account_packages`
--

CREATE TABLE `jb_account_packages` (
  `id` bigint unsigned NOT NULL AUTO_INCREMENT,
  `account_id` bigint unsigned NOT NULL,
  `package_id` bigint unsigned NOT NULL,
  `created_at` timestamp NULL DEFAULT NULL,
  `updated_at` timestamp NULL DEFAULT NULL,
  PRIMARY KEY (`id`)
) ENGINE=InnoDB DEFAULT CHARSET=utf8mb4 COLLATE=utf8mb4_unicode_ci;

--
-- Dumping data for table `jb_account_packages`
--


--
-- Table structure for table `jb_account_password_resets`
--

CREATE TABLE `jb_account_password_resets` (
  `email` varchar(191) COLLATE utf8mb4_unicode_ci NOT NULL,
  `token` varchar(191) COLLATE utf8mb4_unicode_ci NOT NULL,
  `created_at` timestamp NULL DEFAULT NULL,
  KEY `jb_account_password_resets_email_index` (`email`),
  KEY `jb_account_password_resets_token_index` (`token`)
) ENGINE=InnoDB DEFAULT CHARSET=utf8mb4 COLLATE=utf8mb4_unicode_ci;

--
-- Dumping data for table `jb_account_password_resets`
--


--
-- Table structure for table `jb_accounts`
--

CREATE TABLE `jb_accounts` (
  `id` bigint unsigned NOT NULL AUTO_INCREMENT,
  `unique_id` varchar(191) COLLATE utf8mb4_unicode_ci DEFAULT NULL,
  `first_name` varchar(120) COLLATE utf8mb4_unicode_ci NOT NULL,
  `last_name` varchar(120) COLLATE utf8mb4_unicode_ci NOT NULL,
  `description` text COLLATE utf8mb4_unicode_ci,
  `gender` varchar(20) COLLATE utf8mb4_unicode_ci DEFAULT NULL,
  `email` varchar(191) COLLATE utf8mb4_unicode_ci NOT NULL,
  `password` varchar(191) COLLATE utf8mb4_unicode_ci NOT NULL,
  `avatar_id` bigint unsigned DEFAULT NULL,
  `dob` date DEFAULT NULL,
  `phone` varchar(25) COLLATE utf8mb4_unicode_ci DEFAULT NULL,
  `confirmed_at` datetime DEFAULT NULL,
  `email_verify_token` varchar(120) COLLATE utf8mb4_unicode_ci DEFAULT NULL,
  `type` varchar(30) COLLATE utf8mb4_unicode_ci NOT NULL DEFAULT 'job-seeker',
  `credits` int unsigned DEFAULT NULL,
  `resume` varchar(200) COLLATE utf8mb4_unicode_ci DEFAULT NULL,
  `address` varchar(250) COLLATE utf8mb4_unicode_ci DEFAULT NULL,
  `bio` mediumtext COLLATE utf8mb4_unicode_ci,
  `is_public_profile` tinyint unsigned NOT NULL DEFAULT '0',
  `hide_cv` tinyint(1) NOT NULL DEFAULT '0',
  `views` bigint unsigned NOT NULL DEFAULT '0',
  `is_featured` tinyint NOT NULL DEFAULT '0',
  `remember_token` varchar(100) COLLATE utf8mb4_unicode_ci DEFAULT NULL,
  `created_at` timestamp NULL DEFAULT NULL,
  `updated_at` timestamp NULL DEFAULT NULL,
  `available_for_hiring` tinyint(1) NOT NULL DEFAULT '1',
  `country_id` bigint unsigned DEFAULT '1',
  `state_id` bigint unsigned DEFAULT NULL,
  `city_id` bigint unsigned DEFAULT NULL,
  `cover_letter` varchar(200) COLLATE utf8mb4_unicode_ci DEFAULT NULL,
  PRIMARY KEY (`id`),
  UNIQUE KEY `jb_accounts_email_unique` (`email`),
  UNIQUE KEY `jb_accounts_unique_id_unique` (`unique_id`)
) ENGINE=InnoDB AUTO_INCREMENT=101 DEFAULT CHARSET=utf8mb4 COLLATE=utf8mb4_unicode_ci;

--
-- Dumping data for table `jb_accounts`
--

INSERT INTO `jb_accounts` VALUES (1,NULL,'Mazie','Powlowski','Software Developer',NULL,'employer@archielite.com','$2y$12$56kHelG2HNgampct8H9ZhuUIBM/srSpvZY2.1I5uRS7PeH/RxTuTi',184,'1977-04-04','+15595595925','2024-05-14 04:55:28',NULL,'employer',NULL,NULL,'6832 Enos Valleys Suite 839\nHeathcoteland, UT 52850-9418','Oh, how I wish you would seem to come before that!\' \'Call the first question, you know.\' \'Not at all,\' said the youth, \'and your jaws are too weak For anything tougher than suet; Yet you balanced an.',1,0,3177,0,NULL,'2024-05-13 21:55:28','2024-05-13 21:55:28',1,1,NULL,NULL,NULL),(2,NULL,'Jade','Schumm','Creative Designer',NULL,'job_seeker@archielite.com','$2y$12$3WDZrYrSxBueAj8jfApsT.yJL2abwJczqnMapMdKEX.C6IOtJp/yG',186,'2020-10-06','+12395714359','2024-05-14 04:55:28',NULL,'job-seeker',NULL,'resume/01.pdf','58694 Rempel Valley Suite 846\nLake Jayden, AK 29112-4568','France-- Then turn not pale, beloved snail, but come and join the dance. \'\"What matters it how far we go?\" his scaly friend replied. \"There is another shore, you know, as we were. My notion was that.',1,0,228,0,NULL,'2024-05-13 21:55:28','2024-05-13 21:55:28',0,1,NULL,NULL,NULL),(3,NULL,'Sarah','Harding','Creative Designer',NULL,'sarah_harding@archielite.com','$2y$12$cgjY/t/6PmI6TRg31JfDbO22g54s5vGFY7mEpIMPdu56Mdf5GQsTW',184,'2008-02-26','+14842325494','2024-05-14 04:55:28',NULL,'employer',NULL,NULL,'25109 Keeley Fall Apt. 608\nPort Lesterton, IN 89977','He unfolded the paper as he came, \'Oh! the Duchess, who seemed to Alice with one of its right ear and left foot, so as to prevent its undoing itself,) she carried it out to sea as you can--\' \'Swim.',1,0,1135,0,NULL,'2024-05-13 21:55:28','2024-05-13 21:55:28',0,1,NULL,NULL,NULL),(4,NULL,'Steven','Jobs','Creative Designer',NULL,'steven_jobs@archielite.com','$2y$12$b8PUZ3VbFuUsVqrF23uY7.Pc5/H6oOpdyBPZTsPFVBbjvLzwZJXb6',185,'1980-09-16','+14809041555','2024-05-14 04:55:29',NULL,'employer',NULL,NULL,'316 Marquardt Isle\nMarcburgh, IA 40972-2142','So she went on. Her listeners were perfectly quiet till she had never seen such a thing. After a while she was trying to box her own children. \'How should I know?\' said Alice, rather alarmed at the.',1,0,3607,0,NULL,'2024-05-13 21:55:29','2024-05-13 21:55:29',0,1,NULL,NULL,NULL),(5,NULL,'William','Kent','Creative Designer',NULL,'william_kent@archielite.com','$2y$12$l.fjyL3gXbGXv8rxeui/DeZIrndq2gRK4jr2SJXnK89UFJu7POhh6',186,'2024-01-17','+13058727519','2024-05-14 04:55:29',NULL,'employer',NULL,NULL,'486 Maci Wells Suite 768\nLake Anastaciomouth, ND 59100-0865','Alice and all of them attempted to explain it is I hate cats and dogs.\' It was all very well without--Maybe it\'s always pepper that makes you forget to talk. I can\'t take LESS,\' said the Mouse.',1,0,322,1,NULL,'2024-05-13 21:55:29','2024-05-13 21:55:29',0,1,NULL,NULL,NULL),(6,NULL,'Malcolm','Schroeder','I!\' said the Cat.',NULL,'romaguera.willie@gmail.com','$2y$12$UzKRoShR9zL/6ZbPuJ1J.OXXD2zJxPxAyGi76onOJu1AJGZ1DIeUe',186,'2010-06-26','+12539268725','2024-05-14 04:55:29',NULL,'employer',NULL,NULL,'21951 Walker Summit Apt. 528\nKayburgh, ID 59590','Alice. \'Nothing,\' said Alice. \'I wonder how many hours a day is very confusing.\' \'It isn\'t,\' said the Hatter. \'You MUST remember,\' remarked the King, and the Mock Turtle said: \'advance twice, set to.',1,0,2904,1,NULL,'2024-05-13 21:55:29','2024-05-13 21:55:29',1,1,NULL,NULL,NULL),(7,NULL,'Shad','Leannon','King was the fan.',NULL,'dbahringer@auer.info','$2y$12$xnvfCfHDOIE6YyvqlP.TcerTYWEznhkAN7Qe3EQYzQ7olnFDH3JIO',186,'1998-09-08','+18785078801','2024-05-14 04:55:29',NULL,'employer',NULL,NULL,'88447 Della Gateway Apt. 704\nWest Collinfort, NV 57967-4136','Number One,\' said Alice. \'Well, then,\' the Gryphon replied very solemnly. Alice was not quite sure whether it would not join the dance. So they couldn\'t get them out of its mouth and began by.',1,0,3487,1,NULL,'2024-05-13 21:55:29','2024-05-13 21:55:29',1,1,NULL,NULL,NULL),(8,NULL,'Hassan','Kunze','He was an immense.',NULL,'white.madalyn@gmail.com','$2y$12$CyYVCR48eZ9AdA38OUvnVen/j.VnxXBvo0UupQig7hlTTqSb/oXsm',184,'2001-01-24','+17204553434','2024-05-14 04:55:30',NULL,'job-seeker',NULL,'resume/01.pdf','299 Kemmer Gateway Suite 916\nJacintheland, CO 19268','Queen. \'Sentence first--verdict afterwards.\' \'Stuff and nonsense!\' said Alice to herself, as she could remember them, all these strange Adventures of hers that you think you can find it.\' And she.',1,0,1790,0,NULL,'2024-05-13 21:55:30','2024-05-13 21:55:30',1,1,NULL,NULL,NULL),(9,NULL,'Torrance','Gottlieb','March Hare. \'Then.',NULL,'watsica.viviane@hotmail.com','$2y$12$x/DcIlqPAz5d7d31KpgZb.ykWrzVW8ltSctQHNKAxMQoPxJY5feKG',185,'1990-02-25','+12692061665','2024-05-14 04:55:30',NULL,'job-seeker',NULL,'resume/01.pdf','17855 Hand Stream\nLake Theodora, IN 16444','Long Tale They were just beginning to see you any more!\' And here poor Alice began telling them her adventures from the trees behind him. \'--or next day, maybe,\' the Footman continued in the middle.',1,0,2208,0,NULL,'2024-05-13 21:55:30','2024-05-13 21:55:30',0,1,NULL,NULL,NULL),(10,NULL,'Gay','Jerde','Dormouse: \'not in.',NULL,'michel42@langworth.com','$2y$12$mwKCSt4cXq2LG0Yd1p2rE.tHQNWOV2DEwg2MgeI.NlG1UOFZwPKaG',184,'1988-08-17','+17165459023','2024-05-14 04:55:30',NULL,'employer',NULL,NULL,'4523 Renner Inlet Apt. 231\nRobelview, MS 60128-6223','As soon as look at the Mouse\'s tail; \'but why do you know what they\'re about!\' \'Read them,\' said the King, the Queen, but she stopped hastily, for the first witness,\' said the Cat. \'I don\'t know.',1,0,2867,1,NULL,'2024-05-13 21:55:30','2024-05-13 21:55:30',1,1,NULL,NULL,NULL),(11,NULL,'Anibal','Bartoletti','Alice noticed with.',NULL,'lraynor@hotmail.com','$2y$12$c/FL8ZNEA5jmFC6MGlQ0Xek4yNxdk1V9FJSngifScfjwmTusUlbGC',186,'1981-09-30','+17319928765','2024-05-14 04:55:30',NULL,'job-seeker',NULL,'resume/01.pdf','84310 Mitchell Orchard Suite 795\nPagacmouth, VA 79119-5054','Duchess. \'I make you dry enough!\' They all returned from him to be seen--everything seemed to be done, I wonder?\' Alice guessed in a hurry. \'No, I\'ll look first,\' she said, \'than waste it in time,\'.',1,0,2561,0,NULL,'2024-05-13 21:55:30','2024-05-13 21:55:30',0,1,NULL,NULL,NULL),(12,NULL,'Alta','Ortiz','THIS!\' (Sounds of.',NULL,'stehr.fernando@mante.org','$2y$12$sWpbs3hAmdWSGSXFqXVLJOB.pYZ7JN3YzZPdb1y86w0qkIbNMFsR2',186,'1972-03-18','+13195478338','2024-05-14 04:55:31',NULL,'job-seeker',NULL,'resume/01.pdf','656 Zackery Hill Suite 186\nKossfurt, MS 24124','Dodo had paused as if she were looking up into the sky. Twinkle, twinkle--\"\' Here the Queen to-day?\' \'I should like to be sure! However, everything is to-day! And yesterday things went on growing.',1,0,4523,0,NULL,'2024-05-13 21:55:31','2024-05-13 21:55:31',0,1,NULL,NULL,NULL),(13,NULL,'Everette','Windler','At this moment the.',NULL,'chester41@gulgowski.com','$2y$12$lT0vPdDETZ/ubLZ.hNZXourNN4t0yB6k/PBejv.zdyDacNS3UCWOq',185,'1983-07-24','+15204653313','2024-05-14 04:55:31',NULL,'job-seeker',NULL,'resume/01.pdf','478 Mabel Avenue Suite 974\nCummingshaven, CA 96583-2297','I\'ve tried banks, and I\'ve tried to curtsey as she couldn\'t answer either question, it didn\'t sound at all like the look of the busy farm-yard--while the lowing of the hall; but, alas! either the.',1,0,3461,1,NULL,'2024-05-13 21:55:31','2024-05-13 21:55:31',0,1,NULL,NULL,NULL),(14,NULL,'Stephan','Hand','Alice to herself.',NULL,'alejandrin.wisozk@yahoo.com','$2y$12$eQkG0q9OluSHwgzwpFN9qeVLgnIQf/FnpW/9o68zE7DYNxVZ2048q',185,'1997-02-18','+14246348819','2024-05-14 04:55:31',NULL,'employer',NULL,NULL,'268 Phyllis Cliff\nFramiberg, DE 19119','The Hatter was the first to speak. \'What size do you know the meaning of it altogether; but after a few minutes to see what was going to do it?\' \'In my youth,\' said the White Rabbit; \'in fact.',1,0,2344,1,NULL,'2024-05-13 21:55:31','2024-05-13 21:55:31',1,1,NULL,NULL,NULL),(15,NULL,'Soledad','McClure','Alice thought the.',NULL,'hamill.alba@yahoo.com','$2y$12$CpBSNkEHjQ3zfbb.S1xWBOL4pvth6WgDIfH3VYduB2K4JZrK4CD8W',185,'1987-08-20','+17016956250','2024-05-14 04:55:31',NULL,'employer',NULL,NULL,'891 Kilback Parks Apt. 435\nSanfordstad, CA 40325','Alice; but she did not feel encouraged to ask them what the name of nearly everything there. \'That\'s the first witness,\' said the Dormouse, who seemed ready to sink into the sky. Alice went on.',1,0,4532,1,NULL,'2024-05-13 21:55:31','2024-05-13 21:55:31',1,1,NULL,NULL,NULL),(16,NULL,'Beulah','Hodkiewicz','And mentioned me.',NULL,'brendon37@champlin.com','$2y$12$j1pj/Ps7vaLh4ej3j92QieIEAqykXYPKb5/Mj7.7pTI0C2kvBoWmC',186,'2012-06-29','+13613196651','2024-05-14 04:55:32',NULL,'job-seeker',NULL,'resume/01.pdf','3893 Joany Forks Suite 650\nIsaiasmouth, TN 60453','Alice could not help bursting out laughing: and when she looked up, but it is.\' \'Then you may nurse it a very curious to see the Hatter said, turning to the jury. They were just beginning to get.',1,0,1999,1,NULL,'2024-05-13 21:55:32','2024-05-13 21:55:32',0,1,NULL,NULL,NULL),(17,NULL,'Adriel','Hamill','SAID was, \'Why is.',NULL,'vjenkins@gusikowski.com','$2y$12$LV1EBfN2SplZKSg49hsZU.fAtu9WuHmntLDPCNPhTAc5A7TbORs2e',186,'2022-10-13','+18319617643','2024-05-14 04:55:32',NULL,'job-seeker',NULL,'resume/01.pdf','73215 Rosalind Centers\nNew Orinmouth, UT 40601-6868','Alice think it would be like, but it is.\' \'I quite agree with you,\' said the King. Here one of them can explain it,\' said Five, \'and I\'ll tell you what year it is?\' \'Of course it is,\' said the.',1,0,2212,0,NULL,'2024-05-13 21:55:32','2024-05-13 21:55:32',0,1,NULL,NULL,NULL),(18,NULL,'Laurence','Shields','March Hare moved.',NULL,'lillie.lind@boehm.org','$2y$12$1lyi0uDSePKTxEhIs/RAdOIQm7TAu98bfOnBReDH4X9IPnnZMb.C2',184,'2015-05-11','+15316520687','2024-05-14 04:55:32',NULL,'employer',NULL,NULL,'1777 Olson Villages\nDooleymouth, NJ 93098','Alice said to one of them say, \'Look out now, Five! Don\'t go splashing paint over me like that!\' \'I couldn\'t help it,\' said Alice. \'I\'ve tried every way, and nothing seems to like her, down here.',1,0,4239,0,NULL,'2024-05-13 21:55:32','2024-05-13 21:55:32',1,1,NULL,NULL,NULL),(19,NULL,'Sid','Lockman','Alice doubtfully.',NULL,'tressie.streich@hotmail.com','$2y$12$8q38qh7szUmt./uM97DGLeJ7mlHX3cGh7ci7qH/iOiUQeGMPcdeXq',186,'1976-10-17','+13235602138','2024-05-14 04:55:32',NULL,'employer',NULL,NULL,'588 Dickens Spring Apt. 162\nEdwinchester, HI 78020','Hardly knowing what she did, she picked up a little before she had asked it aloud; and in another moment down went Alice after it, never once considering how in the way wherever she wanted much to.',1,0,2856,1,NULL,'2024-05-13 21:55:32','2024-05-13 21:55:32',0,1,NULL,NULL,NULL),(20,NULL,'Winifred','Shields','You grant that?\'.',NULL,'graham.glenda@hotmail.com','$2y$12$yYPd8bwWH./QmO.BxqK5IO/I.u.1n5DbTuKY253h8Y0iJ8oXGoLli',184,'1997-02-28','+17757144741','2024-05-14 04:55:33',NULL,'employer',NULL,NULL,'321 Beaulah Locks\nNew Emmittstad, MD 93574-2600','Puss,\' she began, rather timidly, saying to her great delight it fitted! Alice opened the door between us. For instance, suppose it doesn\'t mind.\' The table was a large canvas bag, which tied up at.',1,0,2284,1,NULL,'2024-05-13 21:55:33','2024-05-13 21:55:33',0,1,NULL,NULL,NULL),(21,NULL,'Sister','Kirlin','And concluded the.',NULL,'ncummerata@skiles.com','$2y$12$aF7WVugmTfd9XlFAj5Sal.XGuubgnGI37rozIvCUneZsdkpcZegUa',186,'1970-09-10','+17478752447','2024-05-14 04:55:33',NULL,'job-seeker',NULL,'resume/01.pdf','3575 Donnelly Village\nWest Wilford, AR 52786','Alice began, in a sorrowful tone, \'I\'m afraid I can\'t tell you what year it is?\' \'Of course you don\'t!\' the Hatter replied. \'Of course not,\' Alice cautiously replied: \'but I know is, something comes.',1,0,2725,1,NULL,'2024-05-13 21:55:33','2024-05-13 21:55:33',0,1,NULL,NULL,NULL),(22,NULL,'Colin','Hagenes','Alice herself, and.',NULL,'zkuhlman@yahoo.com','$2y$12$l.zSdu4Y8jF8qOQe9ddy7uZuyVhsvcfbyii4m0ijq9nFdlcwB.w0q',186,'1994-05-01','+16806876519','2024-05-14 04:55:33',NULL,'employer',NULL,NULL,'7244 Lueilwitz Underpass Suite 434\nPfefferfurt, CT 14467-5103','The rabbit-hole went straight on like a candle. I wonder what Latitude or Longitude I\'ve got to the little magic bottle had now had its full effect, and she thought it would be very likely it can.',1,0,239,0,NULL,'2024-05-13 21:55:33','2024-05-13 21:55:33',0,1,NULL,NULL,NULL),(23,NULL,'Chance','Goodwin','Rabbit just under.',NULL,'malika.pouros@metz.com','$2y$12$2X7b4KjDluDapKldAwc6T.ArhSmX2ugjRyEClEFQnGEafScsRvTfi',185,'1979-03-11','+19518895933','2024-05-14 04:55:33',NULL,'employer',NULL,NULL,'844 Savanna Square Apt. 741\nSouth Marlee, FL 41223','Oh, my dear Dinah! I wonder if I must, I must,\' the King exclaimed, turning to Alice to herself. \'Of the mushroom,\' said the Duchess. \'I make you grow shorter.\' \'One side will make you dry enough!\'.',1,0,3796,0,NULL,'2024-05-13 21:55:33','2024-05-13 21:55:33',0,1,NULL,NULL,NULL),(24,NULL,'Meda','Toy','Mock Turtle yet?\'.',NULL,'eleazar13@senger.com','$2y$12$TP3LhU3A89/HxtrgNtfF7.5yxCoKf2OxfHjSaOjPZiJk.PuXt5TNe',186,'2013-05-01','+18285599527','2024-05-14 04:55:34',NULL,'employer',NULL,NULL,'388 Grant Viaduct\nStewartton, WY 18618-4620','Forty-two. ALL PERSONS MORE THAN A MILE HIGH TO LEAVE THE COURT.\' Everybody looked at Two. Two began in a very interesting dance to watch,\' said Alice, in a sorrowful tone; \'at least there\'s no room.',1,0,2224,0,NULL,'2024-05-13 21:55:34','2024-05-13 21:55:34',0,1,NULL,NULL,NULL),(25,NULL,'Ada','Mraz','Alice. \'I\'m glad.',NULL,'bernier.belle@stamm.com','$2y$12$MBnGXg.r/IjcwAEj4cm43OMh6n6Y9CSbNCicjeCiGJDajqcGb8Ply',185,'1974-08-02','+16036932777','2024-05-14 04:55:34',NULL,'job-seeker',NULL,'resume/01.pdf','73791 Shaina Square Suite 057\nSchmittburgh, FL 30404','Improve his shining tail, And pour the waters of the other side, the puppy jumped into the air. \'--as far out to be managed? I suppose you\'ll be telling me next that you think you can find them.\' As.',1,0,3381,0,NULL,'2024-05-13 21:55:34','2024-05-13 21:55:34',0,1,NULL,NULL,NULL),(26,NULL,'Alberto','Howe','An obstacle that.',NULL,'michaela.boyle@yahoo.com','$2y$12$Skn1vbxXBdd8jCxj511Hh.XhFimO/udwVjXMZqWC.fbKph9nYEs2q',186,'1999-07-06','+17817252445','2024-05-14 04:55:34',NULL,'employer',NULL,NULL,'37166 Swaniawski Route Suite 011\nWest Rosarioside, WA 19227-4233','Duchess to play croquet.\' Then they both sat silent for a dunce? Go on!\' \'I\'m a poor man, your Majesty,\' said the Duchess: \'what a clear way you have of putting things!\' \'It\'s a mineral, I THINK,\'.',1,0,4192,1,NULL,'2024-05-13 21:55:34','2024-05-13 21:55:34',1,1,NULL,NULL,NULL),(27,NULL,'Maiya','Hodkiewicz','I\'m talking!\' Just.',NULL,'laney51@feest.com','$2y$12$E4wzXTRZTtDp16bvuPGvP.YyaC9Ex7NWlZKS8Gts6UAiQ9VZwlu7C',186,'1977-02-03','+16095365038','2024-05-14 04:55:34',NULL,'job-seeker',NULL,'resume/01.pdf','15638 Nickolas Plains Suite 649\nPort Lessieberg, MT 89571-6175','The Cat seemed to be Involved in this way! Stop this moment, and fetch me a pair of the well, and noticed that one of the well, and noticed that one of the players to be a person of authority among.',1,0,776,0,NULL,'2024-05-13 21:55:34','2024-05-13 21:55:34',0,1,NULL,NULL,NULL),(28,NULL,'Roel','Terry','VERY wide, but she.',NULL,'akeem53@pfeffer.com','$2y$12$vwreCsVznDcU.ZspB1oMDOPjvENX6XyxIJQtihT9D.e1Kpgr24p3W',186,'1976-03-12','+14806730858','2024-05-14 04:55:35',NULL,'employer',NULL,NULL,'659 Bette Bridge\nKlingland, TX 12850-5746','First, she dreamed of little animals and birds waiting outside. The poor little thing was waving its tail about in the face. \'I\'ll put a stop to this,\' she said to the end of half an hour or so.',1,0,1116,1,NULL,'2024-05-13 21:55:35','2024-05-13 21:55:35',1,1,NULL,NULL,NULL),(29,NULL,'Lola','Abbott','Queen, stamping on.',NULL,'eldora.rohan@harvey.com','$2y$12$7CYqcZk5WMUpdh5aaQ/PLOtrQAvl1j0X67rNEUKwaSgA8ein.xdGC',184,'2000-08-25','+17329869136','2024-05-14 04:55:35',NULL,'job-seeker',NULL,'resume/01.pdf','82617 Marjorie Dale\nBlockburgh, RI 95399','I\'ve kept her waiting!\' Alice felt that this could not help thinking there MUST be more to be patted on the OUTSIDE.\' He unfolded the paper as he fumbled over the verses the White Rabbit.',1,0,663,0,NULL,'2024-05-13 21:55:35','2024-05-13 21:55:35',1,1,NULL,NULL,NULL),(30,NULL,'Meghan','DuBuque','I\'ve been changed.',NULL,'damien.farrell@boyle.info','$2y$12$mcMLTubsycWh8LKSBjuUdepzmRKlFB8QVj32eNZqpc4N5n4xMA4G6',184,'1976-08-21','+16516919642','2024-05-14 04:55:35',NULL,'job-seeker',NULL,'resume/01.pdf','5115 Evangeline Ports Apt. 047\nJacobsport, TN 07411-5099','Hatter. He came in sight of the table. \'Nothing can be clearer than THAT. Then again--\"BEFORE SHE HAD THIS FIT--\" you never tasted an egg!\' \'I HAVE tasted eggs, certainly,\' said Alice to herself.',1,0,1609,0,NULL,'2024-05-13 21:55:35','2024-05-13 21:55:35',0,1,NULL,NULL,NULL),(31,NULL,'Emma','Olson','Pigeon in a deep.',NULL,'sonia54@gmail.com','$2y$12$uf.YIuROf9kWFjYrtzePmudJ0.w6IKd0oT4VqjqM2dGOXlihKorm.',186,'1970-11-18','+18476763834','2024-05-14 04:55:35',NULL,'employer',NULL,NULL,'449 Juliet Orchard Apt. 280\nWest Tyrel, AR 32712','I BEG your pardon!\' cried Alice hastily, afraid that it seemed quite dull and stupid for life to go on. \'And so these three weeks!\' \'I\'m very sorry you\'ve been annoyed,\' said Alice, rather alarmed.',1,0,3363,1,NULL,'2024-05-13 21:55:35','2024-05-13 21:55:35',0,1,NULL,NULL,NULL),(32,NULL,'Mariela','Kilback','So they sat down.',NULL,'considine.shawna@gmail.com','$2y$12$01Ldn4evo25LezCm0DisP.YJZP/7t4wTwdLDsmdtlJQwtdzk6GQt2',185,'1970-06-27','+13025954941','2024-05-14 04:55:36',NULL,'employer',NULL,NULL,'367 Antonette Canyon\nEast Mozellfort, ND 86434','There was a little girl she\'ll think me at all.\' \'In that case,\' said the Duchess. \'I make you grow shorter.\' \'One side of the officers of the sort. Next came an angry tone, \'Why, Mary Ann, what ARE.',1,0,1321,0,NULL,'2024-05-13 21:55:36','2024-05-13 21:55:36',1,1,NULL,NULL,NULL),(33,NULL,'Jonathan','Reichel','Alice, \'we learned.',NULL,'vstehr@hotmail.com','$2y$12$oio54utE/YQjWGCLqKwXkOgtKqLVXGTMXipwpFbjR81jRPZrL32G.',184,'1985-05-30','+14809106404','2024-05-14 04:55:36',NULL,'employer',NULL,NULL,'13499 Alvera Brook Suite 034\nNew Queenie, NV 11098-7168','The Cat\'s head with great curiosity, and this Alice thought to herself, rather sharply; \'I advise you to set them free, Exactly as we were. My notion was that it made Alice quite jumped; but she had.',1,0,669,1,NULL,'2024-05-13 21:55:36','2024-05-13 21:55:36',1,1,NULL,NULL,NULL),(34,NULL,'Maxine','Shanahan','Alice\'s shoulder.',NULL,'erich.nitzsche@hotmail.com','$2y$12$oHMvwKEFCgefELBlZCp3o.P2PAdZ/ijO4H6kvkmU4TWEyr/./M/RO',184,'2020-09-06','+14134615938','2024-05-14 04:55:36',NULL,'job-seeker',NULL,'resume/01.pdf','346 Bogan Divide\nEast Gerhardhaven, ND 17231','Duchess. An invitation for the baby, the shriek of the deepest contempt. \'I\'ve seen a good deal worse off than before, as the March Hare and the whole place around her became alive with the Lory, as.',1,0,3088,1,NULL,'2024-05-13 21:55:36','2024-05-13 21:55:36',0,1,NULL,NULL,NULL),(35,NULL,'Liza','Jones','By the time they.',NULL,'wbogan@yahoo.com','$2y$12$h/ZjTu8JVOn0AdlH7xa9hO/mg0GPAsgFs96bA13nMZDJNv3ko3ZaC',184,'2011-07-09','+19718188014','2024-05-14 04:55:36',NULL,'employer',NULL,NULL,'5972 McKenzie Falls Apt. 922\nBeattyfort, OH 29629','HE was.\' \'I never could abide figures!\' And with that she was nine feet high. \'I wish I could let you out, you know.\' \'Who is this?\' She said the Caterpillar. \'Is that all?\' said Alice, and sighing.',1,0,845,1,NULL,'2024-05-13 21:55:36','2024-05-13 21:55:36',0,1,NULL,NULL,NULL),(36,NULL,'Vinnie','Mitchell','King added in an.',NULL,'gdickinson@hotmail.com','$2y$12$qJtWYhgAMKxoSuEGFXIw9O/f/4pFheyKtIAbedqHA22oMtEsbpCnu',185,'1979-02-12','+12406654568','2024-05-14 04:55:37',NULL,'job-seeker',NULL,'resume/01.pdf','468 Cornelius Lane Suite 650\nNorth Delaneyberg, NJ 80157-3294','Alice. \'I don\'t believe there\'s an atom of meaning in it,\' said the last concert!\' on which the wretched Hatter trembled so, that Alice had begun to repeat it, when a sharp hiss made her feel very.',1,0,2853,1,NULL,'2024-05-13 21:55:37','2024-05-13 21:55:37',0,1,NULL,NULL,NULL),(37,NULL,'Afton','Douglas','Alice. \'Stand up.',NULL,'cicero.klocko@hotmail.com','$2y$12$WtaKsVsZ7ZzcTKy1./rMPu84RZAnhnvSXmoTVMSySF5v/3syHTna2',186,'2002-07-26','+19796794051','2024-05-14 04:55:37',NULL,'job-seeker',NULL,'resume/01.pdf','9799 Magdalena Villages\nSouth Bonita, TX 83643','Rabbit coming to look about her pet: \'Dinah\'s our cat. And she\'s such a thing. After a minute or two, they began moving about again, and looking anxiously about as curious as it spoke (it was.',1,0,2698,1,NULL,'2024-05-13 21:55:37','2024-05-13 21:55:37',0,1,NULL,NULL,NULL),(38,NULL,'Beau','Wisozk','I almost wish I\'d.',NULL,'milan.larkin@beer.com','$2y$12$jeQ.v1096WJwegTRbnL.reXiTHanv7U/64XFcKP.NwUDmGmyaKAC6',184,'2005-10-16','+12394778773','2024-05-14 04:55:37',NULL,'employer',NULL,NULL,'57691 Farrell Light Apt. 857\nLake Saul, KS 47260','If she should push the matter with it. There was not going to begin with; and being ordered about by mice and rabbits. I almost think I may as well as she could, for the accident of the month is.',1,0,2162,1,NULL,'2024-05-13 21:55:37','2024-05-13 21:55:37',0,1,NULL,NULL,NULL),(39,NULL,'Jackson','Brown','Tortoise--\' \'Why.',NULL,'rohan.shania@bergnaum.info','$2y$12$x4u.Wf6Bf18mST2.dQ87y.TFwTID3ZGQRmRX7gIk1/IZu0AFcHWG.',184,'1996-04-12','+14146864922','2024-05-14 04:55:37',NULL,'job-seeker',NULL,'resume/01.pdf','570 Blake Roads\nGloverborough, WA 33499-3065','Dormouse again, so violently, that she had tired herself out with trying, the poor little juror (it was exactly the right thing to eat or drink something or other; but the wise little Alice herself.',1,0,4250,0,NULL,'2024-05-13 21:55:37','2024-05-13 21:55:37',1,1,NULL,NULL,NULL),(40,NULL,'Spencer','Hahn','Good-bye, feet!\'.',NULL,'wjast@legros.net','$2y$12$2qGYHC8T/1GoI9ob/dUsueLL3sI5xLKC5wBKoYFuaYyW4knWVAaOy',184,'1976-06-07','+13047487377','2024-05-14 04:55:38',NULL,'employer',NULL,NULL,'84405 Rylee Plains Suite 652\nWest Ebonyside, NE 44568','Mock Turtle, who looked at the door-- Pray, what is the same as the rest of the fact. \'I keep them to sell,\' the Hatter hurriedly left the court, she said to herself, \'to be going messages for a.',1,0,2212,0,NULL,'2024-05-13 21:55:38','2024-05-13 21:55:38',0,1,NULL,NULL,NULL),(41,NULL,'Joanie','Mayer','Lizard, who seemed.',NULL,'ebeier@hotmail.com','$2y$12$07IPqD5Gwn2sviuPngZLQOSN4xhIeAqaZHx3REaMUEt1vfsbumS2W',185,'2013-01-12','+14243576821','2024-05-14 04:55:38',NULL,'job-seeker',NULL,'resume/01.pdf','692 Ruecker Field Apt. 668\nPort Elody, GA 47128','THAT direction,\' the Cat again, sitting on the floor, and a large canvas bag, which tied up at the picture.) \'Up, lazy thing!\' said Alice, who was beginning to get rather sleepy, and went to school.',1,0,490,0,NULL,'2024-05-13 21:55:38','2024-05-13 21:55:38',1,1,NULL,NULL,NULL),(42,NULL,'Kiera','Medhurst','Alice turned and.',NULL,'schamberger.ismael@tremblay.biz','$2y$12$UnCLnfx3DnR.QRyHgYRQ7OI/llSOkxFrzCUbje23e6IP5P3.PSif2',185,'1992-04-20','+14257251563','2024-05-14 04:55:38',NULL,'job-seeker',NULL,'resume/01.pdf','28560 Gwen Manor Suite 818\nNew Ivaview, NM 36090-7062','Gryphon. \'I mean, what makes them bitter--and--and barley-sugar and such things that make children sweet-tempered. I only wish they COULD! I\'m sure I can\'t show it you myself,\' the Mock Turtle.',1,0,4364,0,NULL,'2024-05-13 21:55:38','2024-05-13 21:55:38',1,1,NULL,NULL,NULL),(43,NULL,'Helen','Mills','Gryphon as if he.',NULL,'heaney.mellie@yahoo.com','$2y$12$9g9kFzkdxYkicQZGAIoBeuCzmSdJgB2KjJRll6UOgF/nVNpJ76qWW',186,'1995-12-23','+14588358403','2024-05-14 04:55:38',NULL,'employer',NULL,NULL,'373 Brennan Center\nEast Asiamouth, NH 29068','Nobody moved. \'Who cares for you?\' said Alice, in a low voice, \'Your Majesty must cross-examine the next witness!\' said the young lady tells us a story.\' \'I\'m afraid I don\'t keep the same year for.',1,0,823,1,NULL,'2024-05-13 21:55:38','2024-05-13 21:55:38',0,1,NULL,NULL,NULL),(44,NULL,'Lillian','Miller','And she thought it.',NULL,'euna07@koelpin.com','$2y$12$2rgSs.tLgcvB9VkT2TZCBurUt2BJTY/B.eLSVdu4lxtvf0mRVEiOS',184,'1998-01-04','+14634387052','2024-05-14 04:55:39',NULL,'employer',NULL,NULL,'28792 Gorczany Highway\nPort Stefan, KY 65451','Alice thought she had not gone (We know it to speak good English); \'now I\'m opening out like the Mock Turtle in a solemn tone, only changing the order of the house, and have next to her. The Cat.',1,0,886,1,NULL,'2024-05-13 21:55:39','2024-05-13 21:55:39',1,1,NULL,NULL,NULL),(45,NULL,'Daryl','Becker','M--\' \'Why with an.',NULL,'jernser@gottlieb.com','$2y$12$D7srUnk5CfL35YNr3ZucKusaBwILu0kHzgdei5HZcjbBAcwHAEe7.',185,'1992-06-27','+15086560541','2024-05-14 04:55:39',NULL,'job-seeker',NULL,'resume/01.pdf','6686 Cleta Gardens Suite 927\nEast Dustin, ND 69891-0470','I\'ll set Dinah at you!\' There was nothing on it but tea. \'I don\'t see,\' said the King. Here one of the Lobster Quadrille, that she looked at each other for some time without interrupting it. \'They.',1,0,3911,1,NULL,'2024-05-13 21:55:39','2024-05-13 21:55:39',1,1,NULL,NULL,NULL),(46,NULL,'Wilford','Nicolas','Caterpillar; and.',NULL,'jerad.dare@boehm.com','$2y$12$y2BMYWzRA/795gMk6.UJnOYf2lPlVhz9v9QLGSCrY55Z309un4QOu',184,'2004-10-22','+15085970142','2024-05-14 04:55:39',NULL,'job-seeker',NULL,'resume/01.pdf','67600 Susana Ford Apt. 849\nSouth Ednaton, TN 79667-2795','They had not gone far before they saw her, they hurried back to the garden door. Poor Alice! It was so long since she had hoped) a fan and the bright eager eyes were nearly out of sight: \'but it.',1,0,2213,0,NULL,'2024-05-13 21:55:39','2024-05-13 21:55:39',1,1,NULL,NULL,NULL),(47,NULL,'Elvis','Schimmel','Bill\'s got to come.',NULL,'marguerite.kertzmann@abernathy.net','$2y$12$Fi40ec1eOtELvD2ibhbWL.W1m0YlziOHQAlAzQNyFoMnGT2dZnjMC',184,'1978-08-04','+15203914435','2024-05-14 04:55:39',NULL,'employer',NULL,NULL,'8276 Bergstrom Port Apt. 183\nSouth Carolyn, NH 49631','I ask! It\'s always six o\'clock now.\' A bright idea came into her eyes--and still as she spoke. \'I must be a lesson to you never tasted an egg!\' \'I HAVE tasted eggs, certainly,\' said Alice very.',1,0,1366,0,NULL,'2024-05-13 21:55:39','2024-05-13 21:55:39',1,1,NULL,NULL,NULL),(48,NULL,'Kiel','Ullrich','YOU manage?\' Alice.',NULL,'pagac.dangelo@roberts.com','$2y$12$VgrZblKp9YqFs8Im0PvVk.y.SA7YOE1SDyODeIFsI7nd7Nz40zQxm',185,'2004-05-24','+12238666441','2024-05-14 04:55:40',NULL,'employer',NULL,NULL,'4691 Quitzon Course\nLake Haroldview, IL 63420','She felt that she wanted to send the hedgehog a blow with its eyelids, so he with his knuckles. It was the BEST butter,\' the March Hare will be When they take us up and rubbed its eyes: then it.',1,0,4248,1,NULL,'2024-05-13 21:55:40','2024-05-13 21:55:40',1,1,NULL,NULL,NULL),(49,NULL,'Gabriella','Stokes','England the nearer.',NULL,'wunsch.evert@hotmail.com','$2y$12$3evORQ2eKQsh4kyAfWkQ.uYGC4FraoKhO9rrO0xgPOVQhRbfT9xEm',184,'1997-01-14','+17437417488','2024-05-14 04:55:40',NULL,'employer',NULL,NULL,'882 Gwen Place Apt. 226\nEast Dana, MT 50860-7881','The Rabbit started violently, dropped the white kid gloves and a Long Tale They were just beginning to see what was the first question, you know.\' He was looking about for some while in silence.',1,0,916,1,NULL,'2024-05-13 21:55:40','2024-05-13 21:55:40',1,1,NULL,NULL,NULL),(50,NULL,'Kelsi','Shields','Alice; \'all I know.',NULL,'heather70@yahoo.com','$2y$12$ka8mxNTDL8Z0B6SOjht5aOQU25V0YiGEPEYMaxgOkaJ8mvuwwqZcW',186,'2014-05-30','+14805353069','2024-05-14 04:55:40',NULL,'employer',NULL,NULL,'884 Toy Dale Suite 561\nSpinkabury, DC 14598','Go on!\' \'I\'m a poor man,\' the Hatter grumbled: \'you shouldn\'t have put it into his plate. Alice did not much larger than a pig, and she set off at once took up the conversation dropped, and the.',1,0,565,0,NULL,'2024-05-13 21:55:40','2024-05-13 21:55:40',0,1,NULL,NULL,NULL),(51,NULL,'Tamia','Gutkowski','I shan\'t! YOU do.',NULL,'britney.bosco@hotmail.com','$2y$12$njqxtxm6Vzo2XFnNBzGfGOcHOh/z4sqLbQCruJq4aed9kcuKt/B3y',184,'2010-10-01','+15187763729','2024-05-14 04:55:40',NULL,'job-seeker',NULL,'resume/01.pdf','306 Schaden Walk\nNadertown, NY 92155-6220','The cook threw a frying-pan after her as hard as it didn\'t much matter which way I ought to be otherwise.\"\' \'I think you could manage it?) \'And what an ignorant little girl or a worm. The question.',1,0,913,1,NULL,'2024-05-13 21:55:40','2024-05-13 21:55:40',1,1,NULL,NULL,NULL),(52,NULL,'Crawford','Predovic','And she went down.',NULL,'noemi.renner@batz.com','$2y$12$KppP5uVxAk1VC462oqxpk.oAQuz6Fl2FQ1yNl0M1JiwAYA35xT8fm',186,'1986-04-30','+15864154497','2024-05-14 04:55:41',NULL,'job-seeker',NULL,'resume/01.pdf','2893 Norris Springs\nGibsonhaven, NJ 73517-0237','I\'m sure I have dropped them, I wonder?\' Alice guessed in a wondering tone. \'Why, what are YOUR shoes done with?\' said the Mock Turtle sighed deeply, and drew the back of one flapper across his.',1,0,270,1,NULL,'2024-05-13 21:55:41','2024-05-13 21:55:41',1,1,NULL,NULL,NULL),(53,NULL,'Zella','Labadie','Gryphon, and the.',NULL,'xwalsh@gmail.com','$2y$12$fuvxpsy8LPcjkjGsXWYGL.IUtYIUWQpBNEJLxoTs0/0DNGl9dTaVi',185,'2010-06-02','+15648622885','2024-05-14 04:55:41',NULL,'job-seeker',NULL,'resume/01.pdf','7066 Anastasia Springs\nEast Dannie, WY 94627-6048','There was a very poor speaker,\' said the Caterpillar. \'Is that the reason and all her coaxing. Hardly knowing what she was nine feet high, and she told her sister, who was passing at the end of the.',1,0,1613,0,NULL,'2024-05-13 21:55:41','2024-05-13 21:55:41',1,1,NULL,NULL,NULL),(54,NULL,'Katheryn','Ebert','Do cats eat bats.',NULL,'shirley.bogan@gmail.com','$2y$12$FmV3uhI4sDHHcVBm/xBRIO22nu/GMICACTaQjBAlqCAFQLiSY8MQ2',186,'1974-11-08','+14422659778','2024-05-14 04:55:41',NULL,'employer',NULL,NULL,'651 Jon Plains Suite 809\nNorth Derrick, IN 82561','Alice was only too glad to find that she began thinking over other children she knew that it felt quite relieved to see what this bottle does. I do hope it\'ll make me smaller, I can listen all day.',1,0,2305,1,NULL,'2024-05-13 21:55:41','2024-05-13 21:55:41',0,1,NULL,NULL,NULL),(55,NULL,'Marvin','Reichert','And she\'s such a.',NULL,'schuster.mose@hotmail.com','$2y$12$9jH2xFd5ya2X6O/1qRPLbemjRYPfSSzbbkB.Go8aA.UgboG6IlA5W',184,'2024-02-27','+12699182440','2024-05-14 04:55:41',NULL,'job-seeker',NULL,'resume/01.pdf','1166 Rolfson Harbors Suite 630\nDorisshire, CA 80513-2458','And argued each case with my wife; And the Gryphon answered, very nearly getting up and walking away. \'You insult me by talking such nonsense!\' \'I didn\'t know how to set them free, Exactly as we.',1,0,2570,1,NULL,'2024-05-13 21:55:41','2024-05-13 21:55:41',1,1,NULL,NULL,NULL),(56,NULL,'Bobbie','Raynor','Gryphon. \'We can.',NULL,'stamm.ron@dickens.com','$2y$12$QpyWizcSBP/wSsOcgNaE/eldzNTpTiR6iKCFU3g7FuDEjpFmOLqK6',184,'2019-10-18','+13517076829','2024-05-14 04:55:42',NULL,'job-seeker',NULL,'resume/01.pdf','8725 Yvette Springs Suite 676\nEast Gene, TX 44323-9949','Lizard as she could not taste theirs, and the other side. The further off from England the nearer is to do so. \'Shall we try another figure of the mushroom, and raised herself to about two feet.',1,0,716,1,NULL,'2024-05-13 21:55:42','2024-05-13 21:55:42',1,1,NULL,NULL,NULL),(57,NULL,'Karson','Dickens','I wonder what CAN.',NULL,'kreiger.corbin@erdman.org','$2y$12$ipmr5U4BdGk15Eui2CLDz.sM5iKpO5tIsNK08jHikwC6XdLWtahbW',184,'1970-06-18','+19404274356','2024-05-14 04:55:42',NULL,'job-seeker',NULL,'resume/01.pdf','37528 Kacey Course\nWest Arnaldoburgh, VT 39791-3694','White Rabbit; \'in fact, there\'s nothing written on the bank, and of having the sentence first!\' \'Hold your tongue, Ma!\' said the Duchess, \'as pigs have to turn into a cucumber-frame, or something of.',1,0,862,1,NULL,'2024-05-13 21:55:42','2024-05-13 21:55:42',0,1,NULL,NULL,NULL),(58,NULL,'Annamae','Lindgren','Duchess: \'what a.',NULL,'dschumm@hotmail.com','$2y$12$Mkkk5tkg77c7gkjfVKaQ0uv8dNeK5RDnWqX2xVD4GgBpIY/e9.Zfy',186,'2009-05-06','+18185765119','2024-05-14 04:55:42',NULL,'job-seeker',NULL,'resume/01.pdf','60817 Velva Fall\nLowemouth, NV 91119','Queen was silent. The Dormouse slowly opened his eyes. \'I wasn\'t asleep,\' he said to herself; \'the March Hare had just succeeded in bringing herself down to look over their shoulders, that all the.',1,0,4798,0,NULL,'2024-05-13 21:55:42','2024-05-13 21:55:42',1,1,NULL,NULL,NULL),(59,NULL,'Toney','Boehm','Duchess; \'and most.',NULL,'hubert.upton@konopelski.com','$2y$12$xFDW6VZy7IiBa7RK8AtED.K37nceZx68O7gRPOujR319rgt/TVJLC',184,'1972-09-19','+19493384853','2024-05-14 04:55:42',NULL,'job-seeker',NULL,'resume/01.pdf','5749 Roslyn Ville\nEast Natalia, ND 43024-7888','YOU?\' said the Mouse. \'--I proceed. \"Edwin and Morcar, the earls of Mercia and Northumbria--\"\' \'Ugh!\' said the Gryphon went on just as if it had lost something; and she heard a little house in it a.',1,0,632,1,NULL,'2024-05-13 21:55:42','2024-05-13 21:55:42',0,1,NULL,NULL,NULL),(60,NULL,'Darrion','Hagenes','Gryphon answered.',NULL,'vance85@berge.net','$2y$12$IBUrH2TpRgEANZ9ut0O7I.vc0CVRkffLOhy5SCF5JBRyZoHOv9sjW',184,'1987-05-05','+12819855129','2024-05-14 04:55:43',NULL,'employer',NULL,NULL,'7203 Streich Stravenue\nPort Ginaburgh, OH 48152-2101','Normans--\" How are you thinking of?\' \'I beg your pardon!\' she exclaimed in a whisper, half afraid that it was sneezing on the look-out for serpents night and day! Why, I do hope it\'ll make me.',1,0,1382,1,NULL,'2024-05-13 21:55:43','2024-05-13 21:55:43',1,1,NULL,NULL,NULL),(61,NULL,'Chesley','O\'Reilly','VERY wide, but she.',NULL,'gloria73@gmail.com','$2y$12$UCl6oVjEfneRix20.U8eKeTVqyANObK8zOgljeszoCUoIFGATfOty',186,'1981-05-28','+18568970182','2024-05-14 04:55:43',NULL,'job-seeker',NULL,'resume/01.pdf','973 Huel Expressway Suite 978\nAllisonport, DC 24920','Dormouse!\' And they pinched it on both sides of it; so, after hunting all about for some time busily writing in his note-book, cackled out \'Silence!\' and read as follows:-- \'The Queen of Hearts were.',1,0,3016,1,NULL,'2024-05-13 21:55:43','2024-05-13 21:55:43',1,1,NULL,NULL,NULL),(62,NULL,'Virginia','Rohan','Who in the middle.',NULL,'pkuvalis@cummerata.com','$2y$12$lkrBp7OwJNreDS2Odge2MemtcEYnkfE4d27dqcJeS8A7PpyRE1gaS',184,'1990-12-01','+15865301631','2024-05-14 04:55:43',NULL,'employer',NULL,NULL,'375 Garett Glens Suite 501\nFarrellberg, TN 88140','I know is, it would feel with all speed back to the croquet-ground. The other guests had taken his watch out of sight: then it chuckled. \'What fun!\' said the King. The next witness would be quite.',1,0,727,0,NULL,'2024-05-13 21:55:43','2024-05-13 21:55:43',0,1,NULL,NULL,NULL),(63,NULL,'Prudence','Gislason','Gryphon answered.',NULL,'xrippin@corwin.info','$2y$12$I0z3H3/Qb/a1UgpzhBAr1OEcmFCvp0YCQ4WjLFQFCnL.nZQAZgCXy',186,'2015-08-25','+16097504972','2024-05-14 04:55:43',NULL,'job-seeker',NULL,'resume/01.pdf','479 Alexa Lights\nNew Chanelfurt, LA 52467','Elsie, Lacie, and Tillie; and they lived at the house, quite forgetting her promise. \'Treacle,\' said the Rabbit actually TOOK A WATCH OUT OF ITS WAISTCOAT-POCKET, and looked at Two. Two began in a.',1,0,3422,0,NULL,'2024-05-13 21:55:43','2024-05-13 21:55:43',1,1,NULL,NULL,NULL),(64,NULL,'Moses','Spinka','While she was up.',NULL,'isabel79@reilly.com','$2y$12$193w5VP4qSDA0tLipgMH1evHQ2OnA6UZ7UDluFmRXQpmrhqWGHvaq',185,'1972-04-19','+15734958644','2024-05-14 04:55:44',NULL,'employer',NULL,NULL,'690 Nathaniel Mission\nEast Tyresemouth, DE 32980-6610','The long grass rustled at her hands, and she put it. She stretched herself up and ran till she was now only ten inches high, and her eyes immediately met those of a muchness\"--did you ever see such.',1,0,1308,0,NULL,'2024-05-13 21:55:44','2024-05-13 21:55:44',1,1,NULL,NULL,NULL),(65,NULL,'Lou','Terry','Caterpillar, and.',NULL,'tamara02@yahoo.com','$2y$12$R2JZuFcuQFaDp7Li0R6BDem8JkKREAV5Z9w1h7QrOOLW.UnWOzQYa',184,'1977-02-21','+19133656114','2024-05-14 04:55:44',NULL,'employer',NULL,NULL,'440 Vandervort Garden Suite 889\nKossmouth, UT 34065-5991','LITTLE larger, sir, if you cut your finger VERY deeply with a growl, And concluded the banquet--] \'What IS a long sleep you\'ve had!\' \'Oh, I\'ve had such a fall as this, I shall have somebody to talk.',1,0,4389,1,NULL,'2024-05-13 21:55:44','2024-05-13 21:55:44',1,1,NULL,NULL,NULL),(66,NULL,'Jaqueline','Schinner','And he got up this.',NULL,'klein.queen@altenwerth.com','$2y$12$vjyDmla.HFVRemuzfmquZeBmfcpW.ttAMbfWeN0JMUtAHvosXct.2',185,'2024-03-01','+15077834873','2024-05-14 04:55:44',NULL,'job-seeker',NULL,'resume/01.pdf','426 Becker Station Suite 806\nEldredton, OK 39950-5073','I suppose it doesn\'t matter which way she put it. She felt very lonely and low-spirited. In a minute or two, they began moving about again, and went in. The door led right into it. \'That\'s very.',1,0,4502,0,NULL,'2024-05-13 21:55:44','2024-05-13 21:55:44',1,1,NULL,NULL,NULL),(67,NULL,'Mac','Medhurst','Caterpillar; and.',NULL,'brekke.joannie@hotmail.com','$2y$12$saaan8.bocsqFoBiDkLYi.L5anq3O5X8ZLPtWZtVqIOu2N8Hs769S',186,'1976-09-06','+16625300901','2024-05-14 04:55:44',NULL,'employer',NULL,NULL,'618 Doyle Fields\nMarielleside, AL 13381-1377','Alice looked all round the table, half hoping that the reason of that?\' \'In my youth,\' Father William replied to his ear. Alice considered a little before she had caught the flamingo and brought it.',1,0,3587,1,NULL,'2024-05-13 21:55:44','2024-05-13 21:55:44',0,1,NULL,NULL,NULL),(68,NULL,'Irwin','Swaniawski','White Rabbit cried.',NULL,'weissnat.susan@yahoo.com','$2y$12$j3ELvrXZZtXXVXHv2kUiq.03vF8Ht2DzOfEdehwoSa01J2VdW7Mb6',184,'1977-11-19','+13853989861','2024-05-14 04:55:45',NULL,'job-seeker',NULL,'resume/01.pdf','1349 Opal Pass Suite 958\nNorth Antone, KS 41955-6499','When she got used to queer things happening. While she was considering in her pocket, and pulled out a new idea to Alice, and tried to beat them off, and had just begun \'Well, of all her fancy.',1,0,2824,1,NULL,'2024-05-13 21:55:45','2024-05-13 21:55:45',0,1,NULL,NULL,NULL),(69,NULL,'Baby','Runolfsson','No, I\'ve made up.',NULL,'susanna84@yahoo.com','$2y$12$HDUpA1WGi7SHLht0ukrqM.VOAdNiLC8TI39aopl/TrWhkk8Jfdt5a',184,'2011-08-24','+12796057980','2024-05-14 04:55:45',NULL,'employer',NULL,NULL,'2134 Eichmann Fields\nWest Mabelborough, AL 34202-1435','I\'m not used to queer things happening. While she was going to give the hedgehog a blow with its arms folded, frowning like a wild beast, screamed \'Off with his tea spoon at the proposal. \'Then the.',1,0,1277,1,NULL,'2024-05-13 21:55:45','2024-05-13 21:55:45',1,1,NULL,NULL,NULL),(70,NULL,'Noemy','Crist','Alice didn\'t think.',NULL,'rthompson@gmail.com','$2y$12$d/SS4pf8RVqYfEpTaJAnaO9LuiW.UlZKSYFkL5uD/LLsNCgRphEyG',184,'2004-10-13','+14846897305','2024-05-14 04:55:45',NULL,'employer',NULL,NULL,'698 Vivienne Rapids Apt. 109\nNew Rico, MN 94196','Never heard of such a long sleep you\'ve had!\' \'Oh, I\'ve had such a curious feeling!\' said Alice; \'you needn\'t be so stingy about it, and talking over its head. \'Very uncomfortable for the pool.',1,0,4989,1,NULL,'2024-05-13 21:55:45','2024-05-13 21:55:45',1,1,NULL,NULL,NULL),(71,NULL,'Janick','Herzog','I ever saw in my.',NULL,'tnienow@yahoo.com','$2y$12$.n5jpn/X4h3XcBoZcaCkIOpRtCp9sFvkwgsOW3nnHywewWyYvO/l2',184,'2007-08-07','+17024307325','2024-05-14 04:55:45',NULL,'employer',NULL,NULL,'250 Ila Freeway Apt. 886\nLake Francisco, AZ 81678-4991','CHAPTER III. A Caucus-Race and a great deal of thought, and rightly too, that very few little girls eat eggs quite as much as she could see, as they came nearer, Alice could see, as well as the.',1,0,3548,0,NULL,'2024-05-13 21:55:45','2024-05-13 21:55:45',1,1,NULL,NULL,NULL),(72,NULL,'Isabelle','Ullrich','Caterpillar. Alice.',NULL,'delores.rogahn@langosh.com','$2y$12$tLVP6AefUbHwBaOyhHDYuuG27Adz9JFVGOGxNK3X9eqZbkOuK2aDa',184,'1981-09-29','+12246821476','2024-05-14 04:55:46',NULL,'job-seeker',NULL,'resume/01.pdf','7396 Colin Forest Apt. 039\nRonshire, AK 58038','She felt very glad that it would like the look of the garden: the roses growing on it except a tiny little thing!\' said Alice, quite forgetting that she remained the same thing a bit!\' said the.',1,0,440,1,NULL,'2024-05-13 21:55:46','2024-05-13 21:55:46',1,1,NULL,NULL,NULL),(73,NULL,'Nathanael','Harber','PRECIOUS nose\'; as.',NULL,'deion77@borer.com','$2y$12$74bwPJaJxec81ajXQLdkouZz5YOna37OZI3NId5cOoBNEo4aVG5Iq',184,'2012-09-12','+18624618312','2024-05-14 04:55:46',NULL,'employer',NULL,NULL,'1268 Gonzalo Corners Apt. 303\nSouth Aubreestad, OH 73150-4890','There was a most extraordinary noise going on shrinking rapidly: she soon found an opportunity of saying to herself, \'Now, what am I to get us dry would be of very little use, as it didn\'t much.',1,0,673,0,NULL,'2024-05-13 21:55:46','2024-05-13 21:55:46',1,1,NULL,NULL,NULL),(74,NULL,'Burley','Prohaska','Canterbury, found.',NULL,'lynch.cyrus@yahoo.com','$2y$12$uPzqTm03OhLkFyIAjJkLvOJcqTdpmedHpaC1om4EFTCqfmhe4leze',184,'2010-05-02','+19896306412','2024-05-14 04:55:46',NULL,'employer',NULL,NULL,'77429 Neal Neck\nSouth Austinburgh, KS 39054','Mabel, for I know THAT well enough; and what does it to be no chance of getting her hands on her hand, and a fan! Quick, now!\' And Alice was not quite sure whether it was the first really clever.',1,0,407,0,NULL,'2024-05-13 21:55:46','2024-05-13 21:55:46',0,1,NULL,NULL,NULL),(75,NULL,'Evie','Lehner','Caterpillar, just.',NULL,'tjacobi@hotmail.com','$2y$12$412VV/wcwojn4NKL4dddYehuozpNKtSAnKsEXADIoj99NnXrtU2de',184,'1975-10-28','+18205198624','2024-05-14 04:55:46',NULL,'employer',NULL,NULL,'9865 Hamill Mews Suite 880\nLayneport, VT 33457-6911','Alice had not got into it), and sometimes she scolded herself so severely as to go with Edgar Atheling to meet William and offer him the crown. William\'s conduct at first was in confusion, getting.',1,0,1270,0,NULL,'2024-05-13 21:55:46','2024-05-13 21:55:46',1,1,NULL,NULL,NULL),(76,NULL,'Emmie','Goyette','The first question.',NULL,'lysanne28@hotmail.com','$2y$12$tEkOqyl4NZyzLtfS1vv2YO1aNerWklVznGUyLuo/flcTFHZrCf/eK',186,'1979-03-07','+18484082949','2024-05-14 04:55:47',NULL,'job-seeker',NULL,'resume/01.pdf','84600 Bauch Via Apt. 135\nOlsonstad, OH 82989-9032','Alice felt a little girl,\' said Alice, rather alarmed at the door-- Pray, what is the same when I got up in spite of all the unjust things--\' when his eye chanced to fall upon Alice, as the whole.',1,0,4342,0,NULL,'2024-05-13 21:55:47','2024-05-13 21:55:47',1,1,NULL,NULL,NULL),(77,NULL,'Corine','Sporer','Queen, \'Really, my.',NULL,'loy.hickle@hotmail.com','$2y$12$MjJiUU.ppvKN4Smhq.unrOrF7ecc/Z95MpxuEtdrhrT3fm3qWLmWG',185,'1974-10-05','+14235536824','2024-05-14 04:55:47',NULL,'job-seeker',NULL,'resume/01.pdf','99794 Grant Land\nAdonisstad, HI 39114-8394','Hatter. \'I deny it!\' said the Gryphon went on just as well. The twelve jurors were writing down \'stupid things!\' on their slates, and she crossed her hands on her spectacles, and began singing in.',1,0,4480,0,NULL,'2024-05-13 21:55:47','2024-05-13 21:55:47',1,1,NULL,NULL,NULL),(78,NULL,'Hershel','Roberts','It\'s high time to.',NULL,'jamir.lueilwitz@becker.net','$2y$12$mv5E69YCeDZGzdmDTqVRXeno8wQ9v/k8afCJdJMQCq7SFRwJwS3bG',185,'2020-04-20','+17792972554','2024-05-14 04:55:47',NULL,'employer',NULL,NULL,'27716 Gleichner Trace\nBlickmouth, IA 53840-2703','Dinah my dear! Let this be a grin, and she went on planning to herself how she would have made a dreadfully ugly child: but it was good practice to say which), and they went up to the jury, in a low.',1,0,2912,0,NULL,'2024-05-13 21:55:47','2024-05-13 21:55:47',0,1,NULL,NULL,NULL),(79,NULL,'Judd','Haley','King: \'however, it.',NULL,'destinee.bartell@murray.com','$2y$12$..4RSJcvwQj87DDNai1cj.4f2G79Bkp5yRSZkBjzIqwtNJPWVLx3W',184,'1983-07-07','+13476525267','2024-05-14 04:55:47',NULL,'job-seeker',NULL,'resume/01.pdf','8129 Florida Parkways Suite 076\nO\'Reillybury, PA 19174-2483','Alice, and she walked down the little dears came jumping merrily along hand in her life, and had to stoop to save her neck kept getting entangled among the branches, and every now and then; such as.',1,0,4897,0,NULL,'2024-05-13 21:55:47','2024-05-13 21:55:47',0,1,NULL,NULL,NULL),(80,NULL,'Emil','Towne','I can\'t be civil.',NULL,'jovany.cremin@skiles.com','$2y$12$O7/YquZS/hvn4yI0ZWKm1eZW2EtFMFNOw8Z46stRDdjToVZ89VEey',186,'1985-01-22','+19086942155','2024-05-14 04:55:48',NULL,'employer',NULL,NULL,'51374 Hildegard Islands\nNorth Brant, MS 16439-6806','Queen. \'Their heads are gone, if it thought that SOMEBODY ought to have it explained,\' said the Duchess; \'and that\'s why. Pig!\' She said it to annoy, Because he knows it teases.\' CHORUS. (In which.',1,0,3349,1,NULL,'2024-05-13 21:55:48','2024-05-13 21:55:48',1,1,NULL,NULL,NULL),(81,NULL,'Katelin','Zemlak','SHE, of course,\'.',NULL,'cheyanne.schoen@lubowitz.com','$2y$12$AwuqUvTcxRtTh8RUpxRrkOComG.bzx.yrNPFJM6TYSejEbsgmpOcq',184,'2002-01-12','+17148240276','2024-05-14 04:55:48',NULL,'employer',NULL,NULL,'114 Edgardo Path Suite 636\nMaggioville, WA 24318','Caterpillar. \'Well, perhaps you were or might have been a RED rose-tree, and we put a stop to this,\' she said to the jury. \'Not yet, not yet!\' the Rabbit noticed Alice, as the door of which was the.',1,0,2788,0,NULL,'2024-05-13 21:55:48','2024-05-13 21:55:48',1,1,NULL,NULL,NULL),(82,NULL,'Wallace','Stoltenberg','March Hare said in.',NULL,'kiana.mueller@reichert.com','$2y$12$bVc1VpLOiUtXu0jAa9AK0O6yJe80f7MUosknGCgEj.iMC0hCoxOx.',185,'1995-04-12','+19864505017','2024-05-14 04:55:48',NULL,'job-seeker',NULL,'resume/01.pdf','6453 Bode Mills Suite 436\nPagacside, CT 79491-6373','Then it got down off the cake. * * * * * * * * * * * * * CHAPTER II. The Pool of Tears \'Curiouser and curiouser!\' cried Alice (she was so long since she had expected: before she got used to know.',1,0,2108,0,NULL,'2024-05-13 21:55:48','2024-05-13 21:55:48',0,1,NULL,NULL,NULL),(83,NULL,'Sidney','Yundt','YOU, and no more.',NULL,'oceane.hettinger@grimes.com','$2y$12$.4o9I01T5VhUDqn/82NA0.xEMZ/jbMdAA7TNFf78NtD1tkBFP9Ew.',185,'2023-01-04','+13613789683','2024-05-14 04:55:48',NULL,'job-seeker',NULL,'resume/01.pdf','746 Bechtelar Keys\nAnissaton, OH 35774','THAT well enough; and what does it to half-past one as long as you can--\' \'Swim after them!\' screamed the Gryphon. \'Well, I should say \"With what porpoise?\"\' \'Don\'t you mean that you think you might.',1,0,2908,1,NULL,'2024-05-13 21:55:48','2024-05-13 21:55:48',0,1,NULL,NULL,NULL),(84,NULL,'Serena','Osinski','Queen in front of.',NULL,'hayes.jewel@wiza.com','$2y$12$eLo52yE3dsWY8Rakjc5pMetBjX890/43p1RwZ1STa3fYt6aVLXc0i',184,'2021-03-28','+16232863271','2024-05-14 04:55:49',NULL,'job-seeker',NULL,'resume/01.pdf','32198 Schmitt Course Suite 493\nRolfsontown, CA 22930','King sharply. \'Do you know that Cheshire cats always grinned; in fact, I didn\'t know that Cheshire cats always grinned; in fact, a sort of use in knocking,\' said the youth, \'and your jaws are too.',1,0,4219,0,NULL,'2024-05-13 21:55:49','2024-05-13 21:55:49',1,1,NULL,NULL,NULL),(85,NULL,'Tristian','Quigley','The Rabbit Sends.',NULL,'vhauck@robel.com','$2y$12$QsVyohDv/liFDavy.xphA.KS0ZqBnnlAM1POHlBNjkA.Nx0qIn6DC',184,'1994-01-30','+14248674464','2024-05-14 04:55:49',NULL,'job-seeker',NULL,'resume/01.pdf','54153 Hayes Fork Suite 680\nLake Mozell, CA 64464-8904','Fish-Footman began by producing from under his arm a great hurry; \'and their names were Elsie, Lacie, and Tillie; and they lived at the White Rabbit; \'in fact, there\'s nothing written on the top of.',1,0,1983,0,NULL,'2024-05-13 21:55:49','2024-05-13 21:55:49',1,1,NULL,NULL,NULL),(86,NULL,'Evert','Kuhic','Hatter. \'Stolen!\'.',NULL,'aschamberger@purdy.com','$2y$12$2.xz.JLFypb/5S6oPgFtAOhptTkqWZe.v3N/Z0WmWaXvy3rUEGKHu',186,'1996-10-12','+15078988783','2024-05-14 04:55:49',NULL,'employer',NULL,NULL,'51523 Amber Stravenue\nRasheedside, ND 01119-5229','I can go back and finish your story!\' Alice called after it; and the White Rabbit blew three blasts on the back. At last the Gryphon added \'Come, let\'s hear some of the others looked round also, and.',1,0,2215,1,NULL,'2024-05-13 21:55:49','2024-05-13 21:55:49',0,1,NULL,NULL,NULL),(87,NULL,'Heber','Howe','And beat him when.',NULL,'guy34@hotmail.com','$2y$12$GHjExkRADp9/juJUQDdhYe3l5k7kwxEyRz2IwbZg4rJ48H7ljV8ru',186,'1997-04-08','+14696894810','2024-05-14 04:55:50',NULL,'job-seeker',NULL,'resume/01.pdf','19110 Rose Creek\nAltenwerthton, NJ 75682-1438','WHAT?\' thought Alice \'without pictures or conversations?\' So she tucked it away under her arm, with its arms and legs in all directions, \'just like a star-fish,\' thought Alice. \'I wonder what they.',1,0,2703,1,NULL,'2024-05-13 21:55:50','2024-05-13 21:55:50',0,1,NULL,NULL,NULL),(88,NULL,'Lois','Herzog','While the Owl had.',NULL,'dortha.nikolaus@hotmail.com','$2y$12$00r0uS05TiHJhaZUo2m11.Z.R0Xq///1/2jYkzZWStEVTusngvGYS',186,'2019-04-02','+19869176111','2024-05-14 04:55:50',NULL,'employer',NULL,NULL,'942 Bruce Shoals Apt. 225\nSouth D\'angelo, RI 31803-5144','Alice! Come here directly, and get ready to make out exactly what they WILL do next! As for pulling me out of his tail. \'As if it makes rather a complaining tone, \'and they all looked puzzled.) \'He.',1,0,4190,1,NULL,'2024-05-13 21:55:50','2024-05-13 21:55:50',1,1,NULL,NULL,NULL),(89,NULL,'Pamela','Maggio','Come on!\' So they.',NULL,'green.marjory@yahoo.com','$2y$12$5b/1FfxMyMnkz2Ouv1taIOEJG.w5p2nH/U6CUsvfrP34xzXXXzgSa',184,'1994-02-20','+16573564147','2024-05-14 04:55:50',NULL,'employer',NULL,NULL,'14265 Gust Loop Suite 030\nSpinkaland, MN 25227','The Fish-Footman began by producing from under his arm a great many teeth, so she went on: \'--that begins with an M--\' \'Why with an M, such as mouse-traps, and the King said, with a large fan in the.',1,0,2274,1,NULL,'2024-05-13 21:55:50','2024-05-13 21:55:50',0,1,NULL,NULL,NULL),(90,NULL,'Avery','Kshlerin','THAT in a hoarse.',NULL,'isaac21@yahoo.com','$2y$12$zNQ3DTbP10dF7tWrPeG8h.3gERm7I6QQ7rLSik3SIOjTNtqbduqkW',184,'1999-04-12','+14636155054','2024-05-14 04:55:50',NULL,'job-seeker',NULL,'resume/01.pdf','31684 Berge Stream\nCasperton, CT 32612','Hatter continued, \'in this way:-- \"Up above the world you fly, Like a tea-tray in the act of crawling away: besides all this, there was enough of me left to make out who I am! But I\'d better take.',1,0,302,0,NULL,'2024-05-13 21:55:50','2024-05-13 21:55:50',0,1,NULL,NULL,NULL),(91,NULL,'Nick','Pollich','I wonder?\' As she.',NULL,'monahan.loren@spinka.com','$2y$12$b2T0XDQ3/rS.weUqnx7RxenKoBQ4vYCckcUxQyQpmMaqpScWh8Ax2',186,'1995-03-29','+14433315805','2024-05-14 04:55:50',NULL,'job-seeker',NULL,'resume/01.pdf','63110 Kub Ports Suite 801\nLelahchester, MI 66923-1571','Alice. \'What sort of circle, (\'the exact shape doesn\'t matter,\' it said,) and then at the sudden change, but she could have been was not quite like the look of the earth. At last the Mock Turtle.',1,0,3017,1,NULL,'2024-05-13 21:55:51','2024-05-13 21:55:51',1,1,NULL,NULL,NULL),(92,NULL,'Gunner','Schmidt','White Rabbit as he.',NULL,'tate53@yahoo.com','$2y$12$wM1Hhw5URVlNUKI/LN1z2OxobljwsrsI2Oi39csHPArwGdstj/orC',184,'1973-05-29','+12084943532','2024-05-14 04:55:51',NULL,'employer',NULL,NULL,'2227 Kirsten Via\nJakubowskiview, DE 36035-1304','King: \'however, it may kiss my hand if it makes me grow large again, for this curious child was very provoking to find that she tipped over the jury-box with the other: the only difficulty was, that.',1,0,3874,1,NULL,'2024-05-13 21:55:51','2024-05-13 21:55:51',1,1,NULL,NULL,NULL),(93,NULL,'Josie','Prosacco','Alice: \'--where\'s.',NULL,'terry.uriel@leannon.com','$2y$12$mtV/Vx6KFGoREBSCxB0.zefebiZDjDJOYPXVnd.PGpwOechfM8d8S',186,'2010-04-26','+19095548491','2024-05-14 04:55:51',NULL,'employer',NULL,NULL,'984 Orion Green\nNew Summerton, NH 95551-4974','Between yourself and me.\' \'That\'s the first to break the silence. \'What day of the thing Mock Turtle repeated thoughtfully. \'I should like to see if she could remember about ravens and.',1,0,4972,0,NULL,'2024-05-13 21:55:51','2024-05-13 21:55:51',0,1,NULL,NULL,NULL),(94,NULL,'Kamryn','Kutch','The Mouse did not.',NULL,'reed.harris@hotmail.com','$2y$12$cY/B1Y.Zm0/WCSzpxXJV4e4UIDSmQNExcAMAGRm90MlDqhkECjRFa',185,'1972-06-18','+12796465312','2024-05-14 04:55:51',NULL,'job-seeker',NULL,'resume/01.pdf','45250 Williamson Canyon Apt. 190\nNorth Angelina, LA 45811-6049','Alice. \'And be quick about it,\' added the Hatter, and he poured a little three-legged table, all made of solid glass; there was mouth enough for it now, I suppose, by being drowned in my life!\' Just.',1,0,537,0,NULL,'2024-05-13 21:55:51','2024-05-13 21:55:51',1,1,NULL,NULL,NULL),(95,NULL,'Roman','Rau','I\'LL soon make you.',NULL,'tillman.elyssa@yahoo.com','$2y$12$aKo8umq1EFe.osvOncA0k.iV1fJiZH8kv0wfuKHXbSjotingnp/Wu',186,'1982-05-24','+19477247743','2024-05-14 04:55:52',NULL,'employer',NULL,NULL,'385 Stokes Burgs\nNorth Tadport, AK 93190-7690','Dormouse denied nothing, being fast asleep. \'After that,\' continued the Pigeon, raising its voice to its feet, \'I move that the meeting adjourn, for the moment he was in confusion, getting the.',1,0,3003,1,NULL,'2024-05-13 21:55:52','2024-05-13 21:55:52',0,1,NULL,NULL,NULL),(96,NULL,'Tiana','Beahan','White Rabbit, who.',NULL,'wschamberger@farrell.biz','$2y$12$vi7VUacopHbCceEnQXWXK.vmbeaK/YUSJZ5fVt4WQoXfEZD8BIWdC',185,'2022-04-13','+15805367441','2024-05-14 04:55:52',NULL,'job-seeker',NULL,'resume/01.pdf','820 Tad Villages\nLennieshire, MD 93756','WAS a curious plan!\' exclaimed Alice. \'That\'s the reason of that?\' \'In my youth,\' said the Duchess. \'Everything\'s got a moral, if only you can find it.\' And she kept on good terms with him, he\'d do.',1,0,2154,1,NULL,'2024-05-13 21:55:52','2024-05-13 21:55:52',0,1,NULL,NULL,NULL),(97,NULL,'Jakayla','Willms','M--\' \'Why with an.',NULL,'mathew27@yahoo.com','$2y$12$FfYJ/8zDPOXJprYpyatOhOhV4purqZR58bbwpvRwkjeJ/ZBklfCVi',185,'1976-01-12','+19066497992','2024-05-14 04:55:52',NULL,'employer',NULL,NULL,'63453 Hansen Greens Suite 754\nStefaniebury, UT 64043-3774','Alice could speak again. In a little scream, half of fright and half believed herself in a hurry: a large arm-chair at one corner of it: \'No room! No room!\' they cried out when they had to be two.',1,0,2059,0,NULL,'2024-05-13 21:55:52','2024-05-13 21:55:52',1,1,NULL,NULL,NULL),(98,NULL,'Beau','Hagenes','Caterpillar, and.',NULL,'mable36@gmail.com','$2y$12$QgAJFmAjIfPm4FWYSlzaBei3kNltsCub9Y2TldGPaEkFfRZOX0Sq2',186,'1997-03-08','+15393909425','2024-05-14 04:55:52',NULL,'employer',NULL,NULL,'8300 Gutkowski Manors Apt. 447\nWest Floyd, KY 53206','I could let you out, you know.\' He was looking for the next question is, Who in the window?\' \'Sure, it\'s an arm, yer honour!\' \'Digging for apples, indeed!\' said the Pigeon in a soothing tone: \'don\'t.',1,0,1579,1,NULL,'2024-05-13 21:55:52','2024-05-13 21:55:52',1,1,NULL,NULL,NULL),(99,NULL,'Roel','Boehm','Mock Turtle. \'Very.',NULL,'estell.keeling@boyle.biz','$2y$12$3TnnYcJB4BQnK2H5WexjFu0f.FNmMief.FPaWB7ckvb7YfYghfnvq',185,'1972-12-22','+12702525659','2024-05-14 04:55:52',NULL,'job-seeker',NULL,'resume/01.pdf','749 Denesik Mall\nWillmsmouth, MT 18716','Trims his belt and his buttons, and turns out his toes.\' [later editions continued as follows The Panther took pie-crust, and gravy, and meat, While the Duchess sang the second time round, she came.',1,0,4219,1,NULL,'2024-05-13 21:55:52','2024-05-13 21:55:52',0,1,NULL,NULL,NULL),(100,NULL,'Obie','Gorczany','She generally gave.',NULL,'ruth04@gmail.com','$2y$12$yp.DKpT/WWfGZtkhXn/yhuvWnId1YB8530aZV2iJydVZb/ORHsYYK',186,'2008-11-09','+14809025898','2024-05-14 04:55:53',NULL,'employer',NULL,NULL,'34768 Bashirian Island\nWest Demetrius, MS 87681-2636','As she said to herself, \'in my going out altogether, like a tunnel for some time after the rest of the tea--\' \'The twinkling of the e--e--evening, Beautiful, beautiful Soup!\' CHAPTER XI. Who Stole.',1,0,3389,1,NULL,'2024-05-13 21:55:53','2024-05-13 21:55:53',1,1,NULL,NULL,NULL);

--
-- Table structure for table `jb_analytics`
--

CREATE TABLE `jb_analytics` (
  `id` bigint unsigned NOT NULL AUTO_INCREMENT,
  `job_id` bigint unsigned NOT NULL,
  `country` varchar(10) COLLATE utf8mb4_unicode_ci DEFAULT NULL,
  `country_full` varchar(50) COLLATE utf8mb4_unicode_ci DEFAULT NULL,
  `referer` varchar(300) COLLATE utf8mb4_unicode_ci DEFAULT NULL,
  `ip_address` varchar(300) COLLATE utf8mb4_unicode_ci NOT NULL,
  `created_at` timestamp NULL DEFAULT NULL,
  `updated_at` timestamp NULL DEFAULT NULL,
  PRIMARY KEY (`id`)
) ENGINE=InnoDB DEFAULT CHARSET=utf8mb4 COLLATE=utf8mb4_unicode_ci;

--
-- Dumping data for table `jb_analytics`
--


--
-- Table structure for table `jb_applications`
--

CREATE TABLE `jb_applications` (
  `id` bigint unsigned NOT NULL AUTO_INCREMENT,
  `first_name` varchar(120) COLLATE utf8mb4_unicode_ci DEFAULT NULL,
  `last_name` varchar(120) COLLATE utf8mb4_unicode_ci DEFAULT NULL,
  `phone` varchar(20) COLLATE utf8mb4_unicode_ci DEFAULT NULL,
  `email` varchar(60) COLLATE utf8mb4_unicode_ci NOT NULL,
  `message` text COLLATE utf8mb4_unicode_ci,
  `job_id` bigint unsigned NOT NULL,
  `resume` varchar(191) COLLATE utf8mb4_unicode_ci DEFAULT NULL,
  `cover_letter` varchar(191) COLLATE utf8mb4_unicode_ci DEFAULT NULL,
  `account_id` bigint unsigned DEFAULT NULL,
  `is_external_apply` tinyint(1) NOT NULL DEFAULT '0',
  `status` varchar(60) COLLATE utf8mb4_unicode_ci NOT NULL DEFAULT 'pending',
  `created_at` timestamp NULL DEFAULT NULL,
  `updated_at` timestamp NULL DEFAULT NULL,
  PRIMARY KEY (`id`)
) ENGINE=InnoDB AUTO_INCREMENT=21 DEFAULT CHARSET=utf8mb4 COLLATE=utf8mb4_unicode_ci;

--
-- Dumping data for table `jb_applications`
--

INSERT INTO `jb_applications` VALUES (1,'Judd','Haley','+13476525267','destinee.bartell@murray.com','Cat. \'Do you know I\'m mad?\' said Alice. \'I\'ve read that in some book, but I shall be late!\' (when she thought at first was moderate. But the insolence of his pocket, and pulled out a new pair of.',17,'resume/01.pdf','resume/01.pdf',79,1,'checked','2024-05-13 21:55:53','2024-05-13 21:55:53'),(2,'Sister','Kirlin','+17478752447','ncummerata@skiles.com','March Hare. The Hatter was the King; and as the whole pack of cards: the Knave of Hearts, who only bowed and smiled in reply. \'That\'s right!\' shouted the Queen. \'Their heads are gone, if it please.',47,'resume/01.pdf','resume/01.pdf',21,1,'checked','2024-05-13 21:55:53','2024-05-13 21:55:53'),(3,'Joanie','Mayer','+14243576821','ebeier@hotmail.com','Alice. \'And be quick about it,\' added the Dormouse. \'Don\'t talk nonsense,\' said Alice indignantly. \'Let me alone!\' \'Serpent, I say again!\' repeated the Pigeon, but in a furious passion, and went.',28,'resume/01.pdf','resume/01.pdf',41,1,'checked','2024-05-13 21:55:53','2024-05-13 21:55:53'),(4,'Vinnie','Mitchell','+12406654568','gdickinson@hotmail.com','The first question of course had to kneel down on their slates, when the Rabbit noticed Alice, as she swam lazily about in the trial done,\' she thought, and it said in a great crowd assembled about.',19,'resume/01.pdf','resume/01.pdf',36,1,'checked','2024-05-13 21:55:53','2024-05-13 21:55:53'),(5,'Serena','Osinski','+16232863271','hayes.jewel@wiza.com','Don\'t let him know she liked them best, For this must ever be A secret, kept from all the creatures order one about, and crept a little shaking among the distant green leaves. As there seemed to be.',2,'resume/01.pdf','resume/01.pdf',84,0,'checked','2024-05-13 21:55:54','2024-05-13 21:55:54'),(6,'Sidney','Yundt','+13613789683','oceane.hettinger@grimes.com','Why, it fills the whole party at once without waiting for the hot day made her so savage when they hit her; and the words \'DRINK ME\' beautifully printed on it were white, but there were TWO little.',16,'resume/01.pdf','resume/01.pdf',83,1,'checked','2024-05-13 21:55:54','2024-05-13 21:55:54'),(7,'Everette','Windler','+15204653313','chester41@gulgowski.com','Once more she found herself lying on the table. \'Have some wine,\' the March Hare. Visit either you like: they\'re both mad.\' \'But I don\'t know much,\' said Alice, whose thoughts were still running on.',22,'resume/01.pdf','resume/01.pdf',13,1,'checked','2024-05-13 21:55:54','2024-05-13 21:55:54'),(8,'Wilford','Nicolas','+15085970142','jerad.dare@boehm.com','There was a table in the air: it puzzled her a good deal to come down the bottle, saying to herself, and shouted out, \'You\'d better not do that again!\' which produced another dead silence. \'It\'s a.',30,'resume/01.pdf','resume/01.pdf',46,0,'checked','2024-05-13 21:55:54','2024-05-13 21:55:54'),(9,'Tristian','Quigley','+14248674464','vhauck@robel.com','Mock Turtle in the air. Even the Duchess said to herself; \'I should like to show you! A little bright-eyed terrier, you know, upon the other side of the birds hurried off to other parts of the door.',39,'resume/01.pdf','resume/01.pdf',85,0,'checked','2024-05-13 21:55:54','2024-05-13 21:55:54'),(10,'Maxine','Shanahan','+14134615938','erich.nitzsche@hotmail.com','All the time when she found she could do to come down the little door: but, alas! the little glass table. \'Now, I\'ll manage better this time,\' she said to the voice of the jurymen. \'It isn\'t a.',46,'resume/01.pdf','resume/01.pdf',34,0,'checked','2024-05-13 21:55:54','2024-05-13 21:55:54'),(11,'Wallace','Stoltenberg','+19864505017','kiana.mueller@reichert.com','Alice, a good thing!\' she said to herself; \'the March Hare and the small ones choked and had come to the puppy; whereupon the puppy jumped into the jury-box, and saw that, in her French lesson-book.',34,'resume/01.pdf','resume/01.pdf',82,1,'checked','2024-05-13 21:55:54','2024-05-13 21:55:54'),(12,'Ada','Mraz','+16036932777','bernier.belle@stamm.com','YET,\' she said to live. \'I\'ve seen a good many little girls eat eggs quite as safe to stay in here any longer!\' She waited for a little now and then, \'we went to the door, and knocked. \'There\'s no.',50,'resume/01.pdf','resume/01.pdf',25,0,'checked','2024-05-13 21:55:54','2024-05-13 21:55:54'),(13,'Corine','Sporer','+14235536824','loy.hickle@hotmail.com','The first thing she heard a little worried. \'Just about as it turned round and get ready to play croquet.\' Then they both cried. \'Wake up, Dormouse!\' And they pinched it on both sides of the.',24,'resume/01.pdf','resume/01.pdf',77,1,'checked','2024-05-13 21:55:54','2024-05-13 21:55:54'),(14,'Torrance','Gottlieb','+12692061665','watsica.viviane@hotmail.com','I wonder what CAN have happened to me! I\'LL soon make you dry enough!\' They all sat down and make out who was beginning to write out a box of comfits, (luckily the salt water had not attended to.',26,'resume/01.pdf','resume/01.pdf',9,1,'checked','2024-05-13 21:55:54','2024-05-13 21:55:54'),(15,'Maiya','Hodkiewicz','+16095365038','laney51@feest.com','O Mouse!\' (Alice thought this must ever be A secret, kept from all the same, the next verse,\' the Gryphon replied rather impatiently: \'any shrimp could have been a holiday?\' \'Of course you don\'t!\'.',7,'resume/01.pdf','resume/01.pdf',27,0,'checked','2024-05-13 21:55:54','2024-05-13 21:55:54'),(16,'Alta','Ortiz','+13195478338','stehr.fernando@mante.org','King, going up to her very much pleased at having found out a box of comfits, (luckily the salt water had not noticed before, and behind it was done. They had a pencil that squeaked. This of course.',37,'resume/01.pdf','resume/01.pdf',12,1,'checked','2024-05-13 21:55:54','2024-05-13 21:55:54'),(17,'Annamae','Lindgren','+18185765119','dschumm@hotmail.com','Alice had not as yet had any dispute with the words a little, and then keep tight hold of anything, but she could see it trot away quietly into the darkness as hard as he spoke, and added \'It isn\'t.',21,'resume/01.pdf','resume/01.pdf',58,0,'checked','2024-05-13 21:55:54','2024-05-13 21:55:54'),(18,'Roel','Boehm','+12702525659','estell.keeling@boyle.biz','The Fish-Footman began by producing from under his arm a great hurry, muttering to itself \'Then I\'ll go round and swam slowly back to them, and all dripping wet, cross, and uncomfortable. The first.',12,'resume/01.pdf','resume/01.pdf',99,1,'checked','2024-05-13 21:55:54','2024-05-13 21:55:54'),(19,'Kiera','Medhurst','+14257251563','schamberger.ismael@tremblay.biz','I\'ll stay down here! It\'ll be no use speaking to it,\' she said to one of the house till she fancied she heard a little queer, won\'t you?\' \'Not a bit,\' said the King. \'Then it wasn\'t very civil of.',14,'resume/01.pdf','resume/01.pdf',42,1,'checked','2024-05-13 21:55:54','2024-05-13 21:55:54'),(20,'Chesley','O\'Reilly','+18568970182','gloria73@gmail.com','Queen. \'Never!\' said the Hatter: \'let\'s all move one place on.\' He moved on as he fumbled over the wig, (look at the mushroom (she had grown in the air. This time there could be beheaded, and that.',36,'resume/01.pdf','resume/01.pdf',61,0,'checked','2024-05-13 21:55:54','2024-05-13 21:55:54');

--
-- Table structure for table `jb_career_levels`
--

CREATE TABLE `jb_career_levels` (
  `id` bigint unsigned NOT NULL AUTO_INCREMENT,
  `name` varchar(120) COLLATE utf8mb4_unicode_ci NOT NULL,
  `order` tinyint NOT NULL DEFAULT '0',
  `is_default` tinyint unsigned NOT NULL DEFAULT '0',
  `status` varchar(60) COLLATE utf8mb4_unicode_ci NOT NULL DEFAULT 'published',
  `created_at` timestamp NULL DEFAULT NULL,
  `updated_at` timestamp NULL DEFAULT NULL,
  PRIMARY KEY (`id`)
) ENGINE=InnoDB AUTO_INCREMENT=6 DEFAULT CHARSET=utf8mb4 COLLATE=utf8mb4_unicode_ci;

--
-- Dumping data for table `jb_career_levels`
--

INSERT INTO `jb_career_levels` VALUES (1,'Department Head',0,0,'published','2024-05-13 21:55:23','2024-05-13 21:55:23'),(2,'Entry Level',0,0,'published','2024-05-13 21:55:23','2024-05-13 21:55:23'),(3,'Experienced Professional',0,0,'published','2024-05-13 21:55:23','2024-05-13 21:55:23'),(4,'GM / CEO / Country Head / President',0,0,'published','2024-05-13 21:55:23','2024-05-13 21:55:23'),(5,'Intern/Student',0,0,'published','2024-05-13 21:55:23','2024-05-13 21:55:23');

--
-- Table structure for table `jb_career_levels_translations`
--

CREATE TABLE `jb_career_levels_translations` (
  `lang_code` varchar(191) COLLATE utf8mb4_unicode_ci NOT NULL,
  `jb_career_levels_id` bigint unsigned NOT NULL,
  `name` varchar(191) COLLATE utf8mb4_unicode_ci DEFAULT NULL,
  PRIMARY KEY (`lang_code`,`jb_career_levels_id`)
) ENGINE=InnoDB DEFAULT CHARSET=utf8mb4 COLLATE=utf8mb4_unicode_ci;

--
-- Dumping data for table `jb_career_levels_translations`
--


--
-- Table structure for table `jb_categories`
--

CREATE TABLE `jb_categories` (
  `id` bigint unsigned NOT NULL AUTO_INCREMENT,
  `name` varchar(120) COLLATE utf8mb4_unicode_ci NOT NULL,
  `description` varchar(400) COLLATE utf8mb4_unicode_ci DEFAULT NULL,
  `order` tinyint NOT NULL DEFAULT '0',
  `is_default` tinyint unsigned NOT NULL DEFAULT '0',
  `is_featured` tinyint NOT NULL DEFAULT '0',
  `status` varchar(60) COLLATE utf8mb4_unicode_ci NOT NULL DEFAULT 'published',
  `created_at` timestamp NULL DEFAULT NULL,
  `updated_at` timestamp NULL DEFAULT NULL,
  `parent_id` bigint unsigned NOT NULL DEFAULT '0',
  PRIMARY KEY (`id`)
) ENGINE=InnoDB AUTO_INCREMENT=11 DEFAULT CHARSET=utf8mb4 COLLATE=utf8mb4_unicode_ci;

--
-- Dumping data for table `jb_categories`
--

INSERT INTO `jb_categories` VALUES (1,'Content Writer',NULL,0,0,1,'published','2024-05-13 21:55:24','2024-05-13 21:55:24',0),(2,'Market Research',NULL,1,0,1,'published','2024-05-13 21:55:24','2024-05-13 21:55:24',0),(3,'Marketing &amp; Sale',NULL,2,0,1,'published','2024-05-13 21:55:24','2024-05-13 21:55:24',0),(4,'Customer Help',NULL,3,0,1,'published','2024-05-13 21:55:24','2024-05-13 21:55:24',0),(5,'Finance',NULL,4,0,1,'published','2024-05-13 21:55:24','2024-05-13 21:55:24',0),(6,'Software',NULL,5,0,1,'published','2024-05-13 21:55:24','2024-05-13 21:55:24',0),(7,'Human Resource',NULL,6,0,1,'published','2024-05-13 21:55:24','2024-05-13 21:55:24',0),(8,'Management',NULL,7,0,1,'published','2024-05-13 21:55:24','2024-05-13 21:55:24',0),(9,'Retail &amp; Products',NULL,8,0,0,'published','2024-05-13 21:55:25','2024-05-13 21:55:25',0),(10,'Security Analyst',NULL,9,0,0,'published','2024-05-13 21:55:25','2024-05-13 21:55:25',0);

--
-- Table structure for table `jb_categories_translations`
--

CREATE TABLE `jb_categories_translations` (
  `lang_code` varchar(191) COLLATE utf8mb4_unicode_ci NOT NULL,
  `jb_categories_id` bigint unsigned NOT NULL,
  `name` varchar(191) COLLATE utf8mb4_unicode_ci DEFAULT NULL,
  `description` varchar(400) COLLATE utf8mb4_unicode_ci DEFAULT NULL,
  PRIMARY KEY (`lang_code`,`jb_categories_id`)
) ENGINE=InnoDB DEFAULT CHARSET=utf8mb4 COLLATE=utf8mb4_unicode_ci;

--
-- Dumping data for table `jb_categories_translations`
--


--
-- Table structure for table `jb_companies`
--

CREATE TABLE `jb_companies` (
  `id` bigint unsigned NOT NULL AUTO_INCREMENT,
  `unique_id` varchar(191) COLLATE utf8mb4_unicode_ci DEFAULT NULL,
  `name` varchar(120) COLLATE utf8mb4_unicode_ci DEFAULT NULL,
  `email` varchar(60) COLLATE utf8mb4_unicode_ci DEFAULT NULL,
  `description` varchar(400) COLLATE utf8mb4_unicode_ci DEFAULT NULL,
  `content` mediumtext COLLATE utf8mb4_unicode_ci,
  `website` varchar(120) COLLATE utf8mb4_unicode_ci DEFAULT NULL,
  `logo` varchar(120) COLLATE utf8mb4_unicode_ci DEFAULT NULL,
  `latitude` varchar(25) COLLATE utf8mb4_unicode_ci DEFAULT NULL,
  `longitude` varchar(25) COLLATE utf8mb4_unicode_ci DEFAULT NULL,
  `address` varchar(250) COLLATE utf8mb4_unicode_ci DEFAULT NULL,
  `country_id` bigint unsigned DEFAULT '1',
  `state_id` bigint unsigned DEFAULT NULL,
  `city_id` bigint unsigned DEFAULT NULL,
  `postal_code` varchar(30) COLLATE utf8mb4_unicode_ci DEFAULT NULL,
  `phone` varchar(30) COLLATE utf8mb4_unicode_ci DEFAULT NULL,
  `year_founded` int unsigned DEFAULT NULL,
  `ceo` varchar(120) COLLATE utf8mb4_unicode_ci DEFAULT NULL,
  `number_of_offices` int unsigned DEFAULT NULL,
  `number_of_employees` varchar(60) COLLATE utf8mb4_unicode_ci DEFAULT NULL,
  `annual_revenue` varchar(60) COLLATE utf8mb4_unicode_ci DEFAULT NULL,
  `cover_image` varchar(120) COLLATE utf8mb4_unicode_ci DEFAULT NULL,
  `facebook` varchar(191) COLLATE utf8mb4_unicode_ci DEFAULT NULL,
  `twitter` varchar(191) COLLATE utf8mb4_unicode_ci DEFAULT NULL,
  `linkedin` varchar(191) COLLATE utf8mb4_unicode_ci DEFAULT NULL,
  `instagram` varchar(191) COLLATE utf8mb4_unicode_ci DEFAULT NULL,
  `is_featured` tinyint NOT NULL DEFAULT '0',
  `status` varchar(60) COLLATE utf8mb4_unicode_ci NOT NULL DEFAULT 'published',
  `views` bigint unsigned NOT NULL DEFAULT '0',
  `created_at` timestamp NULL DEFAULT NULL,
  `updated_at` timestamp NULL DEFAULT NULL,
  `tax_id` varchar(60) COLLATE utf8mb4_unicode_ci DEFAULT NULL,
  PRIMARY KEY (`id`),
  UNIQUE KEY `jb_companies_unique_id_unique` (`unique_id`)
) ENGINE=InnoDB AUTO_INCREMENT=21 DEFAULT CHARSET=utf8mb4 COLLATE=utf8mb4_unicode_ci;

--
-- Dumping data for table `jb_companies`
--

INSERT INTO `jb_companies` VALUES (1,NULL,'LinkedIn',NULL,'Dolorem qui et est molestiae dolorum. Aut hic iste assumenda quidem molestiae et. Aut qui autem culpa et voluptatem dolorem. Assumenda ea quis aut blanditiis.','<p class=\"text-muted\"> Objectively pursue diverse catalysts for change for interoperable meta-services. Distinctively re-engineer\n                revolutionary meta-services and premium architectures. Intrinsically incubate intuitive opportunities and\n                real-time potentialities. Appropriately communicate one-to-one technology.</p>\n\n            <p class=\"text-muted\">Intrinsically incubate intuitive opportunities and real-time potentialities Appropriately communicate\n                one-to-one technology.</p>\n\n            <p class=\"text-muted\"> Exercitation photo booth stumptown tote bag Banksy, elit small batch freegan sed. Craft beer elit\n                seitan exercitation, photo booth et 8-bit kale chips proident chillwave deep v laborum. Aliquip veniam delectus, Marfa\n                eiusmod Pinterest in do umami readymade swag.</p>','https://www.linkedin.com/','companies/1.png','43.084478','-76.722115','3180 Dooley Prairie\nToyshire, DC 91925-9980',4,4,4,NULL,'+15394893419',2006,'John Doe',10,'7','6M',NULL,NULL,NULL,NULL,NULL,1,'published',0,'2024-05-13 21:55:25','2024-05-13 21:55:25',NULL),(2,NULL,'Adobe Illustrator',NULL,'Quia qui earum eum perspiciatis ut. Aliquid dicta molestiae aut adipisci. Consequuntur est dicta consequatur enim porro.','<p class=\"text-muted\"> Objectively pursue diverse catalysts for change for interoperable meta-services. Distinctively re-engineer\n                revolutionary meta-services and premium architectures. Intrinsically incubate intuitive opportunities and\n                real-time potentialities. Appropriately communicate one-to-one technology.</p>\n\n            <p class=\"text-muted\">Intrinsically incubate intuitive opportunities and real-time potentialities Appropriately communicate\n                one-to-one technology.</p>\n\n            <p class=\"text-muted\"> Exercitation photo booth stumptown tote bag Banksy, elit small batch freegan sed. Craft beer elit\n                seitan exercitation, photo booth et 8-bit kale chips proident chillwave deep v laborum. Aliquip veniam delectus, Marfa\n                eiusmod Pinterest in do umami readymade swag.</p>','https://www.adobe.com/','companies/2.png','43.506214','-76.091854','26874 Earl Extension Apt. 480\nErickview, DC 69921-5805',1,1,1,NULL,'+18436536426',1983,'Jeff Werner',3,'8','1M',NULL,NULL,NULL,NULL,NULL,1,'published',0,'2024-05-13 21:55:25','2024-05-13 21:55:25',NULL),(3,NULL,'Bing Search',NULL,'Quis quos aut enim id et rerum. In ratione eveniet repellat ipsa et. Eos laboriosam quia sit sed numquam.','<p class=\"text-muted\"> Objectively pursue diverse catalysts for change for interoperable meta-services. Distinctively re-engineer\n                revolutionary meta-services and premium architectures. Intrinsically incubate intuitive opportunities and\n                real-time potentialities. Appropriately communicate one-to-one technology.</p>\n\n            <p class=\"text-muted\">Intrinsically incubate intuitive opportunities and real-time potentialities Appropriately communicate\n                one-to-one technology.</p>\n\n            <p class=\"text-muted\"> Exercitation photo booth stumptown tote bag Banksy, elit small batch freegan sed. Craft beer elit\n                seitan exercitation, photo booth et 8-bit kale chips proident chillwave deep v laborum. Aliquip veniam delectus, Marfa\n                eiusmod Pinterest in do umami readymade swag.</p>','https://www.bing.com/','companies/3.png','43.412338','-75.732512','98294 Bauch Park\nNew Rosendochester, IL 63363-1005',1,1,1,NULL,'+19849623778',1991,'Nakamura',2,'3','6M',NULL,NULL,NULL,NULL,NULL,1,'published',0,'2024-05-13 21:55:25','2024-05-13 21:55:25',NULL),(4,NULL,'Dailymotion',NULL,'Doloremque fugit sapiente molestiae consequatur hic rem ut et. Quidem et quis sit voluptatem eligendi fugiat et. Unde quo reprehenderit minus fuga. Occaecati aspernatur rerum delectus sunt.','<p class=\"text-muted\"> Objectively pursue diverse catalysts for change for interoperable meta-services. Distinctively re-engineer\n                revolutionary meta-services and premium architectures. Intrinsically incubate intuitive opportunities and\n                real-time potentialities. Appropriately communicate one-to-one technology.</p>\n\n            <p class=\"text-muted\">Intrinsically incubate intuitive opportunities and real-time potentialities Appropriately communicate\n                one-to-one technology.</p>\n\n            <p class=\"text-muted\"> Exercitation photo booth stumptown tote bag Banksy, elit small batch freegan sed. Craft beer elit\n                seitan exercitation, photo booth et 8-bit kale chips proident chillwave deep v laborum. Aliquip veniam delectus, Marfa\n                eiusmod Pinterest in do umami readymade swag.</p>','https://www.dailymotion.com/','companies/4.png','43.136644','-75.198538','6301 Patsy Station Suite 473\nHacketthaven, ME 05256-4213',3,3,3,NULL,'+13472108000',1999,'John Doe',6,'9','7M',NULL,NULL,NULL,NULL,NULL,1,'published',0,'2024-05-13 21:55:25','2024-05-13 21:55:25',NULL),(5,NULL,'Linkedin',NULL,'Vero qui praesentium architecto voluptas repudiandae. Temporibus placeat fugiat quas dicta dolorem eveniet dignissimos. Non minus ea sed delectus quia velit.','<p class=\"text-muted\"> Objectively pursue diverse catalysts for change for interoperable meta-services. Distinctively re-engineer\n                revolutionary meta-services and premium architectures. Intrinsically incubate intuitive opportunities and\n                real-time potentialities. Appropriately communicate one-to-one technology.</p>\n\n            <p class=\"text-muted\">Intrinsically incubate intuitive opportunities and real-time potentialities Appropriately communicate\n                one-to-one technology.</p>\n\n            <p class=\"text-muted\"> Exercitation photo booth stumptown tote bag Banksy, elit small batch freegan sed. Craft beer elit\n                seitan exercitation, photo booth et 8-bit kale chips proident chillwave deep v laborum. Aliquip veniam delectus, Marfa\n                eiusmod Pinterest in do umami readymade swag.</p>','https://www.linkedin.com/','companies/5.png','43.966952','-76.278701','50288 Angelita Field\nWest Filomenaville, DE 76721',1,1,1,NULL,'+19109548034',1996,'John Doe',5,'6','8M',NULL,NULL,NULL,NULL,NULL,1,'published',0,'2024-05-13 21:55:25','2024-05-13 21:55:25',NULL),(6,NULL,'Quora JSC',NULL,'Qui adipisci blanditiis et et molestiae. Ad explicabo eius ratione voluptas nam. Corporis praesentium nihil cum eveniet voluptates.','<p class=\"text-muted\"> Objectively pursue diverse catalysts for change for interoperable meta-services. Distinctively re-engineer\n                revolutionary meta-services and premium architectures. Intrinsically incubate intuitive opportunities and\n                real-time potentialities. Appropriately communicate one-to-one technology.</p>\n\n            <p class=\"text-muted\">Intrinsically incubate intuitive opportunities and real-time potentialities Appropriately communicate\n                one-to-one technology.</p>\n\n            <p class=\"text-muted\"> Exercitation photo booth stumptown tote bag Banksy, elit small batch freegan sed. Craft beer elit\n                seitan exercitation, photo booth et 8-bit kale chips proident chillwave deep v laborum. Aliquip veniam delectus, Marfa\n                eiusmod Pinterest in do umami readymade swag.</p>','https://www.quora.com/','companies/6.png','42.970083','-76.339625','408 Ottis Knolls\nBergstromborough, GA 08995',5,5,5,NULL,'+16513811334',2009,'John Doe',10,'3','9M',NULL,NULL,NULL,NULL,NULL,1,'published',0,'2024-05-13 21:55:25','2024-05-13 21:55:25',NULL),(7,NULL,'Nintendo',NULL,'Mollitia recusandae dolores eius est explicabo. Voluptatem vel qui incidunt perferendis beatae aut. Repellat et mollitia beatae quidem.','<p class=\"text-muted\"> Objectively pursue diverse catalysts for change for interoperable meta-services. Distinctively re-engineer\n                revolutionary meta-services and premium architectures. Intrinsically incubate intuitive opportunities and\n                real-time potentialities. Appropriately communicate one-to-one technology.</p>\n\n            <p class=\"text-muted\">Intrinsically incubate intuitive opportunities and real-time potentialities Appropriately communicate\n                one-to-one technology.</p>\n\n            <p class=\"text-muted\"> Exercitation photo booth stumptown tote bag Banksy, elit small batch freegan sed. Craft beer elit\n                seitan exercitation, photo booth et 8-bit kale chips proident chillwave deep v laborum. Aliquip veniam delectus, Marfa\n                eiusmod Pinterest in do umami readymade swag.</p>','https://www.nintendo.com/','companies/7.png','42.879625','-74.839638','343 Tessie Fork Suite 862\nPort Corenechester, TN 47551',3,3,3,NULL,'+17015838058',1974,'Steve Jobs',2,'8','1M',NULL,NULL,NULL,NULL,NULL,1,'published',0,'2024-05-13 21:55:25','2024-05-13 21:55:25',NULL),(8,NULL,'Periscope',NULL,'Quia iusto ea ut illo amet. Eligendi recusandae eligendi dolor quia nam et facilis. Corrupti iusto autem quaerat ipsa rerum et inventore qui. Voluptatem modi numquam repellendus dolor.','<p class=\"text-muted\"> Objectively pursue diverse catalysts for change for interoperable meta-services. Distinctively re-engineer\n                revolutionary meta-services and premium architectures. Intrinsically incubate intuitive opportunities and\n                real-time potentialities. Appropriately communicate one-to-one technology.</p>\n\n            <p class=\"text-muted\">Intrinsically incubate intuitive opportunities and real-time potentialities Appropriately communicate\n                one-to-one technology.</p>\n\n            <p class=\"text-muted\"> Exercitation photo booth stumptown tote bag Banksy, elit small batch freegan sed. Craft beer elit\n                seitan exercitation, photo booth et 8-bit kale chips proident chillwave deep v laborum. Aliquip veniam delectus, Marfa\n                eiusmod Pinterest in do umami readymade swag.</p>','https://www.pscp.tv/','companies/8.png','43.066793','-75.697049','1091 Schuster Stravenue Apt. 393\nHarbermouth, IA 58714-0293',2,2,2,NULL,'+18785829939',2010,'John Doe',8,'8','3M',NULL,NULL,NULL,NULL,NULL,1,'published',0,'2024-05-13 21:55:25','2024-05-13 21:55:25',NULL),(9,NULL,'NewSum',NULL,'Molestiae nihil dolores dolores modi. Animi debitis a voluptatem. Consequatur aut sint eos consequatur eum beatae.','<p class=\"text-muted\"> Objectively pursue diverse catalysts for change for interoperable meta-services. Distinctively re-engineer\n                revolutionary meta-services and premium architectures. Intrinsically incubate intuitive opportunities and\n                real-time potentialities. Appropriately communicate one-to-one technology.</p>\n\n            <p class=\"text-muted\">Intrinsically incubate intuitive opportunities and real-time potentialities Appropriately communicate\n                one-to-one technology.</p>\n\n            <p class=\"text-muted\"> Exercitation photo booth stumptown tote bag Banksy, elit small batch freegan sed. Craft beer elit\n                seitan exercitation, photo booth et 8-bit kale chips proident chillwave deep v laborum. Aliquip veniam delectus, Marfa\n                eiusmod Pinterest in do umami readymade swag.</p>','https://newsum.us/','companies/4.png','43.818852','-76.487833','643 Toy Stravenue Suite 607\nStromanview, AR 82813',2,2,2,NULL,'+15616149771',1983,'John Doe',7,'1','10M',NULL,NULL,NULL,NULL,NULL,1,'published',0,'2024-05-13 21:55:25','2024-05-13 21:55:25',NULL),(10,NULL,'PowerHome',NULL,'Quasi qui quo illo eum voluptatem. Aut aut dolores modi totam officia. Et dolores consequatur fugiat accusantium enim quod. Doloremque accusantium laudantium voluptate deleniti voluptatum.','<p class=\"text-muted\"> Objectively pursue diverse catalysts for change for interoperable meta-services. Distinctively re-engineer\n                revolutionary meta-services and premium architectures. Intrinsically incubate intuitive opportunities and\n                real-time potentialities. Appropriately communicate one-to-one technology.</p>\n\n            <p class=\"text-muted\">Intrinsically incubate intuitive opportunities and real-time potentialities Appropriately communicate\n                one-to-one technology.</p>\n\n            <p class=\"text-muted\"> Exercitation photo booth stumptown tote bag Banksy, elit small batch freegan sed. Craft beer elit\n                seitan exercitation, photo booth et 8-bit kale chips proident chillwave deep v laborum. Aliquip veniam delectus, Marfa\n                eiusmod Pinterest in do umami readymade swag.</p>','https://www.pscp.tv/','companies/5.png','42.566823','-74.908239','312 Treutel Track\nWardchester, TN 22652',5,5,5,NULL,'+18288585882',1978,'John Doe',6,'8','6M',NULL,NULL,NULL,NULL,NULL,1,'published',0,'2024-05-13 21:55:25','2024-05-13 21:55:25',NULL),(11,NULL,'Whop.com',NULL,'Ea blanditiis fuga voluptas accusamus iure accusantium. Tenetur commodi in deleniti officiis quisquam enim recusandae. Explicabo occaecati autem velit rerum voluptas quasi.','<p class=\"text-muted\"> Objectively pursue diverse catalysts for change for interoperable meta-services. Distinctively re-engineer\n                revolutionary meta-services and premium architectures. Intrinsically incubate intuitive opportunities and\n                real-time potentialities. Appropriately communicate one-to-one technology.</p>\n\n            <p class=\"text-muted\">Intrinsically incubate intuitive opportunities and real-time potentialities Appropriately communicate\n                one-to-one technology.</p>\n\n            <p class=\"text-muted\"> Exercitation photo booth stumptown tote bag Banksy, elit small batch freegan sed. Craft beer elit\n                seitan exercitation, photo booth et 8-bit kale chips proident chillwave deep v laborum. Aliquip veniam delectus, Marfa\n                eiusmod Pinterest in do umami readymade swag.</p>','https://whop.com/','companies/6.png','43.440043','-76.384904','2311 Jennyfer Islands\nEast Letitiaburgh, WV 25514-7560',6,6,6,NULL,'+14305589186',1996,'John Doe',8,'7','2M',NULL,NULL,NULL,NULL,NULL,1,'published',0,'2024-05-13 21:55:25','2024-05-13 21:55:25',NULL),(12,NULL,'Greenwood',NULL,'Alias sunt quasi voluptatem neque autem rerum enim. Nobis et qui ut magnam facere. Tenetur architecto repellendus sit minus repellat.','<p class=\"text-muted\"> Objectively pursue diverse catalysts for change for interoperable meta-services. Distinctively re-engineer\n                revolutionary meta-services and premium architectures. Intrinsically incubate intuitive opportunities and\n                real-time potentialities. Appropriately communicate one-to-one technology.</p>\n\n            <p class=\"text-muted\">Intrinsically incubate intuitive opportunities and real-time potentialities Appropriately communicate\n                one-to-one technology.</p>\n\n            <p class=\"text-muted\"> Exercitation photo booth stumptown tote bag Banksy, elit small batch freegan sed. Craft beer elit\n                seitan exercitation, photo booth et 8-bit kale chips proident chillwave deep v laborum. Aliquip veniam delectus, Marfa\n                eiusmod Pinterest in do umami readymade swag.</p>','https://www.greenwoodjs.io/','companies/7.png','42.520835','-75.602506','84159 Pascale Road\nEast Ernest, AK 44535',3,3,3,NULL,'+17813610653',1993,'John Doe',7,'8','7M',NULL,NULL,NULL,NULL,NULL,1,'published',0,'2024-05-13 21:55:25','2024-05-13 21:55:25',NULL),(13,NULL,'Kentucky',NULL,'Occaecati labore dolor nam non. Sit est nihil voluptatem commodi. Eos eaque libero et voluptatem in veritatis sequi. Eius et libero rerum explicabo nihil aut ut.','<p class=\"text-muted\"> Objectively pursue diverse catalysts for change for interoperable meta-services. Distinctively re-engineer\n                revolutionary meta-services and premium architectures. Intrinsically incubate intuitive opportunities and\n                real-time potentialities. Appropriately communicate one-to-one technology.</p>\n\n            <p class=\"text-muted\">Intrinsically incubate intuitive opportunities and real-time potentialities Appropriately communicate\n                one-to-one technology.</p>\n\n            <p class=\"text-muted\"> Exercitation photo booth stumptown tote bag Banksy, elit small batch freegan sed. Craft beer elit\n                seitan exercitation, photo booth et 8-bit kale chips proident chillwave deep v laborum. Aliquip veniam delectus, Marfa\n                eiusmod Pinterest in do umami readymade swag.</p>','https://www.kentucky.gov/','companies/8.png','43.396896','-75.876392','564 Doyle Groves\nRaymundotown, UT 56700',5,5,5,NULL,'+16076029719',2007,'John Doe',10,'4','1M',NULL,NULL,NULL,NULL,NULL,1,'published',0,'2024-05-13 21:55:25','2024-05-13 21:55:25',NULL),(14,NULL,'Equity',NULL,'Sed voluptas maxime magnam. Quis dicta non doloribus ipsam nihil eos inventore consequatur.','<p class=\"text-muted\"> Objectively pursue diverse catalysts for change for interoperable meta-services. Distinctively re-engineer\n                revolutionary meta-services and premium architectures. Intrinsically incubate intuitive opportunities and\n                real-time potentialities. Appropriately communicate one-to-one technology.</p>\n\n            <p class=\"text-muted\">Intrinsically incubate intuitive opportunities and real-time potentialities Appropriately communicate\n                one-to-one technology.</p>\n\n            <p class=\"text-muted\"> Exercitation photo booth stumptown tote bag Banksy, elit small batch freegan sed. Craft beer elit\n                seitan exercitation, photo booth et 8-bit kale chips proident chillwave deep v laborum. Aliquip veniam delectus, Marfa\n                eiusmod Pinterest in do umami readymade swag.</p>','https://www.equity.org.uk/','companies/6.png','42.663791','-76.613358','3735 Glover Well\nLake Toby, ME 12369-6710',3,3,3,NULL,'+12096136618',2010,'John Doe',2,'9','4M',NULL,NULL,NULL,NULL,NULL,1,'published',0,'2024-05-13 21:55:25','2024-05-13 21:55:25',NULL),(15,NULL,'Honda',NULL,'Rem quia consectetur ut animi nulla natus omnis ullam. Beatae corporis et pariatur sed sit soluta recusandae. Nulla sit vitae est et veritatis enim.','<p class=\"text-muted\"> Objectively pursue diverse catalysts for change for interoperable meta-services. Distinctively re-engineer\n                revolutionary meta-services and premium architectures. Intrinsically incubate intuitive opportunities and\n                real-time potentialities. Appropriately communicate one-to-one technology.</p>\n\n            <p class=\"text-muted\">Intrinsically incubate intuitive opportunities and real-time potentialities Appropriately communicate\n                one-to-one technology.</p>\n\n            <p class=\"text-muted\"> Exercitation photo booth stumptown tote bag Banksy, elit small batch freegan sed. Craft beer elit\n                seitan exercitation, photo booth et 8-bit kale chips proident chillwave deep v laborum. Aliquip veniam delectus, Marfa\n                eiusmod Pinterest in do umami readymade swag.</p>','https://www.honda.com/','companies/9.png','43.731666','-76.409493','982 Eden Terrace\nNorth Bertram, NH 80899',2,2,2,NULL,'+12068661703',1975,'John Doe',5,'4','6M',NULL,NULL,NULL,NULL,NULL,1,'published',0,'2024-05-13 21:55:25','2024-05-13 21:55:25',NULL),(16,NULL,'Toyota',NULL,'Nemo perspiciatis quasi quo in. Perspiciatis sint perferendis magnam quis rerum et tempora. Repellat quam ipsa est ea molestias voluptatem. Et omnis facilis autem quidem et incidunt.','<p class=\"text-muted\"> Objectively pursue diverse catalysts for change for interoperable meta-services. Distinctively re-engineer\n                revolutionary meta-services and premium architectures. Intrinsically incubate intuitive opportunities and\n                real-time potentialities. Appropriately communicate one-to-one technology.</p>\n\n            <p class=\"text-muted\">Intrinsically incubate intuitive opportunities and real-time potentialities Appropriately communicate\n                one-to-one technology.</p>\n\n            <p class=\"text-muted\"> Exercitation photo booth stumptown tote bag Banksy, elit small batch freegan sed. Craft beer elit\n                seitan exercitation, photo booth et 8-bit kale chips proident chillwave deep v laborum. Aliquip veniam delectus, Marfa\n                eiusmod Pinterest in do umami readymade swag.</p>','https://www.toyota.com/','companies/5.png','43.060908','-75.484776','40537 McKenzie Ridge Apt. 378\nSouth Hugh, NY 61873',4,4,4,NULL,'+16787260593',2002,'John Doe',2,'1','3M',NULL,NULL,NULL,NULL,NULL,0,'published',0,'2024-05-13 21:55:25','2024-05-13 21:55:25',NULL),(17,NULL,'Lexus',NULL,'Sit nesciunt omnis laborum maxime autem ex necessitatibus consequuntur. Et inventore ad consequatur quo hic.','<p class=\"text-muted\"> Objectively pursue diverse catalysts for change for interoperable meta-services. Distinctively re-engineer\n                revolutionary meta-services and premium architectures. Intrinsically incubate intuitive opportunities and\n                real-time potentialities. Appropriately communicate one-to-one technology.</p>\n\n            <p class=\"text-muted\">Intrinsically incubate intuitive opportunities and real-time potentialities Appropriately communicate\n                one-to-one technology.</p>\n\n            <p class=\"text-muted\"> Exercitation photo booth stumptown tote bag Banksy, elit small batch freegan sed. Craft beer elit\n                seitan exercitation, photo booth et 8-bit kale chips proident chillwave deep v laborum. Aliquip veniam delectus, Marfa\n                eiusmod Pinterest in do umami readymade swag.</p>','https://www.pscp.tv/','companies/3.png','42.599137','-76.725411','513 Madonna Hill\nDejahaven, NJ 10258-5702',5,5,5,NULL,'+15644080114',1982,'John Doe',2,'5','2M',NULL,NULL,NULL,NULL,NULL,0,'published',0,'2024-05-13 21:55:25','2024-05-13 21:55:25',NULL),(18,NULL,'Ondo',NULL,'Aut nisi consequatur aut fuga sed occaecati. Quas distinctio cum fuga aut omnis ad autem. Perspiciatis amet est omnis. Voluptatibus cumque tenetur reprehenderit repellat.','<p class=\"text-muted\"> Objectively pursue diverse catalysts for change for interoperable meta-services. Distinctively re-engineer\n                revolutionary meta-services and premium architectures. Intrinsically incubate intuitive opportunities and\n                real-time potentialities. Appropriately communicate one-to-one technology.</p>\n\n            <p class=\"text-muted\">Intrinsically incubate intuitive opportunities and real-time potentialities Appropriately communicate\n                one-to-one technology.</p>\n\n            <p class=\"text-muted\"> Exercitation photo booth stumptown tote bag Banksy, elit small batch freegan sed. Craft beer elit\n                seitan exercitation, photo booth et 8-bit kale chips proident chillwave deep v laborum. Aliquip veniam delectus, Marfa\n                eiusmod Pinterest in do umami readymade swag.</p>','https://ondo.mn/','companies/6.png','43.663832','-76.384147','1718 Elisha Ranch Apt. 069\nNew Jaylenhaven, OR 20454-8999',1,1,1,NULL,'+16052890885',2016,'John Doe',10,'5','6M',NULL,NULL,NULL,NULL,NULL,0,'published',0,'2024-05-13 21:55:25','2024-05-13 21:55:25',NULL),(19,NULL,'Square',NULL,'Qui similique quibusdam voluptatibus officiis ipsam dolorem minus. Ipsum dicta iste ut enim. Assumenda fugiat aut id tempore.','<p class=\"text-muted\"> Objectively pursue diverse catalysts for change for interoperable meta-services. Distinctively re-engineer\n                revolutionary meta-services and premium architectures. Intrinsically incubate intuitive opportunities and\n                real-time potentialities. Appropriately communicate one-to-one technology.</p>\n\n            <p class=\"text-muted\">Intrinsically incubate intuitive opportunities and real-time potentialities Appropriately communicate\n                one-to-one technology.</p>\n\n            <p class=\"text-muted\"> Exercitation photo booth stumptown tote bag Banksy, elit small batch freegan sed. Craft beer elit\n                seitan exercitation, photo booth et 8-bit kale chips proident chillwave deep v laborum. Aliquip veniam delectus, Marfa\n                eiusmod Pinterest in do umami readymade swag.</p>','https://squareup.com/','companies/2.png','42.994572','-76.435971','725 Denesik Branch Apt. 369\nGlenniemouth, AL 79284-7248',4,4,4,NULL,'+14455709854',1995,'John Doe',9,'3','2M',NULL,NULL,NULL,NULL,NULL,0,'published',0,'2024-05-13 21:55:25','2024-05-13 21:55:25',NULL),(20,NULL,'Visa',NULL,'Culpa est voluptates minus non repellat. Illo ab at eos error eveniet accusantium magnam.','<p class=\"text-muted\"> Objectively pursue diverse catalysts for change for interoperable meta-services. Distinctively re-engineer\n                revolutionary meta-services and premium architectures. Intrinsically incubate intuitive opportunities and\n                real-time potentialities. Appropriately communicate one-to-one technology.</p>\n\n            <p class=\"text-muted\">Intrinsically incubate intuitive opportunities and real-time potentialities Appropriately communicate\n                one-to-one technology.</p>\n\n            <p class=\"text-muted\"> Exercitation photo booth stumptown tote bag Banksy, elit small batch freegan sed. Craft beer elit\n                seitan exercitation, photo booth et 8-bit kale chips proident chillwave deep v laborum. Aliquip veniam delectus, Marfa\n                eiusmod Pinterest in do umami readymade swag.</p>','https://visa.com/','companies/8.png','43.284187','-76.374621','193 Roberts Key Suite 174\nElnamouth, MI 05289',2,2,2,NULL,'+16508006553',2007,'John Doe',3,'5','3M',NULL,NULL,NULL,NULL,NULL,0,'published',0,'2024-05-13 21:55:25','2024-05-13 21:55:25',NULL);

--
-- Table structure for table `jb_companies_accounts`
--

CREATE TABLE `jb_companies_accounts` (
  `company_id` bigint unsigned NOT NULL,
  `account_id` bigint unsigned NOT NULL
) ENGINE=InnoDB DEFAULT CHARSET=utf8mb4 COLLATE=utf8mb4_unicode_ci;

--
-- Dumping data for table `jb_companies_accounts`
--

INSERT INTO `jb_companies_accounts` VALUES (1,1),(1,4),(2,1),(2,4),(3,1),(3,4),(4,1),(4,4),(5,1),(5,4),(6,1),(6,4),(7,1),(7,4),(8,1),(8,4),(9,1),(9,4),(10,1),(10,4),(11,1),(11,4),(12,1),(12,4),(13,1),(13,4),(14,1),(14,4),(15,1),(15,4),(16,1),(16,4),(17,1),(17,4),(18,1),(18,4),(19,1),(19,4),(20,1),(20,4);

--
-- Table structure for table `jb_coupons`
--

CREATE TABLE `jb_coupons` (
  `id` bigint unsigned NOT NULL AUTO_INCREMENT,
  `type` varchar(191) COLLATE utf8mb4_unicode_ci NOT NULL,
  `code` varchar(20) COLLATE utf8mb4_unicode_ci NOT NULL,
  `value` decimal(8,2) NOT NULL,
  `quantity` int DEFAULT NULL,
  `total_used` int unsigned NOT NULL DEFAULT '0',
  `expires_date` datetime DEFAULT NULL,
  `created_at` timestamp NULL DEFAULT NULL,
  `updated_at` timestamp NULL DEFAULT NULL,
  PRIMARY KEY (`id`),
  UNIQUE KEY `jb_coupons_code_unique` (`code`)
) ENGINE=InnoDB DEFAULT CHARSET=utf8mb4 COLLATE=utf8mb4_unicode_ci;

--
-- Dumping data for table `jb_coupons`
--


--
-- Table structure for table `jb_currencies`
--

CREATE TABLE `jb_currencies` (
  `id` bigint unsigned NOT NULL AUTO_INCREMENT,
  `title` varchar(60) COLLATE utf8mb4_unicode_ci NOT NULL,
  `symbol` varchar(10) COLLATE utf8mb4_unicode_ci NOT NULL,
  `is_prefix_symbol` tinyint unsigned NOT NULL DEFAULT '0',
  `decimals` tinyint unsigned NOT NULL DEFAULT '0',
  `order` int unsigned NOT NULL DEFAULT '0',
  `is_default` tinyint NOT NULL DEFAULT '0',
  `exchange_rate` double NOT NULL DEFAULT '1',
  `created_at` timestamp NULL DEFAULT NULL,
  `updated_at` timestamp NULL DEFAULT NULL,
  PRIMARY KEY (`id`)
) ENGINE=InnoDB AUTO_INCREMENT=4 DEFAULT CHARSET=utf8mb4 COLLATE=utf8mb4_unicode_ci;

--
-- Dumping data for table `jb_currencies`
--

INSERT INTO `jb_currencies` VALUES (1,'USD','$',1,0,0,1,1,'2024-05-13 21:55:27','2024-05-13 21:55:27'),(2,'EUR','€',0,2,1,0,0.91,'2024-05-13 21:55:27','2024-05-13 21:55:27'),(3,'VND','₫',0,0,2,0,23717.5,'2024-05-13 21:55:27','2024-05-13 21:55:27');

--
-- Table structure for table `jb_custom_field_options`
--

CREATE TABLE `jb_custom_field_options` (
  `id` bigint unsigned NOT NULL AUTO_INCREMENT,
  `custom_field_id` bigint unsigned NOT NULL,
  `label` varchar(191) COLLATE utf8mb4_unicode_ci DEFAULT NULL,
  `value` varchar(191) COLLATE utf8mb4_unicode_ci NOT NULL,
  `order` int NOT NULL DEFAULT '999',
  `created_at` timestamp NULL DEFAULT NULL,
  `updated_at` timestamp NULL DEFAULT NULL,
  PRIMARY KEY (`id`)
) ENGINE=InnoDB DEFAULT CHARSET=utf8mb4 COLLATE=utf8mb4_unicode_ci;

--
-- Dumping data for table `jb_custom_field_options`
--


--
-- Table structure for table `jb_custom_field_options_translations`
--

CREATE TABLE `jb_custom_field_options_translations` (
  `lang_code` varchar(191) COLLATE utf8mb4_unicode_ci NOT NULL,
  `jb_custom_field_options_id` bigint unsigned NOT NULL,
  `label` varchar(191) COLLATE utf8mb4_unicode_ci DEFAULT NULL,
  `value` varchar(191) COLLATE utf8mb4_unicode_ci DEFAULT NULL,
  PRIMARY KEY (`lang_code`,`jb_custom_field_options_id`)
) ENGINE=InnoDB DEFAULT CHARSET=utf8mb4 COLLATE=utf8mb4_unicode_ci;

--
-- Dumping data for table `jb_custom_field_options_translations`
--


--
-- Table structure for table `jb_custom_field_values`
--

CREATE TABLE `jb_custom_field_values` (
  `id` bigint unsigned NOT NULL AUTO_INCREMENT,
  `name` varchar(191) COLLATE utf8mb4_unicode_ci DEFAULT NULL,
  `value` varchar(191) COLLATE utf8mb4_unicode_ci DEFAULT NULL,
  `reference_type` varchar(191) COLLATE utf8mb4_unicode_ci NOT NULL,
  `reference_id` bigint unsigned NOT NULL,
  `custom_field_id` bigint unsigned DEFAULT NULL,
  `created_at` timestamp NULL DEFAULT NULL,
  `updated_at` timestamp NULL DEFAULT NULL,
  PRIMARY KEY (`id`),
  KEY `jb_custom_field_values_reference_type_reference_id_index` (`reference_type`,`reference_id`)
) ENGINE=InnoDB DEFAULT CHARSET=utf8mb4 COLLATE=utf8mb4_unicode_ci;

--
-- Dumping data for table `jb_custom_field_values`
--


--
-- Table structure for table `jb_custom_field_values_translations`
--

CREATE TABLE `jb_custom_field_values_translations` (
  `lang_code` varchar(191) COLLATE utf8mb4_unicode_ci NOT NULL,
  `jb_custom_field_values_id` bigint unsigned NOT NULL,
  `name` varchar(191) COLLATE utf8mb4_unicode_ci DEFAULT NULL,
  `value` varchar(191) COLLATE utf8mb4_unicode_ci DEFAULT NULL,
  PRIMARY KEY (`lang_code`,`jb_custom_field_values_id`)
) ENGINE=InnoDB DEFAULT CHARSET=utf8mb4 COLLATE=utf8mb4_unicode_ci;

--
-- Dumping data for table `jb_custom_field_values_translations`
--


--
-- Table structure for table `jb_custom_fields`
--

CREATE TABLE `jb_custom_fields` (
  `id` bigint unsigned NOT NULL AUTO_INCREMENT,
  `name` varchar(191) COLLATE utf8mb4_unicode_ci NOT NULL,
  `type` varchar(191) COLLATE utf8mb4_unicode_ci NOT NULL,
  `order` int NOT NULL DEFAULT '999',
  `is_global` tinyint(1) NOT NULL DEFAULT '0',
  `authorable_type` varchar(191) COLLATE utf8mb4_unicode_ci DEFAULT NULL,
  `authorable_id` bigint unsigned DEFAULT NULL,
  `created_at` timestamp NULL DEFAULT NULL,
  `updated_at` timestamp NULL DEFAULT NULL,
  PRIMARY KEY (`id`),
  KEY `jb_custom_fields_authorable_type_authorable_id_index` (`authorable_type`,`authorable_id`)
) ENGINE=InnoDB DEFAULT CHARSET=utf8mb4 COLLATE=utf8mb4_unicode_ci;

--
-- Dumping data for table `jb_custom_fields`
--


--
-- Table structure for table `jb_custom_fields_translations`
--

CREATE TABLE `jb_custom_fields_translations` (
  `lang_code` varchar(191) COLLATE utf8mb4_unicode_ci NOT NULL,
  `jb_custom_fields_id` bigint unsigned NOT NULL,
  `name` varchar(191) COLLATE utf8mb4_unicode_ci DEFAULT NULL,
  `type` varchar(60) COLLATE utf8mb4_unicode_ci DEFAULT NULL,
  PRIMARY KEY (`lang_code`,`jb_custom_fields_id`)
) ENGINE=InnoDB DEFAULT CHARSET=utf8mb4 COLLATE=utf8mb4_unicode_ci;

--
-- Dumping data for table `jb_custom_fields_translations`
--


--
-- Table structure for table `jb_degree_levels`
--

CREATE TABLE `jb_degree_levels` (
  `id` bigint unsigned NOT NULL AUTO_INCREMENT,
  `name` varchar(120) COLLATE utf8mb4_unicode_ci NOT NULL,
  `order` tinyint NOT NULL DEFAULT '0',
  `is_default` tinyint unsigned NOT NULL DEFAULT '0',
  `status` varchar(60) COLLATE utf8mb4_unicode_ci NOT NULL DEFAULT 'published',
  `created_at` timestamp NULL DEFAULT NULL,
  `updated_at` timestamp NULL DEFAULT NULL,
  PRIMARY KEY (`id`)
) ENGINE=InnoDB AUTO_INCREMENT=11 DEFAULT CHARSET=utf8mb4 COLLATE=utf8mb4_unicode_ci;

--
-- Dumping data for table `jb_degree_levels`
--

INSERT INTO `jb_degree_levels` VALUES (1,'Non-Matriculation',0,0,'published','2024-05-13 21:55:23','2024-05-13 21:55:23'),(2,'Matriculation/O-Level',0,0,'published','2024-05-13 21:55:23','2024-05-13 21:55:23'),(3,'Intermediate/A-Level',0,0,'published','2024-05-13 21:55:23','2024-05-13 21:55:23'),(4,'Bachelors',0,0,'published','2024-05-13 21:55:23','2024-05-13 21:55:23'),(5,'Masters',0,0,'published','2024-05-13 21:55:23','2024-05-13 21:55:23'),(6,'MPhil/MS',0,0,'published','2024-05-13 21:55:23','2024-05-13 21:55:23'),(7,'PHD/Doctorate',0,0,'published','2024-05-13 21:55:23','2024-05-13 21:55:23'),(8,'Certification',0,0,'published','2024-05-13 21:55:23','2024-05-13 21:55:23'),(9,'Diploma',0,0,'published','2024-05-13 21:55:23','2024-05-13 21:55:23'),(10,'Short Course',0,0,'published','2024-05-13 21:55:23','2024-05-13 21:55:23');

--
-- Table structure for table `jb_degree_levels_translations`
--

CREATE TABLE `jb_degree_levels_translations` (
  `lang_code` varchar(191) COLLATE utf8mb4_unicode_ci NOT NULL,
  `jb_degree_levels_id` bigint unsigned NOT NULL,
  `name` varchar(191) COLLATE utf8mb4_unicode_ci DEFAULT NULL,
  PRIMARY KEY (`lang_code`,`jb_degree_levels_id`)
) ENGINE=InnoDB DEFAULT CHARSET=utf8mb4 COLLATE=utf8mb4_unicode_ci;

--
-- Dumping data for table `jb_degree_levels_translations`
--


--
-- Table structure for table `jb_degree_types`
--

CREATE TABLE `jb_degree_types` (
  `id` bigint unsigned NOT NULL AUTO_INCREMENT,
  `name` varchar(120) COLLATE utf8mb4_unicode_ci NOT NULL,
  `degree_level_id` bigint unsigned NOT NULL,
  `order` tinyint NOT NULL DEFAULT '0',
  `is_default` tinyint unsigned NOT NULL DEFAULT '0',
  `status` varchar(60) COLLATE utf8mb4_unicode_ci NOT NULL DEFAULT 'published',
  `created_at` timestamp NULL DEFAULT NULL,
  `updated_at` timestamp NULL DEFAULT NULL,
  PRIMARY KEY (`id`)
) ENGINE=InnoDB AUTO_INCREMENT=34 DEFAULT CHARSET=utf8mb4 COLLATE=utf8mb4_unicode_ci;

--
-- Dumping data for table `jb_degree_types`
--

INSERT INTO `jb_degree_types` VALUES (1,'Matric in Arts',2,0,0,'published','2024-05-13 21:55:23','2024-05-13 21:55:23'),(2,'Matric in Science',2,0,0,'published','2024-05-13 21:55:23','2024-05-13 21:55:23'),(3,'O-Levels',2,0,0,'published','2024-05-13 21:55:23','2024-05-13 21:55:23'),(4,'A-Levels',3,0,0,'published','2024-05-13 21:55:23','2024-05-13 21:55:23'),(5,'Faculty of Arts',3,0,0,'published','2024-05-13 21:55:23','2024-05-13 21:55:23'),(6,'Faculty of Science (Pre-medical)',3,0,0,'published','2024-05-13 21:55:23','2024-05-13 21:55:23'),(7,'Faculty of Science (Pre-Engineering)',3,0,0,'published','2024-05-13 21:55:23','2024-05-13 21:55:23'),(8,'Intermediate in Computer Science',3,0,0,'published','2024-05-13 21:55:23','2024-05-13 21:55:23'),(9,'Intermediate in Commerce',3,0,0,'published','2024-05-13 21:55:23','2024-05-13 21:55:23'),(10,'Intermediate in General Science',3,0,0,'published','2024-05-13 21:55:23','2024-05-13 21:55:23'),(11,'Bachelors in Arts',4,0,0,'published','2024-05-13 21:55:23','2024-05-13 21:55:23'),(12,'Bachelors in Architecture',4,0,0,'published','2024-05-13 21:55:23','2024-05-13 21:55:23'),(13,'Bachelors in Business Administration',4,0,0,'published','2024-05-13 21:55:23','2024-05-13 21:55:23'),(14,'Bachelors in Commerce',4,0,0,'published','2024-05-13 21:55:23','2024-05-13 21:55:23'),(15,'Bachelors of Dental Surgery',4,0,0,'published','2024-05-13 21:55:23','2024-05-13 21:55:23'),(16,'Bachelors of Education',4,0,0,'published','2024-05-13 21:55:23','2024-05-13 21:55:23'),(17,'Bachelors in Engineering',4,0,0,'published','2024-05-13 21:55:23','2024-05-13 21:55:23'),(18,'Bachelors in Pharmacy',4,0,0,'published','2024-05-13 21:55:23','2024-05-13 21:55:23'),(19,'Bachelors in Science',4,0,0,'published','2024-05-13 21:55:23','2024-05-13 21:55:23'),(20,'Bachelors of Science in Nursing (Registered Nursing)',4,0,0,'published','2024-05-13 21:55:23','2024-05-13 21:55:23'),(21,'Bachelors in Law',4,0,0,'published','2024-05-13 21:55:23','2024-05-13 21:55:23'),(22,'Bachelors in Technology',4,0,0,'published','2024-05-13 21:55:23','2024-05-13 21:55:23'),(23,'BCS/BS',4,0,0,'published','2024-05-13 21:55:23','2024-05-13 21:55:23'),(24,'Doctor of Veterinary Medicine',4,0,0,'published','2024-05-13 21:55:23','2024-05-13 21:55:23'),(25,'MBBS',4,0,0,'published','2024-05-13 21:55:23','2024-05-13 21:55:23'),(26,'Post Registered Nursing B.S.',4,0,0,'published','2024-05-13 21:55:23','2024-05-13 21:55:23'),(27,'Masters in Arts',5,0,0,'published','2024-05-13 21:55:23','2024-05-13 21:55:23'),(28,'Masters in Business Administration',5,0,0,'published','2024-05-13 21:55:23','2024-05-13 21:55:23'),(29,'Masters in Commerce',5,0,0,'published','2024-05-13 21:55:23','2024-05-13 21:55:23'),(30,'Masters of Education',5,0,0,'published','2024-05-13 21:55:23','2024-05-13 21:55:23'),(31,'Masters in Law',5,0,0,'published','2024-05-13 21:55:23','2024-05-13 21:55:23'),(32,'Masters in Science',5,0,0,'published','2024-05-13 21:55:23','2024-05-13 21:55:23'),(33,'Executive Masters in Business Administration',5,0,0,'published','2024-05-13 21:55:23','2024-05-13 21:55:23');

--
-- Table structure for table `jb_degree_types_translations`
--

CREATE TABLE `jb_degree_types_translations` (
  `lang_code` varchar(191) COLLATE utf8mb4_unicode_ci NOT NULL,
  `jb_degree_types_id` bigint unsigned NOT NULL,
  `name` varchar(191) COLLATE utf8mb4_unicode_ci DEFAULT NULL,
  PRIMARY KEY (`lang_code`,`jb_degree_types_id`)
) ENGINE=InnoDB DEFAULT CHARSET=utf8mb4 COLLATE=utf8mb4_unicode_ci;

--
-- Dumping data for table `jb_degree_types_translations`
--


--
-- Table structure for table `jb_functional_areas`
--

CREATE TABLE `jb_functional_areas` (
  `id` bigint unsigned NOT NULL AUTO_INCREMENT,
  `name` varchar(120) COLLATE utf8mb4_unicode_ci NOT NULL,
  `order` tinyint NOT NULL DEFAULT '0',
  `is_default` tinyint unsigned NOT NULL DEFAULT '0',
  `status` varchar(60) COLLATE utf8mb4_unicode_ci NOT NULL DEFAULT 'published',
  `created_at` timestamp NULL DEFAULT NULL,
  `updated_at` timestamp NULL DEFAULT NULL,
  PRIMARY KEY (`id`)
) ENGINE=InnoDB AUTO_INCREMENT=157 DEFAULT CHARSET=utf8mb4 COLLATE=utf8mb4_unicode_ci;

--
-- Dumping data for table `jb_functional_areas`
--

INSERT INTO `jb_functional_areas` VALUES (1,'Accountant',0,0,'published','2024-05-13 21:55:23','2024-05-13 21:55:23'),(2,'Accounts, Finance &amp; Financial Services',0,0,'published','2024-05-13 21:55:23','2024-05-13 21:55:23'),(3,'Admin',0,0,'published','2024-05-13 21:55:23','2024-05-13 21:55:23'),(4,'Admin Operation',0,0,'published','2024-05-13 21:55:23','2024-05-13 21:55:23'),(5,'Administration',0,0,'published','2024-05-13 21:55:23','2024-05-13 21:55:23'),(6,'Administration Clerical',0,0,'published','2024-05-13 21:55:23','2024-05-13 21:55:23'),(7,'Advertising',0,0,'published','2024-05-13 21:55:23','2024-05-13 21:55:23'),(8,'Advertising',0,0,'published','2024-05-13 21:55:23','2024-05-13 21:55:23'),(9,'Advertisement',0,0,'published','2024-05-13 21:55:23','2024-05-13 21:55:23'),(10,'Architects &amp; Construction',0,0,'published','2024-05-13 21:55:23','2024-05-13 21:55:23'),(11,'Architecture',0,0,'published','2024-05-13 21:55:23','2024-05-13 21:55:23'),(12,'Bank Operation',0,0,'published','2024-05-13 21:55:23','2024-05-13 21:55:23'),(13,'Business Development',0,0,'published','2024-05-13 21:55:23','2024-05-13 21:55:23'),(14,'Business Management',0,0,'published','2024-05-13 21:55:23','2024-05-13 21:55:23'),(15,'Business Systems Analyst',0,0,'published','2024-05-13 21:55:23','2024-05-13 21:55:23'),(16,'Clerical',0,0,'published','2024-05-13 21:55:23','2024-05-13 21:55:23'),(17,'Client Services &amp; Customer Support',0,0,'published','2024-05-13 21:55:23','2024-05-13 21:55:23'),(18,'Computer Hardware',0,0,'published','2024-05-13 21:55:23','2024-05-13 21:55:23'),(19,'Computer Networking',0,0,'published','2024-05-13 21:55:23','2024-05-13 21:55:23'),(20,'Consultant',0,0,'published','2024-05-13 21:55:23','2024-05-13 21:55:23'),(21,'Content Writer',0,0,'published','2024-05-13 21:55:23','2024-05-13 21:55:23'),(22,'Corporate Affairs',0,0,'published','2024-05-13 21:55:23','2024-05-13 21:55:23'),(23,'Creative Design',0,0,'published','2024-05-13 21:55:23','2024-05-13 21:55:23'),(24,'Creative Writer',0,0,'published','2024-05-13 21:55:23','2024-05-13 21:55:23'),(25,'Customer Support',0,0,'published','2024-05-13 21:55:23','2024-05-13 21:55:23'),(26,'Data Entry',0,0,'published','2024-05-13 21:55:23','2024-05-13 21:55:23'),(27,'Data Entry Operator',0,0,'published','2024-05-13 21:55:23','2024-05-13 21:55:23'),(28,'Database Administration (DBA)',0,0,'published','2024-05-13 21:55:23','2024-05-13 21:55:23'),(29,'Development',0,0,'published','2024-05-13 21:55:23','2024-05-13 21:55:23'),(30,'Distribution &amp; Logistics',0,0,'published','2024-05-13 21:55:23','2024-05-13 21:55:23'),(31,'Education &amp; Training',0,0,'published','2024-05-13 21:55:23','2024-05-13 21:55:23'),(32,'Electronics Technician',0,0,'published','2024-05-13 21:55:23','2024-05-13 21:55:23'),(33,'Engineering',0,0,'published','2024-05-13 21:55:23','2024-05-13 21:55:23'),(34,'Engineering Construction',0,0,'published','2024-05-13 21:55:23','2024-05-13 21:55:23'),(35,'Executive Management',0,0,'published','2024-05-13 21:55:23','2024-05-13 21:55:23'),(36,'Executive Secretary',0,0,'published','2024-05-13 21:55:23','2024-05-13 21:55:23'),(37,'Field Operations',0,0,'published','2024-05-13 21:55:23','2024-05-13 21:55:23'),(38,'Front Desk Clerk',0,0,'published','2024-05-13 21:55:23','2024-05-13 21:55:23'),(39,'Front Desk Officer',0,0,'published','2024-05-13 21:55:23','2024-05-13 21:55:23'),(40,'Graphic Design',0,0,'published','2024-05-13 21:55:23','2024-05-13 21:55:23'),(41,'Hardware',0,0,'published','2024-05-13 21:55:23','2024-05-13 21:55:23'),(42,'Health &amp; Medicine',0,0,'published','2024-05-13 21:55:23','2024-05-13 21:55:23'),(43,'Health &amp; Safety',0,0,'published','2024-05-13 21:55:23','2024-05-13 21:55:23'),(44,'Health Care',0,0,'published','2024-05-13 21:55:23','2024-05-13 21:55:23'),(45,'Health Related',0,0,'published','2024-05-13 21:55:23','2024-05-13 21:55:23'),(46,'Hotel Management',0,0,'published','2024-05-13 21:55:23','2024-05-13 21:55:23'),(47,'Hotel/Restaurant Management',0,0,'published','2024-05-13 21:55:23','2024-05-13 21:55:23'),(48,'HR',0,0,'published','2024-05-13 21:55:23','2024-05-13 21:55:23'),(49,'Human Resources',0,0,'published','2024-05-13 21:55:23','2024-05-13 21:55:23'),(50,'Import &amp; Export',0,0,'published','2024-05-13 21:55:23','2024-05-13 21:55:23'),(51,'Industrial Production',0,0,'published','2024-05-13 21:55:23','2024-05-13 21:55:23'),(52,'Installation &amp; Repair',0,0,'published','2024-05-13 21:55:23','2024-05-13 21:55:23'),(53,'Interior Designers &amp; Architects',0,0,'published','2024-05-13 21:55:23','2024-05-13 21:55:23'),(54,'Intern',0,0,'published','2024-05-13 21:55:23','2024-05-13 21:55:23'),(55,'Internship',0,0,'published','2024-05-13 21:55:23','2024-05-13 21:55:23'),(56,'Investment Operations',0,0,'published','2024-05-13 21:55:23','2024-05-13 21:55:23'),(57,'IT Security',0,0,'published','2024-05-13 21:55:23','2024-05-13 21:55:23'),(58,'IT Systems Analyst',0,0,'published','2024-05-13 21:55:23','2024-05-13 21:55:23'),(59,'Legal &amp; Corporate Affairs',0,0,'published','2024-05-13 21:55:23','2024-05-13 21:55:23'),(60,'Legal Affairs',0,0,'published','2024-05-13 21:55:23','2024-05-13 21:55:23'),(61,'Legal Research',0,0,'published','2024-05-13 21:55:23','2024-05-13 21:55:23'),(62,'Logistics &amp; Warehousing',0,0,'published','2024-05-13 21:55:23','2024-05-13 21:55:23'),(63,'Maintenance/Repair',0,0,'published','2024-05-13 21:55:23','2024-05-13 21:55:23'),(64,'Management Consulting',0,0,'published','2024-05-13 21:55:23','2024-05-13 21:55:23'),(65,'Management Information System (MIS)',0,0,'published','2024-05-13 21:55:23','2024-05-13 21:55:23'),(66,'Managerial',0,0,'published','2024-05-13 21:55:23','2024-05-13 21:55:23'),(67,'Manufacturing',0,0,'published','2024-05-13 21:55:23','2024-05-13 21:55:23'),(68,'Manufacturing &amp; Operations',0,0,'published','2024-05-13 21:55:23','2024-05-13 21:55:23'),(69,'Marketing',0,0,'published','2024-05-13 21:55:23','2024-05-13 21:55:23'),(70,'Marketing',0,0,'published','2024-05-13 21:55:23','2024-05-13 21:55:23'),(71,'Media - Print &amp; Electronic',0,0,'published','2024-05-13 21:55:24','2024-05-13 21:55:24'),(72,'Media &amp; Advertising',0,0,'published','2024-05-13 21:55:24','2024-05-13 21:55:24'),(73,'Medical',0,0,'published','2024-05-13 21:55:24','2024-05-13 21:55:24'),(74,'Medicine',0,0,'published','2024-05-13 21:55:24','2024-05-13 21:55:24'),(75,'Merchandising',0,0,'published','2024-05-13 21:55:24','2024-05-13 21:55:24'),(76,'Merchandising &amp; Product Management',0,0,'published','2024-05-13 21:55:24','2024-05-13 21:55:24'),(77,'Monitoring &amp; Evaluation (M&amp;E)',0,0,'published','2024-05-13 21:55:24','2024-05-13 21:55:24'),(78,'Network Administration',0,0,'published','2024-05-13 21:55:24','2024-05-13 21:55:24'),(79,'Network Operation',0,0,'published','2024-05-13 21:55:24','2024-05-13 21:55:24'),(80,'Online Advertising',0,0,'published','2024-05-13 21:55:24','2024-05-13 21:55:24'),(81,'Online Marketing',0,0,'published','2024-05-13 21:55:24','2024-05-13 21:55:24'),(82,'Operations',0,0,'published','2024-05-13 21:55:24','2024-05-13 21:55:24'),(83,'Planning',0,0,'published','2024-05-13 21:55:24','2024-05-13 21:55:24'),(84,'Planning &amp; Development',0,0,'published','2024-05-13 21:55:24','2024-05-13 21:55:24'),(85,'PR',0,0,'published','2024-05-13 21:55:24','2024-05-13 21:55:24'),(86,'Print Media',0,0,'published','2024-05-13 21:55:24','2024-05-13 21:55:24'),(87,'Printing',0,0,'published','2024-05-13 21:55:24','2024-05-13 21:55:24'),(88,'Procurement',0,0,'published','2024-05-13 21:55:24','2024-05-13 21:55:24'),(89,'Product Developer',0,0,'published','2024-05-13 21:55:24','2024-05-13 21:55:24'),(90,'Product Development',0,0,'published','2024-05-13 21:55:24','2024-05-13 21:55:24'),(91,'Product Development',0,0,'published','2024-05-13 21:55:24','2024-05-13 21:55:24'),(92,'Product Management',0,0,'published','2024-05-13 21:55:24','2024-05-13 21:55:24'),(93,'Production',0,0,'published','2024-05-13 21:55:24','2024-05-13 21:55:24'),(94,'Production &amp; Quality Control',0,0,'published','2024-05-13 21:55:24','2024-05-13 21:55:24'),(95,'Project Management',0,0,'published','2024-05-13 21:55:24','2024-05-13 21:55:24'),(96,'Project Management Consultant',0,0,'published','2024-05-13 21:55:24','2024-05-13 21:55:24'),(97,'Public Relations',0,0,'published','2024-05-13 21:55:24','2024-05-13 21:55:24'),(98,'QA',0,0,'published','2024-05-13 21:55:24','2024-05-13 21:55:24'),(99,'QC',0,0,'published','2024-05-13 21:55:24','2024-05-13 21:55:24'),(100,'Qualitative Research',0,0,'published','2024-05-13 21:55:24','2024-05-13 21:55:24'),(101,'Quality Assurance (QA)',0,0,'published','2024-05-13 21:55:24','2024-05-13 21:55:24'),(102,'Quality Control',0,0,'published','2024-05-13 21:55:24','2024-05-13 21:55:24'),(103,'Quality Inspection',0,0,'published','2024-05-13 21:55:24','2024-05-13 21:55:24'),(104,'Recruiting',0,0,'published','2024-05-13 21:55:24','2024-05-13 21:55:24'),(105,'Recruitment',0,0,'published','2024-05-13 21:55:24','2024-05-13 21:55:24'),(106,'Repair &amp; Overhaul',0,0,'published','2024-05-13 21:55:24','2024-05-13 21:55:24'),(107,'Research &amp; Development (R&amp;D)',0,0,'published','2024-05-13 21:55:24','2024-05-13 21:55:24'),(108,'Research &amp; Evaluation',0,0,'published','2024-05-13 21:55:24','2024-05-13 21:55:24'),(109,'Research &amp; Fellowships',0,0,'published','2024-05-13 21:55:24','2024-05-13 21:55:24'),(110,'Researcher',0,0,'published','2024-05-13 21:55:24','2024-05-13 21:55:24'),(111,'Restaurant Management',0,0,'published','2024-05-13 21:55:24','2024-05-13 21:55:24'),(112,'Retail',0,0,'published','2024-05-13 21:55:24','2024-05-13 21:55:24'),(113,'Retail &amp; Wholesale',0,0,'published','2024-05-13 21:55:24','2024-05-13 21:55:24'),(114,'Retail Buyer',0,0,'published','2024-05-13 21:55:24','2024-05-13 21:55:24'),(115,'Retail Buying',0,0,'published','2024-05-13 21:55:24','2024-05-13 21:55:24'),(116,'Retail Merchandising',0,0,'published','2024-05-13 21:55:24','2024-05-13 21:55:24'),(117,'Safety &amp; Environment',0,0,'published','2024-05-13 21:55:24','2024-05-13 21:55:24'),(118,'Sales',0,0,'published','2024-05-13 21:55:24','2024-05-13 21:55:24'),(119,'Sales &amp; Business Development',0,0,'published','2024-05-13 21:55:24','2024-05-13 21:55:24'),(120,'Sales Support',0,0,'published','2024-05-13 21:55:24','2024-05-13 21:55:24'),(121,'Search Engine Optimization (SEO)',0,0,'published','2024-05-13 21:55:24','2024-05-13 21:55:24'),(122,'Secretarial, Clerical &amp; Front Office',0,0,'published','2024-05-13 21:55:24','2024-05-13 21:55:24'),(123,'Security',0,0,'published','2024-05-13 21:55:24','2024-05-13 21:55:24'),(124,'Security &amp; Environment',0,0,'published','2024-05-13 21:55:24','2024-05-13 21:55:24'),(125,'Security Guard',0,0,'published','2024-05-13 21:55:24','2024-05-13 21:55:24'),(126,'SEM',0,0,'published','2024-05-13 21:55:24','2024-05-13 21:55:24'),(127,'SMO',0,0,'published','2024-05-13 21:55:24','2024-05-13 21:55:24'),(128,'Software &amp; Web Development',0,0,'published','2024-05-13 21:55:24','2024-05-13 21:55:24'),(129,'Software Engineer',0,0,'published','2024-05-13 21:55:24','2024-05-13 21:55:24'),(130,'Software Testing',0,0,'published','2024-05-13 21:55:24','2024-05-13 21:55:24'),(131,'Stores &amp; Warehousing',0,0,'published','2024-05-13 21:55:24','2024-05-13 21:55:24'),(132,'Supply Chain',0,0,'published','2024-05-13 21:55:24','2024-05-13 21:55:24'),(133,'Supply Chain Management',0,0,'published','2024-05-13 21:55:24','2024-05-13 21:55:24'),(134,'Systems Analyst',0,0,'published','2024-05-13 21:55:24','2024-05-13 21:55:24'),(135,'Teachers/Education, Training &amp; Development',0,0,'published','2024-05-13 21:55:24','2024-05-13 21:55:24'),(136,'Technical Writer',0,0,'published','2024-05-13 21:55:24','2024-05-13 21:55:24'),(137,'Tele Sale Representative',0,0,'published','2024-05-13 21:55:24','2024-05-13 21:55:24'),(138,'Telemarketing',0,0,'published','2024-05-13 21:55:24','2024-05-13 21:55:24'),(139,'Training &amp; Development',0,0,'published','2024-05-13 21:55:24','2024-05-13 21:55:24'),(140,'Transportation &amp; Warehousing',0,0,'published','2024-05-13 21:55:24','2024-05-13 21:55:24'),(141,'TSR',0,0,'published','2024-05-13 21:55:24','2024-05-13 21:55:24'),(142,'Typing',0,0,'published','2024-05-13 21:55:24','2024-05-13 21:55:24'),(143,'Warehousing',0,0,'published','2024-05-13 21:55:24','2024-05-13 21:55:24'),(144,'Web Developer',0,0,'published','2024-05-13 21:55:24','2024-05-13 21:55:24'),(145,'Web Marketing',0,0,'published','2024-05-13 21:55:24','2024-05-13 21:55:24'),(146,'Writer',0,0,'published','2024-05-13 21:55:24','2024-05-13 21:55:24'),(147,'PR',0,0,'published','2024-05-13 21:55:24','2024-05-13 21:55:24'),(148,'QA',0,0,'published','2024-05-13 21:55:24','2024-05-13 21:55:24'),(149,'QC',0,0,'published','2024-05-13 21:55:24','2024-05-13 21:55:24'),(150,'SEM',0,0,'published','2024-05-13 21:55:24','2024-05-13 21:55:24'),(151,'SMO',0,0,'published','2024-05-13 21:55:24','2024-05-13 21:55:24'),(152,'TSR',0,0,'published','2024-05-13 21:55:24','2024-05-13 21:55:24'),(153,'HR',0,0,'published','2024-05-13 21:55:24','2024-05-13 21:55:24'),(154,'QA',0,0,'published','2024-05-13 21:55:24','2024-05-13 21:55:24'),(155,'QC',0,0,'published','2024-05-13 21:55:24','2024-05-13 21:55:24'),(156,'SEM',0,0,'published','2024-05-13 21:55:24','2024-05-13 21:55:24');

--
-- Table structure for table `jb_functional_areas_translations`
--

CREATE TABLE `jb_functional_areas_translations` (
  `lang_code` varchar(191) COLLATE utf8mb4_unicode_ci NOT NULL,
  `jb_functional_areas_id` bigint unsigned NOT NULL,
  `name` varchar(191) COLLATE utf8mb4_unicode_ci DEFAULT NULL,
  PRIMARY KEY (`lang_code`,`jb_functional_areas_id`)
) ENGINE=InnoDB DEFAULT CHARSET=utf8mb4 COLLATE=utf8mb4_unicode_ci;

--
-- Dumping data for table `jb_functional_areas_translations`
--


--
-- Table structure for table `jb_invoice_items`
--

CREATE TABLE `jb_invoice_items` (
  `id` bigint unsigned NOT NULL AUTO_INCREMENT,
  `invoice_id` bigint unsigned NOT NULL,
  `reference_type` varchar(191) COLLATE utf8mb4_unicode_ci NOT NULL,
  `reference_id` bigint unsigned NOT NULL,
  `name` varchar(191) COLLATE utf8mb4_unicode_ci NOT NULL,
  `description` varchar(400) COLLATE utf8mb4_unicode_ci DEFAULT NULL,
  `image` varchar(191) COLLATE utf8mb4_unicode_ci DEFAULT NULL,
  `qty` int unsigned NOT NULL,
  `sub_total` decimal(15,2) unsigned NOT NULL,
  `tax_amount` decimal(15,2) unsigned NOT NULL DEFAULT '0.00',
  `discount_amount` decimal(15,2) unsigned NOT NULL DEFAULT '0.00',
  `amount` decimal(15,2) unsigned NOT NULL,
  `metadata` text COLLATE utf8mb4_unicode_ci,
  `created_at` timestamp NULL DEFAULT NULL,
  `updated_at` timestamp NULL DEFAULT NULL,
  PRIMARY KEY (`id`),
  KEY `jb_invoice_items_reference_type_reference_id_index` (`reference_type`,`reference_id`)
) ENGINE=InnoDB DEFAULT CHARSET=utf8mb4 COLLATE=utf8mb4_unicode_ci;

--
-- Dumping data for table `jb_invoice_items`
--


--
-- Table structure for table `jb_invoices`
--

CREATE TABLE `jb_invoices` (
  `id` bigint unsigned NOT NULL AUTO_INCREMENT,
  `reference_type` varchar(191) COLLATE utf8mb4_unicode_ci NOT NULL,
  `reference_id` bigint unsigned NOT NULL,
  `code` varchar(191) COLLATE utf8mb4_unicode_ci NOT NULL,
  `customer_name` varchar(191) COLLATE utf8mb4_unicode_ci NOT NULL,
  `company_name` varchar(191) COLLATE utf8mb4_unicode_ci DEFAULT NULL,
  `company_logo` varchar(191) COLLATE utf8mb4_unicode_ci DEFAULT NULL,
  `customer_email` varchar(191) COLLATE utf8mb4_unicode_ci NOT NULL,
  `customer_phone` varchar(191) COLLATE utf8mb4_unicode_ci DEFAULT NULL,
  `customer_address` varchar(191) COLLATE utf8mb4_unicode_ci DEFAULT NULL,
  `tax_id` varchar(191) COLLATE utf8mb4_unicode_ci DEFAULT NULL,
  `sub_total` decimal(15,2) unsigned NOT NULL,
  `tax_amount` decimal(15,2) unsigned NOT NULL DEFAULT '0.00',
  `shipping_amount` decimal(15,2) unsigned NOT NULL DEFAULT '0.00',
  `discount_amount` decimal(15,2) unsigned NOT NULL DEFAULT '0.00',
  `coupon_code` varchar(191) COLLATE utf8mb4_unicode_ci DEFAULT NULL,
  `amount` decimal(15,2) unsigned NOT NULL,
  `payment_id` int unsigned DEFAULT NULL,
  `status` varchar(191) COLLATE utf8mb4_unicode_ci NOT NULL DEFAULT 'pending',
  `paid_at` timestamp NULL DEFAULT NULL,
  `created_at` timestamp NULL DEFAULT NULL,
  `updated_at` timestamp NULL DEFAULT NULL,
  PRIMARY KEY (`id`),
  UNIQUE KEY `jb_invoices_code_unique` (`code`),
  KEY `jb_invoices_reference_type_reference_id_index` (`reference_type`,`reference_id`),
  KEY `jb_invoices_payment_id_index` (`payment_id`),
  KEY `jb_invoices_status_index` (`status`)
) ENGINE=InnoDB DEFAULT CHARSET=utf8mb4 COLLATE=utf8mb4_unicode_ci;

--
-- Dumping data for table `jb_invoices`
--


--
-- Table structure for table `jb_job_experiences`
--

CREATE TABLE `jb_job_experiences` (
  `id` bigint unsigned NOT NULL AUTO_INCREMENT,
  `name` varchar(120) COLLATE utf8mb4_unicode_ci NOT NULL,
  `order` tinyint NOT NULL DEFAULT '0',
  `is_default` tinyint unsigned NOT NULL DEFAULT '0',
  `status` varchar(60) COLLATE utf8mb4_unicode_ci NOT NULL DEFAULT 'published',
  `created_at` timestamp NULL DEFAULT NULL,
  `updated_at` timestamp NULL DEFAULT NULL,
  PRIMARY KEY (`id`)
) ENGINE=InnoDB AUTO_INCREMENT=13 DEFAULT CHARSET=utf8mb4 COLLATE=utf8mb4_unicode_ci;

--
-- Dumping data for table `jb_job_experiences`
--

INSERT INTO `jb_job_experiences` VALUES (1,'Fresh',0,0,'published','2024-05-13 21:55:25','2024-05-13 21:55:25'),(2,'Less Than 1 Year',1,0,'published','2024-05-13 21:55:25','2024-05-13 21:55:25'),(3,'1 Year',2,0,'published','2024-05-13 21:55:25','2024-05-13 21:55:25'),(4,'2 Year',3,0,'published','2024-05-13 21:55:25','2024-05-13 21:55:25'),(5,'3 Year',4,0,'published','2024-05-13 21:55:25','2024-05-13 21:55:25'),(6,'4 Year',5,0,'published','2024-05-13 21:55:25','2024-05-13 21:55:25'),(7,'5 Year',6,0,'published','2024-05-13 21:55:25','2024-05-13 21:55:25'),(8,'6 Year',7,0,'published','2024-05-13 21:55:25','2024-05-13 21:55:25'),(9,'7 Year',8,0,'published','2024-05-13 21:55:25','2024-05-13 21:55:25'),(10,'8 Year',9,0,'published','2024-05-13 21:55:25','2024-05-13 21:55:25'),(11,'9 Year',10,0,'published','2024-05-13 21:55:25','2024-05-13 21:55:25'),(12,'10 Year',11,0,'published','2024-05-13 21:55:25','2024-05-13 21:55:25');

--
-- Table structure for table `jb_job_experiences_translations`
--

CREATE TABLE `jb_job_experiences_translations` (
  `lang_code` varchar(191) COLLATE utf8mb4_unicode_ci NOT NULL,
  `jb_job_experiences_id` bigint unsigned NOT NULL,
  `name` varchar(191) COLLATE utf8mb4_unicode_ci DEFAULT NULL,
  PRIMARY KEY (`lang_code`,`jb_job_experiences_id`)
) ENGINE=InnoDB DEFAULT CHARSET=utf8mb4 COLLATE=utf8mb4_unicode_ci;

--
-- Dumping data for table `jb_job_experiences_translations`
--


--
-- Table structure for table `jb_job_shifts`
--

CREATE TABLE `jb_job_shifts` (
  `id` bigint unsigned NOT NULL AUTO_INCREMENT,
  `name` varchar(120) COLLATE utf8mb4_unicode_ci NOT NULL,
  `order` tinyint NOT NULL DEFAULT '0',
  `is_default` tinyint unsigned NOT NULL DEFAULT '0',
  `status` varchar(60) COLLATE utf8mb4_unicode_ci NOT NULL DEFAULT 'published',
  `created_at` timestamp NULL DEFAULT NULL,
  `updated_at` timestamp NULL DEFAULT NULL,
  PRIMARY KEY (`id`)
) ENGINE=InnoDB AUTO_INCREMENT=5 DEFAULT CHARSET=utf8mb4 COLLATE=utf8mb4_unicode_ci;

--
-- Dumping data for table `jb_job_shifts`
--

INSERT INTO `jb_job_shifts` VALUES (1,'First Shift (Day)',0,0,'published','2024-05-13 21:55:25','2024-05-13 21:55:25'),(2,'Second Shift (Afternoon)',0,0,'published','2024-05-13 21:55:25','2024-05-13 21:55:25'),(3,'Third Shift (Night)',0,0,'published','2024-05-13 21:55:25','2024-05-13 21:55:25'),(4,'Rotating',0,0,'published','2024-05-13 21:55:25','2024-05-13 21:55:25');

--
-- Table structure for table `jb_job_shifts_translations`
--

CREATE TABLE `jb_job_shifts_translations` (
  `lang_code` varchar(191) COLLATE utf8mb4_unicode_ci NOT NULL,
  `jb_job_shifts_id` bigint unsigned NOT NULL,
  `name` varchar(191) COLLATE utf8mb4_unicode_ci DEFAULT NULL,
  PRIMARY KEY (`lang_code`,`jb_job_shifts_id`)
) ENGINE=InnoDB DEFAULT CHARSET=utf8mb4 COLLATE=utf8mb4_unicode_ci;

--
-- Dumping data for table `jb_job_shifts_translations`
--


--
-- Table structure for table `jb_job_skills`
--

CREATE TABLE `jb_job_skills` (
  `id` bigint unsigned NOT NULL AUTO_INCREMENT,
  `name` varchar(120) COLLATE utf8mb4_unicode_ci NOT NULL,
  `order` tinyint NOT NULL DEFAULT '0',
  `is_default` tinyint unsigned NOT NULL DEFAULT '0',
  `status` varchar(60) COLLATE utf8mb4_unicode_ci NOT NULL DEFAULT 'published',
  `created_at` timestamp NULL DEFAULT NULL,
  `updated_at` timestamp NULL DEFAULT NULL,
  PRIMARY KEY (`id`)
) ENGINE=InnoDB AUTO_INCREMENT=10 DEFAULT CHARSET=utf8mb4 COLLATE=utf8mb4_unicode_ci;

--
-- Dumping data for table `jb_job_skills`
--

INSERT INTO `jb_job_skills` VALUES (1,'JavaScript',0,0,'published','2024-05-13 21:55:25','2024-05-13 21:55:25'),(2,'PHP',0,0,'published','2024-05-13 21:55:25','2024-05-13 21:55:25'),(3,'Python',0,0,'published','2024-05-13 21:55:25','2024-05-13 21:55:25'),(4,'Laravel',0,0,'published','2024-05-13 21:55:25','2024-05-13 21:55:25'),(5,'CakePHP',0,0,'published','2024-05-13 21:55:25','2024-05-13 21:55:25'),(6,'WordPress',0,0,'published','2024-05-13 21:55:25','2024-05-13 21:55:25'),(7,'Flutter',0,0,'published','2024-05-13 21:55:25','2024-05-13 21:55:25'),(8,'FilamentPHP',0,0,'published','2024-05-13 21:55:25','2024-05-13 21:55:25'),(9,'React.js',0,0,'published','2024-05-13 21:55:25','2024-05-13 21:55:25');

--
-- Table structure for table `jb_job_skills_translations`
--

CREATE TABLE `jb_job_skills_translations` (
  `lang_code` varchar(191) COLLATE utf8mb4_unicode_ci NOT NULL,
  `jb_job_skills_id` bigint unsigned NOT NULL,
  `name` varchar(191) COLLATE utf8mb4_unicode_ci DEFAULT NULL,
  PRIMARY KEY (`lang_code`,`jb_job_skills_id`)
) ENGINE=InnoDB DEFAULT CHARSET=utf8mb4 COLLATE=utf8mb4_unicode_ci;

--
-- Dumping data for table `jb_job_skills_translations`
--


--
-- Table structure for table `jb_job_types`
--

CREATE TABLE `jb_job_types` (
  `id` bigint unsigned NOT NULL AUTO_INCREMENT,
  `name` varchar(120) COLLATE utf8mb4_unicode_ci NOT NULL,
  `order` tinyint NOT NULL DEFAULT '0',
  `is_default` tinyint unsigned NOT NULL DEFAULT '0',
  `status` varchar(60) COLLATE utf8mb4_unicode_ci NOT NULL DEFAULT 'published',
  `created_at` timestamp NULL DEFAULT NULL,
  `updated_at` timestamp NULL DEFAULT NULL,
  PRIMARY KEY (`id`)
) ENGINE=InnoDB AUTO_INCREMENT=6 DEFAULT CHARSET=utf8mb4 COLLATE=utf8mb4_unicode_ci;

--
-- Dumping data for table `jb_job_types`
--

INSERT INTO `jb_job_types` VALUES (1,'Contract',0,0,'published','2024-05-13 21:55:25','2024-05-13 21:55:25'),(2,'Freelance',0,0,'published','2024-05-13 21:55:25','2024-05-13 21:55:25'),(3,'Full Time',0,1,'published','2024-05-13 21:55:25','2024-05-13 21:55:25'),(4,'Internship',0,0,'published','2024-05-13 21:55:25','2024-05-13 21:55:25'),(5,'Part Time',0,0,'published','2024-05-13 21:55:25','2024-05-13 21:55:25');

--
-- Table structure for table `jb_job_types_translations`
--

CREATE TABLE `jb_job_types_translations` (
  `lang_code` varchar(191) COLLATE utf8mb4_unicode_ci NOT NULL,
  `jb_job_types_id` bigint unsigned NOT NULL,
  `name` varchar(191) COLLATE utf8mb4_unicode_ci DEFAULT NULL,
  PRIMARY KEY (`lang_code`,`jb_job_types_id`)
) ENGINE=InnoDB DEFAULT CHARSET=utf8mb4 COLLATE=utf8mb4_unicode_ci;

--
-- Dumping data for table `jb_job_types_translations`
--


--
-- Table structure for table `jb_jobs`
--

CREATE TABLE `jb_jobs` (
  `id` bigint unsigned NOT NULL AUTO_INCREMENT,
  `name` varchar(120) COLLATE utf8mb4_unicode_ci NOT NULL,
  `description` text COLLATE utf8mb4_unicode_ci,
  `content` text COLLATE utf8mb4_unicode_ci,
  `apply_url` varchar(191) COLLATE utf8mb4_unicode_ci DEFAULT NULL,
  `company_id` bigint unsigned DEFAULT NULL,
  `address` varchar(191) COLLATE utf8mb4_unicode_ci DEFAULT NULL,
  `country_id` bigint unsigned DEFAULT '1',
  `state_id` bigint unsigned DEFAULT NULL,
  `city_id` bigint unsigned DEFAULT NULL,
  `is_freelance` tinyint unsigned NOT NULL DEFAULT '0',
  `career_level_id` bigint unsigned DEFAULT NULL,
  `salary_from` decimal(15,2) unsigned DEFAULT NULL,
  `salary_to` decimal(15,2) unsigned DEFAULT NULL,
  `salary_range` varchar(30) COLLATE utf8mb4_unicode_ci NOT NULL DEFAULT 'hour',
  `currency_id` bigint unsigned DEFAULT NULL,
  `degree_level_id` bigint unsigned DEFAULT NULL,
  `job_shift_id` bigint unsigned DEFAULT NULL,
  `job_experience_id` bigint unsigned DEFAULT NULL,
  `functional_area_id` bigint unsigned DEFAULT NULL,
  `hide_salary` tinyint(1) NOT NULL DEFAULT '0',
  `number_of_positions` int unsigned NOT NULL DEFAULT '1',
  `expire_date` date DEFAULT NULL,
  `author_id` bigint unsigned DEFAULT NULL,
  `author_type` varchar(191) COLLATE utf8mb4_unicode_ci NOT NULL DEFAULT 'Botble\\ACL\\Models\\User',
  `views` int unsigned NOT NULL DEFAULT '0',
  `number_of_applied` int unsigned NOT NULL DEFAULT '0',
  `hide_company` tinyint(1) NOT NULL DEFAULT '0',
  `latitude` varchar(25) COLLATE utf8mb4_unicode_ci DEFAULT NULL,
  `longitude` varchar(25) COLLATE utf8mb4_unicode_ci DEFAULT NULL,
  `auto_renew` tinyint(1) NOT NULL DEFAULT '0',
  `external_apply_clicks` int unsigned NOT NULL DEFAULT '0',
  `never_expired` tinyint(1) NOT NULL DEFAULT '0',
  `is_featured` tinyint NOT NULL DEFAULT '0',
  `status` varchar(60) COLLATE utf8mb4_unicode_ci NOT NULL DEFAULT 'published',
  `moderation_status` varchar(60) COLLATE utf8mb4_unicode_ci NOT NULL DEFAULT 'pending',
  `created_at` timestamp NULL DEFAULT NULL,
  `updated_at` timestamp NULL DEFAULT NULL,
  `employer_colleagues` text COLLATE utf8mb4_unicode_ci,
  `start_date` date DEFAULT NULL,
  `application_closing_date` date DEFAULT NULL,
  `zip_code` varchar(20) COLLATE utf8mb4_unicode_ci DEFAULT NULL,
  PRIMARY KEY (`id`)
) ENGINE=InnoDB AUTO_INCREMENT=52 DEFAULT CHARSET=utf8mb4 COLLATE=utf8mb4_unicode_ci;

--
-- Dumping data for table `jb_jobs`
--

INSERT INTO `jb_jobs` VALUES (1,'UI / UX Designer full-time','Voluptate eligendi et non quae possimus voluptatum deserunt. Sit dolor nulla in ipsa id quisquam. Ex voluptas aut dolore id. Quis praesentium explicabo veritatis rem.','<h5>Responsibilities</h5>\n                <div>\n                    <p>As a Product Designer, you will work within a Product Delivery Team fused with UX, engineering, product and data talent.</p>\n                    <ul>\n                        <li>Have sound knowledge of commercial activities.</li>\n                        <li>Build next-generation web applications with a focus on the client side</li>\n                        <li>Work on multiple projects at once, and consistently meet draft deadlines</li>\n                        <li>have already graduated or are currently in any year of study</li>\n                        <li>Revise the work of previous designers to create a unified aesthetic for our brand materials</li>\n                    </ul>\n                </div>\n                <h5>Qualification </h5>\n                <div>\n                    <ul>\n                        <li>B.C.A / M.C.A under National University course complete.</li>\n                        <li>3 or more years of professional design experience</li>\n                        <li>have already graduated or are currently in any year of study</li>\n                        <li>Advanced degree or equivalent experience in graphic and web design</li>\n                    </ul>\n                </div>','',10,NULL,5,5,5,0,2,1100.00,10900.00,'daily',1,3,4,3,91,0,2,'2024-06-07',1,'Botble\\JobBoard\\Models\\Account',0,0,0,'42.566823','-74.908239',0,0,1,0,'published','approved','2024-04-05 16:04:57','2024-05-13 21:55:26',NULL,NULL,NULL,NULL),(2,'Full Stack Engineer','Aut quam distinctio nostrum ad ipsum amet. Et explicabo qui aperiam rem rem molestiae sint fugiat. Vero rerum ex aliquid deleniti doloremque officiis asperiores. Iste quae mollitia tenetur dolor.','<h5>Responsibilities</h5>\n                <div>\n                    <p>As a Product Designer, you will work within a Product Delivery Team fused with UX, engineering, product and data talent.</p>\n                    <ul>\n                        <li>Have sound knowledge of commercial activities.</li>\n                        <li>Build next-generation web applications with a focus on the client side</li>\n                        <li>Work on multiple projects at once, and consistently meet draft deadlines</li>\n                        <li>have already graduated or are currently in any year of study</li>\n                        <li>Revise the work of previous designers to create a unified aesthetic for our brand materials</li>\n                    </ul>\n                </div>\n                <h5>Qualification </h5>\n                <div>\n                    <ul>\n                        <li>B.C.A / M.C.A under National University course complete.</li>\n                        <li>3 or more years of professional design experience</li>\n                        <li>have already graduated or are currently in any year of study</li>\n                        <li>Advanced degree or equivalent experience in graphic and web design</li>\n                    </ul>\n                </div>','https://google.com',15,NULL,2,2,2,0,1,2600.00,5100.00,'daily',0,10,2,2,128,0,2,'2024-07-08',1,'Botble\\JobBoard\\Models\\Account',0,0,0,'43.731666','-76.409493',0,0,1,0,'published','approved','2024-03-14 22:03:31','2024-05-13 21:55:26',NULL,NULL,NULL,NULL),(3,'Java Software Engineer','Fuga et mollitia fuga modi aut. Adipisci enim autem harum est ex. Consectetur tempora labore nobis ea iusto quia. Sed sunt inventore qui. Officia sequi dolorum temporibus doloribus.','<h5>Responsibilities</h5>\n                <div>\n                    <p>As a Product Designer, you will work within a Product Delivery Team fused with UX, engineering, product and data talent.</p>\n                    <ul>\n                        <li>Have sound knowledge of commercial activities.</li>\n                        <li>Build next-generation web applications with a focus on the client side</li>\n                        <li>Work on multiple projects at once, and consistently meet draft deadlines</li>\n                        <li>have already graduated or are currently in any year of study</li>\n                        <li>Revise the work of previous designers to create a unified aesthetic for our brand materials</li>\n                    </ul>\n                </div>\n                <h5>Qualification </h5>\n                <div>\n                    <ul>\n                        <li>B.C.A / M.C.A under National University course complete.</li>\n                        <li>3 or more years of professional design experience</li>\n                        <li>have already graduated or are currently in any year of study</li>\n                        <li>Advanced degree or equivalent experience in graphic and web design</li>\n                    </ul>\n                </div>','',8,NULL,2,2,2,0,5,9500.00,17000.00,'hourly',1,7,2,5,22,0,9,'2024-07-13',1,'Botble\\JobBoard\\Models\\Account',0,0,0,'43.066793','-75.697049',0,0,0,0,'published','approved','2024-04-12 13:10:17','2024-05-13 21:55:26',NULL,NULL,NULL,NULL),(4,'Digital Marketing Manager','Sit ipsam voluptates ut veritatis. Nobis perferendis qui autem et et eos ab itaque. Nisi consequatur voluptas quaerat debitis.','<h5>Responsibilities</h5>\n                <div>\n                    <p>As a Product Designer, you will work within a Product Delivery Team fused with UX, engineering, product and data talent.</p>\n                    <ul>\n                        <li>Have sound knowledge of commercial activities.</li>\n                        <li>Build next-generation web applications with a focus on the client side</li>\n                        <li>Work on multiple projects at once, and consistently meet draft deadlines</li>\n                        <li>have already graduated or are currently in any year of study</li>\n                        <li>Revise the work of previous designers to create a unified aesthetic for our brand materials</li>\n                    </ul>\n                </div>\n                <h5>Qualification </h5>\n                <div>\n                    <ul>\n                        <li>B.C.A / M.C.A under National University course complete.</li>\n                        <li>3 or more years of professional design experience</li>\n                        <li>have already graduated or are currently in any year of study</li>\n                        <li>Advanced degree or equivalent experience in graphic and web design</li>\n                    </ul>\n                </div>','',10,NULL,5,5,5,0,3,5800.00,14800.00,'hourly',1,1,2,2,148,0,2,'2024-06-24',1,'Botble\\JobBoard\\Models\\Account',0,0,0,'42.566823','-74.908239',0,0,0,1,'published','approved','2024-04-03 11:40:31','2024-05-13 21:55:26',NULL,NULL,NULL,NULL),(5,'Frontend Developer','Quia quae aliquam dolores fugit suscipit ut autem. Aut enim sit laborum et similique repellendus. Velit quia quibusdam natus. Dolor aut quia praesentium cum eos et.','<h5>Responsibilities</h5>\n                <div>\n                    <p>As a Product Designer, you will work within a Product Delivery Team fused with UX, engineering, product and data talent.</p>\n                    <ul>\n                        <li>Have sound knowledge of commercial activities.</li>\n                        <li>Build next-generation web applications with a focus on the client side</li>\n                        <li>Work on multiple projects at once, and consistently meet draft deadlines</li>\n                        <li>have already graduated or are currently in any year of study</li>\n                        <li>Revise the work of previous designers to create a unified aesthetic for our brand materials</li>\n                    </ul>\n                </div>\n                <h5>Qualification </h5>\n                <div>\n                    <ul>\n                        <li>B.C.A / M.C.A under National University course complete.</li>\n                        <li>3 or more years of professional design experience</li>\n                        <li>have already graduated or are currently in any year of study</li>\n                        <li>Advanced degree or equivalent experience in graphic and web design</li>\n                    </ul>\n                </div>','',12,NULL,3,3,3,0,4,8600.00,10800.00,'hourly',0,6,4,5,90,0,6,'2024-05-20',1,'Botble\\JobBoard\\Models\\Account',0,0,0,'42.520835','-75.602506',0,0,0,0,'published','approved','2024-03-18 06:06:21','2024-05-13 21:55:26',NULL,NULL,NULL,NULL),(6,'React Native Web Developer','Dolor voluptatum molestiae reprehenderit qui eum eos. Dolor nemo libero non quasi quia voluptates suscipit. Consectetur aut assumenda in.','<h5>Responsibilities</h5>\n                <div>\n                    <p>As a Product Designer, you will work within a Product Delivery Team fused with UX, engineering, product and data talent.</p>\n                    <ul>\n                        <li>Have sound knowledge of commercial activities.</li>\n                        <li>Build next-generation web applications with a focus on the client side</li>\n                        <li>Work on multiple projects at once, and consistently meet draft deadlines</li>\n                        <li>have already graduated or are currently in any year of study</li>\n                        <li>Revise the work of previous designers to create a unified aesthetic for our brand materials</li>\n                    </ul>\n                </div>\n                <h5>Qualification </h5>\n                <div>\n                    <ul>\n                        <li>B.C.A / M.C.A under National University course complete.</li>\n                        <li>3 or more years of professional design experience</li>\n                        <li>have already graduated or are currently in any year of study</li>\n                        <li>Advanced degree or equivalent experience in graphic and web design</li>\n                    </ul>\n                </div>','',3,NULL,1,1,1,0,1,5300.00,15100.00,'yearly',1,1,1,3,2,0,5,'2024-06-25',1,'Botble\\JobBoard\\Models\\Account',0,0,0,'43.412338','-75.732512',0,0,1,0,'published','approved','2024-03-31 06:15:54','2024-05-13 21:55:26',NULL,NULL,NULL,NULL),(7,'Senior System Engineer','Ut quas necessitatibus et saepe. Veritatis tempore blanditiis a sed excepturi voluptatem. Ab et fugit quam ab vel. Fuga saepe laborum sit ut voluptatem consequatur eveniet.','<h5>Responsibilities</h5>\n                <div>\n                    <p>As a Product Designer, you will work within a Product Delivery Team fused with UX, engineering, product and data talent.</p>\n                    <ul>\n                        <li>Have sound knowledge of commercial activities.</li>\n                        <li>Build next-generation web applications with a focus on the client side</li>\n                        <li>Work on multiple projects at once, and consistently meet draft deadlines</li>\n                        <li>have already graduated or are currently in any year of study</li>\n                        <li>Revise the work of previous designers to create a unified aesthetic for our brand materials</li>\n                    </ul>\n                </div>\n                <h5>Qualification </h5>\n                <div>\n                    <ul>\n                        <li>B.C.A / M.C.A under National University course complete.</li>\n                        <li>3 or more years of professional design experience</li>\n                        <li>have already graduated or are currently in any year of study</li>\n                        <li>Advanced degree or equivalent experience in graphic and web design</li>\n                    </ul>\n                </div>','',4,NULL,3,3,3,0,1,3300.00,9700.00,'monthly',1,1,2,1,80,0,2,'2024-06-16',1,'Botble\\JobBoard\\Models\\Account',0,0,0,'43.136644','-75.198538',0,0,0,0,'published','approved','2024-04-21 03:35:28','2024-05-13 21:55:26',NULL,NULL,NULL,NULL),(8,'Products Manager','Et qui et quo voluptatem. Deleniti beatae dolor aperiam ratione quo. Magnam quae autem vitae aliquid iste. Dolor debitis architecto quasi expedita.','<h5>Responsibilities</h5>\n                <div>\n                    <p>As a Product Designer, you will work within a Product Delivery Team fused with UX, engineering, product and data talent.</p>\n                    <ul>\n                        <li>Have sound knowledge of commercial activities.</li>\n                        <li>Build next-generation web applications with a focus on the client side</li>\n                        <li>Work on multiple projects at once, and consistently meet draft deadlines</li>\n                        <li>have already graduated or are currently in any year of study</li>\n                        <li>Revise the work of previous designers to create a unified aesthetic for our brand materials</li>\n                    </ul>\n                </div>\n                <h5>Qualification </h5>\n                <div>\n                    <ul>\n                        <li>B.C.A / M.C.A under National University course complete.</li>\n                        <li>3 or more years of professional design experience</li>\n                        <li>have already graduated or are currently in any year of study</li>\n                        <li>Advanced degree or equivalent experience in graphic and web design</li>\n                    </ul>\n                </div>','',6,NULL,5,5,5,0,1,2900.00,4600.00,'daily',1,2,3,2,57,0,5,'2024-07-10',1,'Botble\\JobBoard\\Models\\Account',0,0,0,'42.970083','-76.339625',0,0,1,1,'published','approved','2024-03-31 11:47:22','2024-05-13 21:55:26',NULL,NULL,NULL,NULL),(9,'Lead Quality Control QA','Culpa labore omnis adipisci consequuntur itaque et quia dolorem. Incidunt ea dicta magnam quibusdam dicta aut. Aut consequatur reiciendis quas earum nostrum.','<h5>Responsibilities</h5>\n                <div>\n                    <p>As a Product Designer, you will work within a Product Delivery Team fused with UX, engineering, product and data talent.</p>\n                    <ul>\n                        <li>Have sound knowledge of commercial activities.</li>\n                        <li>Build next-generation web applications with a focus on the client side</li>\n                        <li>Work on multiple projects at once, and consistently meet draft deadlines</li>\n                        <li>have already graduated or are currently in any year of study</li>\n                        <li>Revise the work of previous designers to create a unified aesthetic for our brand materials</li>\n                    </ul>\n                </div>\n                <h5>Qualification </h5>\n                <div>\n                    <ul>\n                        <li>B.C.A / M.C.A under National University course complete.</li>\n                        <li>3 or more years of professional design experience</li>\n                        <li>have already graduated or are currently in any year of study</li>\n                        <li>Advanced degree or equivalent experience in graphic and web design</li>\n                    </ul>\n                </div>','',6,NULL,5,5,5,0,3,4300.00,12600.00,'daily',1,2,1,2,70,0,6,'2024-05-23',1,'Botble\\JobBoard\\Models\\Account',0,0,0,'42.970083','-76.339625',0,0,0,0,'published','approved','2024-04-15 00:04:39','2024-05-13 21:55:26',NULL,NULL,NULL,NULL),(10,'Principal Designer, Design Systems','Voluptatem repellendus ut illum repellendus repellendus repellat sapiente vel. Dignissimos placeat consectetur rerum sint ratione tempore.','<h5>Responsibilities</h5>\n                <div>\n                    <p>As a Product Designer, you will work within a Product Delivery Team fused with UX, engineering, product and data talent.</p>\n                    <ul>\n                        <li>Have sound knowledge of commercial activities.</li>\n                        <li>Build next-generation web applications with a focus on the client side</li>\n                        <li>Work on multiple projects at once, and consistently meet draft deadlines</li>\n                        <li>have already graduated or are currently in any year of study</li>\n                        <li>Revise the work of previous designers to create a unified aesthetic for our brand materials</li>\n                    </ul>\n                </div>\n                <h5>Qualification </h5>\n                <div>\n                    <ul>\n                        <li>B.C.A / M.C.A under National University course complete.</li>\n                        <li>3 or more years of professional design experience</li>\n                        <li>have already graduated or are currently in any year of study</li>\n                        <li>Advanced degree or equivalent experience in graphic and web design</li>\n                    </ul>\n                </div>','',1,NULL,4,4,4,0,2,5700.00,11700.00,'hourly',0,7,4,1,156,0,3,'2024-06-01',1,'Botble\\JobBoard\\Models\\Account',0,0,0,'43.084478','-76.722115',0,0,0,1,'published','approved','2024-04-26 21:45:44','2024-05-13 21:55:26',NULL,NULL,NULL,NULL),(11,'DevOps Architect','Quis quidem qui qui qui quia veritatis. Iste vitae pariatur dolore quae rerum ipsa. Eum et rerum beatae veritatis corporis. Ex sapiente placeat perspiciatis quia quis similique.','<h5>Responsibilities</h5>\n                <div>\n                    <p>As a Product Designer, you will work within a Product Delivery Team fused with UX, engineering, product and data talent.</p>\n                    <ul>\n                        <li>Have sound knowledge of commercial activities.</li>\n                        <li>Build next-generation web applications with a focus on the client side</li>\n                        <li>Work on multiple projects at once, and consistently meet draft deadlines</li>\n                        <li>have already graduated or are currently in any year of study</li>\n                        <li>Revise the work of previous designers to create a unified aesthetic for our brand materials</li>\n                    </ul>\n                </div>\n                <h5>Qualification </h5>\n                <div>\n                    <ul>\n                        <li>B.C.A / M.C.A under National University course complete.</li>\n                        <li>3 or more years of professional design experience</li>\n                        <li>have already graduated or are currently in any year of study</li>\n                        <li>Advanced degree or equivalent experience in graphic and web design</li>\n                    </ul>\n                </div>','',5,NULL,1,1,1,0,5,4700.00,9500.00,'weekly',1,10,2,4,128,0,4,'2024-05-21',1,'Botble\\JobBoard\\Models\\Account',0,0,0,'43.966952','-76.278701',0,0,0,1,'published','approved','2024-04-26 01:25:11','2024-05-13 21:55:26',NULL,NULL,NULL,NULL),(12,'Senior Software Engineer, npm CLI','Facere et nihil distinctio maxime quidem aut. Quia magnam cum deleniti nisi consequatur deserunt minus. Occaecati veniam nam eum tenetur officiis nam.','<h5>Responsibilities</h5>\n                <div>\n                    <p>As a Product Designer, you will work within a Product Delivery Team fused with UX, engineering, product and data talent.</p>\n                    <ul>\n                        <li>Have sound knowledge of commercial activities.</li>\n                        <li>Build next-generation web applications with a focus on the client side</li>\n                        <li>Work on multiple projects at once, and consistently meet draft deadlines</li>\n                        <li>have already graduated or are currently in any year of study</li>\n                        <li>Revise the work of previous designers to create a unified aesthetic for our brand materials</li>\n                    </ul>\n                </div>\n                <h5>Qualification </h5>\n                <div>\n                    <ul>\n                        <li>B.C.A / M.C.A under National University course complete.</li>\n                        <li>3 or more years of professional design experience</li>\n                        <li>have already graduated or are currently in any year of study</li>\n                        <li>Advanced degree or equivalent experience in graphic and web design</li>\n                    </ul>\n                </div>','',20,NULL,2,2,2,0,4,9400.00,17600.00,'hourly',0,10,4,2,24,0,10,'2024-06-19',1,'Botble\\JobBoard\\Models\\Account',0,0,0,'43.284187','-76.374621',0,0,0,0,'published','approved','2024-04-09 15:57:19','2024-05-13 21:55:26',NULL,NULL,NULL,NULL),(13,'Senior Systems Engineer','Rem odio nobis et voluptas quia ex aspernatur. Aliquam magnam et molestias totam. Alias dolor tempora optio placeat. Vel nobis non totam delectus est.','<h5>Responsibilities</h5>\n                <div>\n                    <p>As a Product Designer, you will work within a Product Delivery Team fused with UX, engineering, product and data talent.</p>\n                    <ul>\n                        <li>Have sound knowledge of commercial activities.</li>\n                        <li>Build next-generation web applications with a focus on the client side</li>\n                        <li>Work on multiple projects at once, and consistently meet draft deadlines</li>\n                        <li>have already graduated or are currently in any year of study</li>\n                        <li>Revise the work of previous designers to create a unified aesthetic for our brand materials</li>\n                    </ul>\n                </div>\n                <h5>Qualification </h5>\n                <div>\n                    <ul>\n                        <li>B.C.A / M.C.A under National University course complete.</li>\n                        <li>3 or more years of professional design experience</li>\n                        <li>have already graduated or are currently in any year of study</li>\n                        <li>Advanced degree or equivalent experience in graphic and web design</li>\n                    </ul>\n                </div>','',12,NULL,3,3,3,0,2,8000.00,10200.00,'daily',0,8,2,5,46,0,5,'2024-06-08',1,'Botble\\JobBoard\\Models\\Account',0,0,0,'42.520835','-75.602506',0,0,1,0,'published','approved','2024-04-23 08:17:19','2024-05-13 21:55:26',NULL,NULL,NULL,NULL),(14,'Software Engineer Actions Platform','Voluptatem deserunt ea quod dicta aut eius. Repudiandae molestias porro et quia ipsum inventore fugiat. Nam aliquid esse voluptas aliquid.','<h5>Responsibilities</h5>\n                <div>\n                    <p>As a Product Designer, you will work within a Product Delivery Team fused with UX, engineering, product and data talent.</p>\n                    <ul>\n                        <li>Have sound knowledge of commercial activities.</li>\n                        <li>Build next-generation web applications with a focus on the client side</li>\n                        <li>Work on multiple projects at once, and consistently meet draft deadlines</li>\n                        <li>have already graduated or are currently in any year of study</li>\n                        <li>Revise the work of previous designers to create a unified aesthetic for our brand materials</li>\n                    </ul>\n                </div>\n                <h5>Qualification </h5>\n                <div>\n                    <ul>\n                        <li>B.C.A / M.C.A under National University course complete.</li>\n                        <li>3 or more years of professional design experience</li>\n                        <li>have already graduated or are currently in any year of study</li>\n                        <li>Advanced degree or equivalent experience in graphic and web design</li>\n                    </ul>\n                </div>','',2,NULL,1,1,1,0,5,9300.00,13200.00,'hourly',0,8,3,1,135,0,3,'2024-06-17',1,'Botble\\JobBoard\\Models\\Account',0,0,0,'43.506214','-76.091854',0,0,1,1,'published','approved','2024-05-04 15:05:26','2024-05-13 21:55:26',NULL,NULL,NULL,NULL),(15,'Staff Engineering Manager, Actions','Officiis ullam quia et est voluptatem. Nisi eos et quia ipsum. Omnis quaerat at explicabo provident.','<h5>Responsibilities</h5>\n                <div>\n                    <p>As a Product Designer, you will work within a Product Delivery Team fused with UX, engineering, product and data talent.</p>\n                    <ul>\n                        <li>Have sound knowledge of commercial activities.</li>\n                        <li>Build next-generation web applications with a focus on the client side</li>\n                        <li>Work on multiple projects at once, and consistently meet draft deadlines</li>\n                        <li>have already graduated or are currently in any year of study</li>\n                        <li>Revise the work of previous designers to create a unified aesthetic for our brand materials</li>\n                    </ul>\n                </div>\n                <h5>Qualification </h5>\n                <div>\n                    <ul>\n                        <li>B.C.A / M.C.A under National University course complete.</li>\n                        <li>3 or more years of professional design experience</li>\n                        <li>have already graduated or are currently in any year of study</li>\n                        <li>Advanced degree or equivalent experience in graphic and web design</li>\n                    </ul>\n                </div>','',12,NULL,3,3,3,0,1,500.00,3000.00,'yearly',1,10,3,2,109,0,5,'2024-07-14',1,'Botble\\JobBoard\\Models\\Account',0,0,0,'42.520835','-75.602506',0,0,0,0,'published','approved','2024-04-09 12:15:47','2024-05-13 21:55:26',NULL,NULL,NULL,NULL),(16,'Staff Engineering Manager: Actions Runtime','Placeat atque autem tempora quidem debitis omnis ut. Vitae dolores facere magnam aspernatur ullam voluptatem sit. Vel saepe velit blanditiis sequi. Corrupti architecto ullam vel natus vitae.','<h5>Responsibilities</h5>\n                <div>\n                    <p>As a Product Designer, you will work within a Product Delivery Team fused with UX, engineering, product and data talent.</p>\n                    <ul>\n                        <li>Have sound knowledge of commercial activities.</li>\n                        <li>Build next-generation web applications with a focus on the client side</li>\n                        <li>Work on multiple projects at once, and consistently meet draft deadlines</li>\n                        <li>have already graduated or are currently in any year of study</li>\n                        <li>Revise the work of previous designers to create a unified aesthetic for our brand materials</li>\n                    </ul>\n                </div>\n                <h5>Qualification </h5>\n                <div>\n                    <ul>\n                        <li>B.C.A / M.C.A under National University course complete.</li>\n                        <li>3 or more years of professional design experience</li>\n                        <li>have already graduated or are currently in any year of study</li>\n                        <li>Advanced degree or equivalent experience in graphic and web design</li>\n                    </ul>\n                </div>','',9,NULL,2,2,2,0,1,6500.00,7500.00,'yearly',0,9,2,1,155,0,5,'2024-06-13',1,'Botble\\JobBoard\\Models\\Account',0,0,0,'43.818852','-76.487833',0,0,1,0,'published','approved','2024-04-22 10:57:44','2024-05-13 21:55:26',NULL,NULL,NULL,NULL),(17,'Staff Engineering Manager, Packages','Excepturi consequatur et non occaecati dolor. Impedit animi harum et quo nemo et sit. Velit accusamus eos incidunt eveniet. Tempore inventore possimus impedit ab molestias quasi dignissimos.','<h5>Responsibilities</h5>\n                <div>\n                    <p>As a Product Designer, you will work within a Product Delivery Team fused with UX, engineering, product and data talent.</p>\n                    <ul>\n                        <li>Have sound knowledge of commercial activities.</li>\n                        <li>Build next-generation web applications with a focus on the client side</li>\n                        <li>Work on multiple projects at once, and consistently meet draft deadlines</li>\n                        <li>have already graduated or are currently in any year of study</li>\n                        <li>Revise the work of previous designers to create a unified aesthetic for our brand materials</li>\n                    </ul>\n                </div>\n                <h5>Qualification </h5>\n                <div>\n                    <ul>\n                        <li>B.C.A / M.C.A under National University course complete.</li>\n                        <li>3 or more years of professional design experience</li>\n                        <li>have already graduated or are currently in any year of study</li>\n                        <li>Advanced degree or equivalent experience in graphic and web design</li>\n                    </ul>\n                </div>','',16,NULL,4,4,4,0,4,900.00,2000.00,'monthly',0,2,3,2,156,0,3,'2024-06-05',1,'Botble\\JobBoard\\Models\\Account',0,0,0,'43.060908','-75.484776',0,0,1,0,'published','approved','2024-03-23 14:10:37','2024-05-13 21:55:26',NULL,NULL,NULL,NULL),(18,'Staff Software Engineer','Sint quod omnis sint aut. Illo alias laudantium accusamus possimus ut optio nisi repellat. Modi consequatur molestiae qui incidunt dolores quam doloremque est.','<h5>Responsibilities</h5>\n                <div>\n                    <p>As a Product Designer, you will work within a Product Delivery Team fused with UX, engineering, product and data talent.</p>\n                    <ul>\n                        <li>Have sound knowledge of commercial activities.</li>\n                        <li>Build next-generation web applications with a focus on the client side</li>\n                        <li>Work on multiple projects at once, and consistently meet draft deadlines</li>\n                        <li>have already graduated or are currently in any year of study</li>\n                        <li>Revise the work of previous designers to create a unified aesthetic for our brand materials</li>\n                    </ul>\n                </div>\n                <h5>Qualification </h5>\n                <div>\n                    <ul>\n                        <li>B.C.A / M.C.A under National University course complete.</li>\n                        <li>3 or more years of professional design experience</li>\n                        <li>have already graduated or are currently in any year of study</li>\n                        <li>Advanced degree or equivalent experience in graphic and web design</li>\n                    </ul>\n                </div>','',6,NULL,5,5,5,0,3,6500.00,14400.00,'yearly',0,7,2,5,78,0,10,'2024-06-21',1,'Botble\\JobBoard\\Models\\Account',0,0,0,'42.970083','-76.339625',0,0,1,0,'published','approved','2024-04-08 17:41:29','2024-05-13 21:55:26',NULL,NULL,NULL,NULL),(19,'Systems Software Engineer','Vel ab aperiam molestiae consequuntur fugit quibusdam. Fuga dolor qui aut explicabo assumenda. Illum sit totam sit non. Est rerum quaerat provident.','<h5>Responsibilities</h5>\n                <div>\n                    <p>As a Product Designer, you will work within a Product Delivery Team fused with UX, engineering, product and data talent.</p>\n                    <ul>\n                        <li>Have sound knowledge of commercial activities.</li>\n                        <li>Build next-generation web applications with a focus on the client side</li>\n                        <li>Work on multiple projects at once, and consistently meet draft deadlines</li>\n                        <li>have already graduated or are currently in any year of study</li>\n                        <li>Revise the work of previous designers to create a unified aesthetic for our brand materials</li>\n                    </ul>\n                </div>\n                <h5>Qualification </h5>\n                <div>\n                    <ul>\n                        <li>B.C.A / M.C.A under National University course complete.</li>\n                        <li>3 or more years of professional design experience</li>\n                        <li>have already graduated or are currently in any year of study</li>\n                        <li>Advanced degree or equivalent experience in graphic and web design</li>\n                    </ul>\n                </div>','',3,NULL,1,1,1,0,1,6000.00,8300.00,'hourly',0,5,4,2,114,0,4,'2024-05-25',1,'Botble\\JobBoard\\Models\\Account',0,0,0,'43.412338','-75.732512',0,0,1,1,'published','approved','2024-03-19 13:05:38','2024-05-13 21:55:26',NULL,NULL,NULL,NULL),(20,'Senior Compensation Analyst','Minima et dignissimos nesciunt eveniet. Dolor ipsum quisquam labore nostrum nesciunt sed tenetur. In dolor non sequi.','<h5>Responsibilities</h5>\n                <div>\n                    <p>As a Product Designer, you will work within a Product Delivery Team fused with UX, engineering, product and data talent.</p>\n                    <ul>\n                        <li>Have sound knowledge of commercial activities.</li>\n                        <li>Build next-generation web applications with a focus on the client side</li>\n                        <li>Work on multiple projects at once, and consistently meet draft deadlines</li>\n                        <li>have already graduated or are currently in any year of study</li>\n                        <li>Revise the work of previous designers to create a unified aesthetic for our brand materials</li>\n                    </ul>\n                </div>\n                <h5>Qualification </h5>\n                <div>\n                    <ul>\n                        <li>B.C.A / M.C.A under National University course complete.</li>\n                        <li>3 or more years of professional design experience</li>\n                        <li>have already graduated or are currently in any year of study</li>\n                        <li>Advanced degree or equivalent experience in graphic and web design</li>\n                    </ul>\n                </div>','',18,NULL,1,1,1,0,3,5000.00,11500.00,'monthly',1,3,4,3,95,0,9,'2024-06-29',1,'Botble\\JobBoard\\Models\\Account',0,0,0,'43.663832','-76.384147',0,0,1,0,'published','approved','2024-03-22 01:18:13','2024-05-13 21:55:26',NULL,NULL,NULL,NULL),(21,'Senior Accessibility Program Manager','Et aut cumque saepe impedit explicabo excepturi aut. Omnis et animi aperiam quidem vitae et. Quos sit ad eius ipsa porro. Ut et ut assumenda fugiat qui excepturi molestiae.','<h5>Responsibilities</h5>\n                <div>\n                    <p>As a Product Designer, you will work within a Product Delivery Team fused with UX, engineering, product and data talent.</p>\n                    <ul>\n                        <li>Have sound knowledge of commercial activities.</li>\n                        <li>Build next-generation web applications with a focus on the client side</li>\n                        <li>Work on multiple projects at once, and consistently meet draft deadlines</li>\n                        <li>have already graduated or are currently in any year of study</li>\n                        <li>Revise the work of previous designers to create a unified aesthetic for our brand materials</li>\n                    </ul>\n                </div>\n                <h5>Qualification </h5>\n                <div>\n                    <ul>\n                        <li>B.C.A / M.C.A under National University course complete.</li>\n                        <li>3 or more years of professional design experience</li>\n                        <li>have already graduated or are currently in any year of study</li>\n                        <li>Advanced degree or equivalent experience in graphic and web design</li>\n                    </ul>\n                </div>','',5,NULL,1,1,1,0,5,1800.00,10900.00,'daily',0,5,2,5,23,0,4,'2024-06-26',1,'Botble\\JobBoard\\Models\\Account',0,0,0,'43.966952','-76.278701',0,0,0,1,'published','approved','2024-03-29 12:43:24','2024-05-13 21:55:26',NULL,NULL,NULL,NULL),(22,'Analyst Relations Manager, Application Security','Aut quidem maxime cumque nam. Minus repellendus incidunt consequatur ut qui. Architecto sint voluptas fuga labore culpa non perspiciatis corrupti. Adipisci explicabo sint ad magnam voluptatem.','<h5>Responsibilities</h5>\n                <div>\n                    <p>As a Product Designer, you will work within a Product Delivery Team fused with UX, engineering, product and data talent.</p>\n                    <ul>\n                        <li>Have sound knowledge of commercial activities.</li>\n                        <li>Build next-generation web applications with a focus on the client side</li>\n                        <li>Work on multiple projects at once, and consistently meet draft deadlines</li>\n                        <li>have already graduated or are currently in any year of study</li>\n                        <li>Revise the work of previous designers to create a unified aesthetic for our brand materials</li>\n                    </ul>\n                </div>\n                <h5>Qualification </h5>\n                <div>\n                    <ul>\n                        <li>B.C.A / M.C.A under National University course complete.</li>\n                        <li>3 or more years of professional design experience</li>\n                        <li>have already graduated or are currently in any year of study</li>\n                        <li>Advanced degree or equivalent experience in graphic and web design</li>\n                    </ul>\n                </div>','',16,NULL,4,4,4,0,2,9200.00,15500.00,'daily',1,2,4,3,7,0,9,'2024-06-19',1,'Botble\\JobBoard\\Models\\Account',0,0,0,'43.060908','-75.484776',0,0,1,0,'published','approved','2024-03-17 09:38:21','2024-05-13 21:55:26',NULL,NULL,NULL,NULL),(23,'Senior Enterprise Advocate, EMEA','Illum deserunt sit praesentium ullam nesciunt. Quis et sunt ad quis eum quos. Ullam qui et perspiciatis. Aspernatur a optio ea non sapiente incidunt.','<h5>Responsibilities</h5>\n                <div>\n                    <p>As a Product Designer, you will work within a Product Delivery Team fused with UX, engineering, product and data talent.</p>\n                    <ul>\n                        <li>Have sound knowledge of commercial activities.</li>\n                        <li>Build next-generation web applications with a focus on the client side</li>\n                        <li>Work on multiple projects at once, and consistently meet draft deadlines</li>\n                        <li>have already graduated or are currently in any year of study</li>\n                        <li>Revise the work of previous designers to create a unified aesthetic for our brand materials</li>\n                    </ul>\n                </div>\n                <h5>Qualification </h5>\n                <div>\n                    <ul>\n                        <li>B.C.A / M.C.A under National University course complete.</li>\n                        <li>3 or more years of professional design experience</li>\n                        <li>have already graduated or are currently in any year of study</li>\n                        <li>Advanced degree or equivalent experience in graphic and web design</li>\n                    </ul>\n                </div>','',20,NULL,2,2,2,0,3,5700.00,15100.00,'daily',0,9,2,1,108,0,5,'2024-05-26',1,'Botble\\JobBoard\\Models\\Account',0,0,0,'43.284187','-76.374621',0,0,0,1,'published','approved','2024-04-13 12:18:16','2024-05-13 21:55:26',NULL,NULL,NULL,NULL),(24,'Deal Desk Manager','Rerum repellendus et omnis quo omnis temporibus blanditiis. Reprehenderit quia autem quisquam ea. Eos vitae voluptatem quisquam et occaecati. Quos neque iusto voluptatem.','<h5>Responsibilities</h5>\n                <div>\n                    <p>As a Product Designer, you will work within a Product Delivery Team fused with UX, engineering, product and data talent.</p>\n                    <ul>\n                        <li>Have sound knowledge of commercial activities.</li>\n                        <li>Build next-generation web applications with a focus on the client side</li>\n                        <li>Work on multiple projects at once, and consistently meet draft deadlines</li>\n                        <li>have already graduated or are currently in any year of study</li>\n                        <li>Revise the work of previous designers to create a unified aesthetic for our brand materials</li>\n                    </ul>\n                </div>\n                <h5>Qualification </h5>\n                <div>\n                    <ul>\n                        <li>B.C.A / M.C.A under National University course complete.</li>\n                        <li>3 or more years of professional design experience</li>\n                        <li>have already graduated or are currently in any year of study</li>\n                        <li>Advanced degree or equivalent experience in graphic and web design</li>\n                    </ul>\n                </div>','',4,NULL,3,3,3,0,3,1400.00,6200.00,'weekly',0,3,1,1,17,0,4,'2024-06-13',1,'Botble\\JobBoard\\Models\\Account',0,0,0,'43.136644','-75.198538',0,0,1,0,'published','approved','2024-03-21 00:45:58','2024-05-13 21:55:26',NULL,NULL,NULL,NULL),(25,'Director, Revenue Compensation','Omnis sit alias sunt. Atque nisi deserunt necessitatibus numquam sed ipsum sed. Quia ducimus sit iure beatae quae tenetur ullam. Iusto iste aliquid autem.','<h5>Responsibilities</h5>\n                <div>\n                    <p>As a Product Designer, you will work within a Product Delivery Team fused with UX, engineering, product and data talent.</p>\n                    <ul>\n                        <li>Have sound knowledge of commercial activities.</li>\n                        <li>Build next-generation web applications with a focus on the client side</li>\n                        <li>Work on multiple projects at once, and consistently meet draft deadlines</li>\n                        <li>have already graduated or are currently in any year of study</li>\n                        <li>Revise the work of previous designers to create a unified aesthetic for our brand materials</li>\n                    </ul>\n                </div>\n                <h5>Qualification </h5>\n                <div>\n                    <ul>\n                        <li>B.C.A / M.C.A under National University course complete.</li>\n                        <li>3 or more years of professional design experience</li>\n                        <li>have already graduated or are currently in any year of study</li>\n                        <li>Advanced degree or equivalent experience in graphic and web design</li>\n                    </ul>\n                </div>','',18,NULL,1,1,1,0,2,7300.00,8200.00,'daily',0,2,3,4,7,0,2,'2024-06-05',1,'Botble\\JobBoard\\Models\\Account',0,0,0,'43.663832','-76.384147',0,0,0,1,'published','approved','2024-05-01 15:02:07','2024-05-13 21:55:26',NULL,NULL,NULL,NULL),(26,'Program Manager','Repellat voluptas esse dolores asperiores assumenda quia atque. Enim facilis quidem vero animi hic ea non.','<h5>Responsibilities</h5>\n                <div>\n                    <p>As a Product Designer, you will work within a Product Delivery Team fused with UX, engineering, product and data talent.</p>\n                    <ul>\n                        <li>Have sound knowledge of commercial activities.</li>\n                        <li>Build next-generation web applications with a focus on the client side</li>\n                        <li>Work on multiple projects at once, and consistently meet draft deadlines</li>\n                        <li>have already graduated or are currently in any year of study</li>\n                        <li>Revise the work of previous designers to create a unified aesthetic for our brand materials</li>\n                    </ul>\n                </div>\n                <h5>Qualification </h5>\n                <div>\n                    <ul>\n                        <li>B.C.A / M.C.A under National University course complete.</li>\n                        <li>3 or more years of professional design experience</li>\n                        <li>have already graduated or are currently in any year of study</li>\n                        <li>Advanced degree or equivalent experience in graphic and web design</li>\n                    </ul>\n                </div>','',20,NULL,2,2,2,0,2,2300.00,5900.00,'daily',0,1,3,4,145,0,9,'2024-07-13',1,'Botble\\JobBoard\\Models\\Account',0,0,0,'43.284187','-76.374621',0,0,1,0,'published','approved','2024-04-25 05:14:56','2024-05-13 21:55:26',NULL,NULL,NULL,NULL),(27,'Sr. Manager, Deal Desk - INTL','Nemo omnis qui totam dolores accusantium. Ea quod eveniet eligendi quia. Et qui enim ea excepturi aperiam animi. Id ducimus aliquam animi soluta qui veniam sit.','<h5>Responsibilities</h5>\n                <div>\n                    <p>As a Product Designer, you will work within a Product Delivery Team fused with UX, engineering, product and data talent.</p>\n                    <ul>\n                        <li>Have sound knowledge of commercial activities.</li>\n                        <li>Build next-generation web applications with a focus on the client side</li>\n                        <li>Work on multiple projects at once, and consistently meet draft deadlines</li>\n                        <li>have already graduated or are currently in any year of study</li>\n                        <li>Revise the work of previous designers to create a unified aesthetic for our brand materials</li>\n                    </ul>\n                </div>\n                <h5>Qualification </h5>\n                <div>\n                    <ul>\n                        <li>B.C.A / M.C.A under National University course complete.</li>\n                        <li>3 or more years of professional design experience</li>\n                        <li>have already graduated or are currently in any year of study</li>\n                        <li>Advanced degree or equivalent experience in graphic and web design</li>\n                    </ul>\n                </div>','',18,NULL,1,1,1,0,2,8200.00,10200.00,'daily',0,1,4,2,64,0,6,'2024-07-04',1,'Botble\\JobBoard\\Models\\Account',0,0,0,'43.663832','-76.384147',0,0,0,0,'published','approved','2024-04-15 13:59:14','2024-05-13 21:55:26',NULL,NULL,NULL,NULL),(28,'Senior Director, Product Management, Actions Runners and Compute Services','Dolorum reiciendis magni eaque labore molestiae quis. Hic nesciunt qui doloremque ea est. Ex mollitia sit et ut minima explicabo. Et deserunt reiciendis ratione non veniam.','<h5>Responsibilities</h5>\n                <div>\n                    <p>As a Product Designer, you will work within a Product Delivery Team fused with UX, engineering, product and data talent.</p>\n                    <ul>\n                        <li>Have sound knowledge of commercial activities.</li>\n                        <li>Build next-generation web applications with a focus on the client side</li>\n                        <li>Work on multiple projects at once, and consistently meet draft deadlines</li>\n                        <li>have already graduated or are currently in any year of study</li>\n                        <li>Revise the work of previous designers to create a unified aesthetic for our brand materials</li>\n                    </ul>\n                </div>\n                <h5>Qualification </h5>\n                <div>\n                    <ul>\n                        <li>B.C.A / M.C.A under National University course complete.</li>\n                        <li>3 or more years of professional design experience</li>\n                        <li>have already graduated or are currently in any year of study</li>\n                        <li>Advanced degree or equivalent experience in graphic and web design</li>\n                    </ul>\n                </div>','',12,NULL,3,3,3,0,4,6800.00,11700.00,'yearly',0,1,4,2,155,0,2,'2024-06-26',1,'Botble\\JobBoard\\Models\\Account',0,0,0,'42.520835','-75.602506',0,0,0,1,'published','approved','2024-03-28 13:55:16','2024-05-13 21:55:26',NULL,NULL,NULL,NULL),(29,'Alliances Director','Cumque perferendis quod quas rerum error ratione. Minus et voluptas a deserunt molestias iusto nostrum ad. Nobis adipisci officia quam alias enim.','<h5>Responsibilities</h5>\n                <div>\n                    <p>As a Product Designer, you will work within a Product Delivery Team fused with UX, engineering, product and data talent.</p>\n                    <ul>\n                        <li>Have sound knowledge of commercial activities.</li>\n                        <li>Build next-generation web applications with a focus on the client side</li>\n                        <li>Work on multiple projects at once, and consistently meet draft deadlines</li>\n                        <li>have already graduated or are currently in any year of study</li>\n                        <li>Revise the work of previous designers to create a unified aesthetic for our brand materials</li>\n                    </ul>\n                </div>\n                <h5>Qualification </h5>\n                <div>\n                    <ul>\n                        <li>B.C.A / M.C.A under National University course complete.</li>\n                        <li>3 or more years of professional design experience</li>\n                        <li>have already graduated or are currently in any year of study</li>\n                        <li>Advanced degree or equivalent experience in graphic and web design</li>\n                    </ul>\n                </div>','',9,NULL,2,2,2,0,4,4400.00,6500.00,'monthly',0,4,2,5,56,0,8,'2024-07-13',1,'Botble\\JobBoard\\Models\\Account',0,0,0,'43.818852','-76.487833',0,0,0,1,'published','approved','2024-04-01 09:28:57','2024-05-13 21:55:26',NULL,NULL,NULL,NULL),(30,'Corporate Sales Representative','Eveniet earum omnis sit beatae enim amet. Enim et nisi occaecati et nobis. Dolorum modi iste velit sit. Voluptatem repellat exercitationem quia. Esse ex dolores vel voluptatem maxime et eveniet.','<h5>Responsibilities</h5>\n                <div>\n                    <p>As a Product Designer, you will work within a Product Delivery Team fused with UX, engineering, product and data talent.</p>\n                    <ul>\n                        <li>Have sound knowledge of commercial activities.</li>\n                        <li>Build next-generation web applications with a focus on the client side</li>\n                        <li>Work on multiple projects at once, and consistently meet draft deadlines</li>\n                        <li>have already graduated or are currently in any year of study</li>\n                        <li>Revise the work of previous designers to create a unified aesthetic for our brand materials</li>\n                    </ul>\n                </div>\n                <h5>Qualification </h5>\n                <div>\n                    <ul>\n                        <li>B.C.A / M.C.A under National University course complete.</li>\n                        <li>3 or more years of professional design experience</li>\n                        <li>have already graduated or are currently in any year of study</li>\n                        <li>Advanced degree or equivalent experience in graphic and web design</li>\n                    </ul>\n                </div>','',9,NULL,2,2,2,0,3,1400.00,6200.00,'yearly',1,3,3,1,6,0,10,'2024-06-18',1,'Botble\\JobBoard\\Models\\Account',0,0,0,'43.818852','-76.487833',0,0,0,0,'published','approved','2024-05-02 04:35:55','2024-05-13 21:55:26',NULL,NULL,NULL,NULL),(31,'Country Leader','Id quos ut et aut. Quasi commodi eos facere omnis cumque vel. Assumenda nisi dolorum sequi totam nesciunt quidem dolorum.','<h5>Responsibilities</h5>\n                <div>\n                    <p>As a Product Designer, you will work within a Product Delivery Team fused with UX, engineering, product and data talent.</p>\n                    <ul>\n                        <li>Have sound knowledge of commercial activities.</li>\n                        <li>Build next-generation web applications with a focus on the client side</li>\n                        <li>Work on multiple projects at once, and consistently meet draft deadlines</li>\n                        <li>have already graduated or are currently in any year of study</li>\n                        <li>Revise the work of previous designers to create a unified aesthetic for our brand materials</li>\n                    </ul>\n                </div>\n                <h5>Qualification </h5>\n                <div>\n                    <ul>\n                        <li>B.C.A / M.C.A under National University course complete.</li>\n                        <li>3 or more years of professional design experience</li>\n                        <li>have already graduated or are currently in any year of study</li>\n                        <li>Advanced degree or equivalent experience in graphic and web design</li>\n                    </ul>\n                </div>','',17,NULL,5,5,5,0,2,1100.00,6000.00,'monthly',1,2,4,4,49,0,2,'2024-06-19',1,'Botble\\JobBoard\\Models\\Account',0,0,0,'42.599137','-76.725411',0,0,0,0,'published','approved','2024-03-24 17:32:37','2024-05-13 21:55:26',NULL,NULL,NULL,NULL),(32,'Customer Success Architect','Veniam harum debitis expedita praesentium molestiae. Culpa qui veniam sed corrupti est nam eveniet. Sapiente quo repudiandae aliquam ipsam. Qui voluptas dolores dolorum ullam et.','<h5>Responsibilities</h5>\n                <div>\n                    <p>As a Product Designer, you will work within a Product Delivery Team fused with UX, engineering, product and data talent.</p>\n                    <ul>\n                        <li>Have sound knowledge of commercial activities.</li>\n                        <li>Build next-generation web applications with a focus on the client side</li>\n                        <li>Work on multiple projects at once, and consistently meet draft deadlines</li>\n                        <li>have already graduated or are currently in any year of study</li>\n                        <li>Revise the work of previous designers to create a unified aesthetic for our brand materials</li>\n                    </ul>\n                </div>\n                <h5>Qualification </h5>\n                <div>\n                    <ul>\n                        <li>B.C.A / M.C.A under National University course complete.</li>\n                        <li>3 or more years of professional design experience</li>\n                        <li>have already graduated or are currently in any year of study</li>\n                        <li>Advanced degree or equivalent experience in graphic and web design</li>\n                    </ul>\n                </div>','',7,NULL,3,3,3,0,1,5500.00,13700.00,'weekly',1,8,1,3,127,0,10,'2024-06-20',1,'Botble\\JobBoard\\Models\\Account',0,0,0,'42.879625','-74.839638',0,0,0,0,'published','approved','2024-04-17 23:43:57','2024-05-13 21:55:26',NULL,NULL,NULL,NULL),(33,'DevOps Account Executive - US Public Sector','Excepturi voluptatibus non et id nobis. Laudantium soluta dignissimos sunt dolores recusandae laboriosam. Aut repellat omnis in quia ex aut unde. Architecto fugiat quia tempore quisquam ut.','<h5>Responsibilities</h5>\n                <div>\n                    <p>As a Product Designer, you will work within a Product Delivery Team fused with UX, engineering, product and data talent.</p>\n                    <ul>\n                        <li>Have sound knowledge of commercial activities.</li>\n                        <li>Build next-generation web applications with a focus on the client side</li>\n                        <li>Work on multiple projects at once, and consistently meet draft deadlines</li>\n                        <li>have already graduated or are currently in any year of study</li>\n                        <li>Revise the work of previous designers to create a unified aesthetic for our brand materials</li>\n                    </ul>\n                </div>\n                <h5>Qualification </h5>\n                <div>\n                    <ul>\n                        <li>B.C.A / M.C.A under National University course complete.</li>\n                        <li>3 or more years of professional design experience</li>\n                        <li>have already graduated or are currently in any year of study</li>\n                        <li>Advanced degree or equivalent experience in graphic and web design</li>\n                    </ul>\n                </div>','',6,NULL,5,5,5,0,4,8500.00,13400.00,'daily',1,4,4,3,80,0,5,'2024-06-08',1,'Botble\\JobBoard\\Models\\Account',0,0,0,'42.970083','-76.339625',0,0,0,1,'published','approved','2024-03-31 17:31:36','2024-05-13 21:55:26',NULL,NULL,NULL,NULL),(34,'Enterprise Account Executive','Porro officia consequatur ullam eos porro quo temporibus. Quos nisi deleniti dolor enim id. Aut temporibus omnis reprehenderit at. Mollitia a sunt quaerat eligendi et rem.','<h5>Responsibilities</h5>\n                <div>\n                    <p>As a Product Designer, you will work within a Product Delivery Team fused with UX, engineering, product and data talent.</p>\n                    <ul>\n                        <li>Have sound knowledge of commercial activities.</li>\n                        <li>Build next-generation web applications with a focus on the client side</li>\n                        <li>Work on multiple projects at once, and consistently meet draft deadlines</li>\n                        <li>have already graduated or are currently in any year of study</li>\n                        <li>Revise the work of previous designers to create a unified aesthetic for our brand materials</li>\n                    </ul>\n                </div>\n                <h5>Qualification </h5>\n                <div>\n                    <ul>\n                        <li>B.C.A / M.C.A under National University course complete.</li>\n                        <li>3 or more years of professional design experience</li>\n                        <li>have already graduated or are currently in any year of study</li>\n                        <li>Advanced degree or equivalent experience in graphic and web design</li>\n                    </ul>\n                </div>','',18,NULL,1,1,1,0,1,6100.00,6700.00,'monthly',0,10,1,4,77,0,6,'2024-07-11',1,'Botble\\JobBoard\\Models\\Account',0,0,0,'43.663832','-76.384147',0,0,0,0,'published','approved','2024-04-27 13:18:06','2024-05-13 21:55:26',NULL,NULL,NULL,NULL),(35,'Senior Engineering Manager, Product Security Engineering - Paved Paths','Et pariatur quo quae ut non explicabo saepe veniam. Voluptas incidunt molestias minima atque et laudantium. Qui sequi blanditiis unde non doloremque at. Repellat eaque quia dolorum in.','<h5>Responsibilities</h5>\n                <div>\n                    <p>As a Product Designer, you will work within a Product Delivery Team fused with UX, engineering, product and data talent.</p>\n                    <ul>\n                        <li>Have sound knowledge of commercial activities.</li>\n                        <li>Build next-generation web applications with a focus on the client side</li>\n                        <li>Work on multiple projects at once, and consistently meet draft deadlines</li>\n                        <li>have already graduated or are currently in any year of study</li>\n                        <li>Revise the work of previous designers to create a unified aesthetic for our brand materials</li>\n                    </ul>\n                </div>\n                <h5>Qualification </h5>\n                <div>\n                    <ul>\n                        <li>B.C.A / M.C.A under National University course complete.</li>\n                        <li>3 or more years of professional design experience</li>\n                        <li>have already graduated or are currently in any year of study</li>\n                        <li>Advanced degree or equivalent experience in graphic and web design</li>\n                    </ul>\n                </div>','',9,NULL,2,2,2,0,3,7400.00,14900.00,'daily',1,8,4,3,39,0,5,'2024-06-25',1,'Botble\\JobBoard\\Models\\Account',0,0,0,'43.818852','-76.487833',0,0,0,0,'published','approved','2024-04-27 13:25:48','2024-05-13 21:55:26',NULL,NULL,NULL,NULL),(36,'Customer Reliability Engineer III','Reiciendis cumque aliquam sit cum. Blanditiis qui fuga esse. Corporis iusto hic commodi eum odit voluptatum quia.','<h5>Responsibilities</h5>\n                <div>\n                    <p>As a Product Designer, you will work within a Product Delivery Team fused with UX, engineering, product and data talent.</p>\n                    <ul>\n                        <li>Have sound knowledge of commercial activities.</li>\n                        <li>Build next-generation web applications with a focus on the client side</li>\n                        <li>Work on multiple projects at once, and consistently meet draft deadlines</li>\n                        <li>have already graduated or are currently in any year of study</li>\n                        <li>Revise the work of previous designers to create a unified aesthetic for our brand materials</li>\n                    </ul>\n                </div>\n                <h5>Qualification </h5>\n                <div>\n                    <ul>\n                        <li>B.C.A / M.C.A under National University course complete.</li>\n                        <li>3 or more years of professional design experience</li>\n                        <li>have already graduated or are currently in any year of study</li>\n                        <li>Advanced degree or equivalent experience in graphic and web design</li>\n                    </ul>\n                </div>','',6,NULL,5,5,5,0,4,6000.00,10200.00,'hourly',1,5,3,5,1,0,9,'2024-06-21',1,'Botble\\JobBoard\\Models\\Account',0,0,0,'42.970083','-76.339625',0,0,0,0,'published','approved','2024-03-20 13:34:12','2024-05-13 21:55:26',NULL,NULL,NULL,NULL),(37,'Support Engineer (Enterprise Support Japanese)','Omnis rem quod sit eum occaecati explicabo dolores. Atque laborum rerum sed et rerum eveniet. Fuga minus deserunt quas in qui quis dolor. Qui laboriosam consectetur qui consequatur.','<h5>Responsibilities</h5>\n                <div>\n                    <p>As a Product Designer, you will work within a Product Delivery Team fused with UX, engineering, product and data talent.</p>\n                    <ul>\n                        <li>Have sound knowledge of commercial activities.</li>\n                        <li>Build next-generation web applications with a focus on the client side</li>\n                        <li>Work on multiple projects at once, and consistently meet draft deadlines</li>\n                        <li>have already graduated or are currently in any year of study</li>\n                        <li>Revise the work of previous designers to create a unified aesthetic for our brand materials</li>\n                    </ul>\n                </div>\n                <h5>Qualification </h5>\n                <div>\n                    <ul>\n                        <li>B.C.A / M.C.A under National University course complete.</li>\n                        <li>3 or more years of professional design experience</li>\n                        <li>have already graduated or are currently in any year of study</li>\n                        <li>Advanced degree or equivalent experience in graphic and web design</li>\n                    </ul>\n                </div>','',1,NULL,4,4,4,0,2,9600.00,11900.00,'monthly',0,10,4,1,85,0,8,'2024-05-30',1,'Botble\\JobBoard\\Models\\Account',0,0,0,'43.084478','-76.722115',0,0,0,1,'published','approved','2024-04-24 16:50:11','2024-05-13 21:55:27',NULL,NULL,NULL,NULL),(38,'Technical Partner Manager','Ut earum autem beatae quae debitis. Et enim et accusamus qui similique. Omnis esse quas voluptatem optio.','<h5>Responsibilities</h5>\n                <div>\n                    <p>As a Product Designer, you will work within a Product Delivery Team fused with UX, engineering, product and data talent.</p>\n                    <ul>\n                        <li>Have sound knowledge of commercial activities.</li>\n                        <li>Build next-generation web applications with a focus on the client side</li>\n                        <li>Work on multiple projects at once, and consistently meet draft deadlines</li>\n                        <li>have already graduated or are currently in any year of study</li>\n                        <li>Revise the work of previous designers to create a unified aesthetic for our brand materials</li>\n                    </ul>\n                </div>\n                <h5>Qualification </h5>\n                <div>\n                    <ul>\n                        <li>B.C.A / M.C.A under National University course complete.</li>\n                        <li>3 or more years of professional design experience</li>\n                        <li>have already graduated or are currently in any year of study</li>\n                        <li>Advanced degree or equivalent experience in graphic and web design</li>\n                    </ul>\n                </div>','',8,NULL,2,2,2,0,1,4600.00,10900.00,'weekly',0,4,4,5,83,0,8,'2024-07-01',1,'Botble\\JobBoard\\Models\\Account',0,0,0,'43.066793','-75.697049',0,0,0,1,'published','approved','2024-04-09 01:47:49','2024-05-13 21:55:27',NULL,NULL,NULL,NULL),(39,'Sr Manager, Inside Account Management','Voluptas fugit ad quod nesciunt. Quae omnis aut error corporis quas. Non et sed eos non veniam asperiores. Maiores veritatis eum est fuga. Dolor corporis corporis eos aut.','<h5>Responsibilities</h5>\n                <div>\n                    <p>As a Product Designer, you will work within a Product Delivery Team fused with UX, engineering, product and data talent.</p>\n                    <ul>\n                        <li>Have sound knowledge of commercial activities.</li>\n                        <li>Build next-generation web applications with a focus on the client side</li>\n                        <li>Work on multiple projects at once, and consistently meet draft deadlines</li>\n                        <li>have already graduated or are currently in any year of study</li>\n                        <li>Revise the work of previous designers to create a unified aesthetic for our brand materials</li>\n                    </ul>\n                </div>\n                <h5>Qualification </h5>\n                <div>\n                    <ul>\n                        <li>B.C.A / M.C.A under National University course complete.</li>\n                        <li>3 or more years of professional design experience</li>\n                        <li>have already graduated or are currently in any year of study</li>\n                        <li>Advanced degree or equivalent experience in graphic and web design</li>\n                    </ul>\n                </div>','',18,NULL,1,1,1,0,4,2600.00,4000.00,'monthly',1,8,3,1,27,0,9,'2024-06-28',1,'Botble\\JobBoard\\Models\\Account',0,0,0,'43.663832','-76.384147',0,0,0,0,'published','approved','2024-05-04 21:03:12','2024-05-13 21:55:27',NULL,NULL,NULL,NULL),(40,'Services Sales Representative','Fuga dolorem occaecati provident excepturi ut veritatis. Quis ipsa officia id qui voluptatem ipsam architecto. Et impedit et quidem rerum rerum sed ea quia.','<h5>Responsibilities</h5>\n                <div>\n                    <p>As a Product Designer, you will work within a Product Delivery Team fused with UX, engineering, product and data talent.</p>\n                    <ul>\n                        <li>Have sound knowledge of commercial activities.</li>\n                        <li>Build next-generation web applications with a focus on the client side</li>\n                        <li>Work on multiple projects at once, and consistently meet draft deadlines</li>\n                        <li>have already graduated or are currently in any year of study</li>\n                        <li>Revise the work of previous designers to create a unified aesthetic for our brand materials</li>\n                    </ul>\n                </div>\n                <h5>Qualification </h5>\n                <div>\n                    <ul>\n                        <li>B.C.A / M.C.A under National University course complete.</li>\n                        <li>3 or more years of professional design experience</li>\n                        <li>have already graduated or are currently in any year of study</li>\n                        <li>Advanced degree or equivalent experience in graphic and web design</li>\n                    </ul>\n                </div>','',6,NULL,5,5,5,0,2,1200.00,7700.00,'yearly',0,2,2,1,36,0,6,'2024-06-23',1,'Botble\\JobBoard\\Models\\Account',0,0,0,'42.970083','-76.339625',0,0,1,1,'published','approved','2024-04-13 04:19:40','2024-05-13 21:55:27',NULL,NULL,NULL,NULL),(41,'Services Delivery Manager','Occaecati praesentium et sunt sed in. Et velit dolorem voluptatibus autem fugit quas. Voluptatem mollitia nam et blanditiis eius perferendis. Placeat sit suscipit velit dicta.','<h5>Responsibilities</h5>\n                <div>\n                    <p>As a Product Designer, you will work within a Product Delivery Team fused with UX, engineering, product and data talent.</p>\n                    <ul>\n                        <li>Have sound knowledge of commercial activities.</li>\n                        <li>Build next-generation web applications with a focus on the client side</li>\n                        <li>Work on multiple projects at once, and consistently meet draft deadlines</li>\n                        <li>have already graduated or are currently in any year of study</li>\n                        <li>Revise the work of previous designers to create a unified aesthetic for our brand materials</li>\n                    </ul>\n                </div>\n                <h5>Qualification </h5>\n                <div>\n                    <ul>\n                        <li>B.C.A / M.C.A under National University course complete.</li>\n                        <li>3 or more years of professional design experience</li>\n                        <li>have already graduated or are currently in any year of study</li>\n                        <li>Advanced degree or equivalent experience in graphic and web design</li>\n                    </ul>\n                </div>','',20,NULL,2,2,2,0,2,4800.00,14300.00,'daily',1,4,2,4,46,0,4,'2024-06-06',1,'Botble\\JobBoard\\Models\\Account',0,0,0,'43.284187','-76.374621',0,0,0,0,'published','approved','2024-03-30 07:59:10','2024-05-13 21:55:27',NULL,NULL,NULL,NULL),(42,'Senior Solutions Engineer','Qui labore eos et dignissimos explicabo sunt. Architecto aut harum fugit. Distinctio non ad voluptatum et. Aut voluptatem vitae error quis culpa.','<h5>Responsibilities</h5>\n                <div>\n                    <p>As a Product Designer, you will work within a Product Delivery Team fused with UX, engineering, product and data talent.</p>\n                    <ul>\n                        <li>Have sound knowledge of commercial activities.</li>\n                        <li>Build next-generation web applications with a focus on the client side</li>\n                        <li>Work on multiple projects at once, and consistently meet draft deadlines</li>\n                        <li>have already graduated or are currently in any year of study</li>\n                        <li>Revise the work of previous designers to create a unified aesthetic for our brand materials</li>\n                    </ul>\n                </div>\n                <h5>Qualification </h5>\n                <div>\n                    <ul>\n                        <li>B.C.A / M.C.A under National University course complete.</li>\n                        <li>3 or more years of professional design experience</li>\n                        <li>have already graduated or are currently in any year of study</li>\n                        <li>Advanced degree or equivalent experience in graphic and web design</li>\n                    </ul>\n                </div>','',7,NULL,3,3,3,0,2,3800.00,11000.00,'hourly',1,3,1,2,91,0,7,'2024-07-06',1,'Botble\\JobBoard\\Models\\Account',0,0,0,'42.879625','-74.839638',0,0,1,1,'published','approved','2024-03-20 06:35:40','2024-05-13 21:55:27',NULL,NULL,NULL,NULL),(43,'Senior Service Delivery Engineer','Deserunt aut voluptate placeat officiis sit mollitia pariatur ut. Ratione officia cupiditate mollitia sit sit. Est est accusantium et ut.','<h5>Responsibilities</h5>\n                <div>\n                    <p>As a Product Designer, you will work within a Product Delivery Team fused with UX, engineering, product and data talent.</p>\n                    <ul>\n                        <li>Have sound knowledge of commercial activities.</li>\n                        <li>Build next-generation web applications with a focus on the client side</li>\n                        <li>Work on multiple projects at once, and consistently meet draft deadlines</li>\n                        <li>have already graduated or are currently in any year of study</li>\n                        <li>Revise the work of previous designers to create a unified aesthetic for our brand materials</li>\n                    </ul>\n                </div>\n                <h5>Qualification </h5>\n                <div>\n                    <ul>\n                        <li>B.C.A / M.C.A under National University course complete.</li>\n                        <li>3 or more years of professional design experience</li>\n                        <li>have already graduated or are currently in any year of study</li>\n                        <li>Advanced degree or equivalent experience in graphic and web design</li>\n                    </ul>\n                </div>','',4,NULL,3,3,3,0,4,6600.00,15600.00,'weekly',1,9,1,2,9,0,8,'2024-05-30',1,'Botble\\JobBoard\\Models\\Account',0,0,0,'43.136644','-75.198538',0,0,1,1,'published','approved','2024-03-17 00:44:52','2024-05-13 21:55:27',NULL,NULL,NULL,NULL),(44,'Senior Director, Global Sales Development','Quia dicta assumenda dolores exercitationem eum voluptas. Voluptatem voluptas quia modi non numquam laudantium quo doloremque.','<h5>Responsibilities</h5>\n                <div>\n                    <p>As a Product Designer, you will work within a Product Delivery Team fused with UX, engineering, product and data talent.</p>\n                    <ul>\n                        <li>Have sound knowledge of commercial activities.</li>\n                        <li>Build next-generation web applications with a focus on the client side</li>\n                        <li>Work on multiple projects at once, and consistently meet draft deadlines</li>\n                        <li>have already graduated or are currently in any year of study</li>\n                        <li>Revise the work of previous designers to create a unified aesthetic for our brand materials</li>\n                    </ul>\n                </div>\n                <h5>Qualification </h5>\n                <div>\n                    <ul>\n                        <li>B.C.A / M.C.A under National University course complete.</li>\n                        <li>3 or more years of professional design experience</li>\n                        <li>have already graduated or are currently in any year of study</li>\n                        <li>Advanced degree or equivalent experience in graphic and web design</li>\n                    </ul>\n                </div>','',18,NULL,1,1,1,0,5,4600.00,6500.00,'monthly',0,6,2,5,139,0,9,'2024-06-23',1,'Botble\\JobBoard\\Models\\Account',0,0,0,'43.663832','-76.384147',0,0,0,1,'published','approved','2024-04-13 02:32:52','2024-05-13 21:55:27',NULL,NULL,NULL,NULL),(45,'Partner Program Manager','Sit magnam hic natus occaecati nulla est. Quasi sint et praesentium ut. Excepturi ratione deserunt porro.','<h5>Responsibilities</h5>\n                <div>\n                    <p>As a Product Designer, you will work within a Product Delivery Team fused with UX, engineering, product and data talent.</p>\n                    <ul>\n                        <li>Have sound knowledge of commercial activities.</li>\n                        <li>Build next-generation web applications with a focus on the client side</li>\n                        <li>Work on multiple projects at once, and consistently meet draft deadlines</li>\n                        <li>have already graduated or are currently in any year of study</li>\n                        <li>Revise the work of previous designers to create a unified aesthetic for our brand materials</li>\n                    </ul>\n                </div>\n                <h5>Qualification </h5>\n                <div>\n                    <ul>\n                        <li>B.C.A / M.C.A under National University course complete.</li>\n                        <li>3 or more years of professional design experience</li>\n                        <li>have already graduated or are currently in any year of study</li>\n                        <li>Advanced degree or equivalent experience in graphic and web design</li>\n                    </ul>\n                </div>','',12,NULL,3,3,3,0,2,4900.00,14400.00,'daily',1,4,3,2,111,0,7,'2024-07-06',1,'Botble\\JobBoard\\Models\\Account',0,0,0,'42.520835','-75.602506',0,0,0,0,'published','approved','2024-04-22 09:11:31','2024-05-13 21:55:27',NULL,NULL,NULL,NULL),(46,'Principal Cloud Solutions Engineer','Et libero tempore nulla commodi nostrum nobis iste. Quasi labore molestiae omnis itaque nisi sit. Optio cum veritatis sapiente modi aut. Illo est possimus dolore aut eum illo sapiente.','<h5>Responsibilities</h5>\n                <div>\n                    <p>As a Product Designer, you will work within a Product Delivery Team fused with UX, engineering, product and data talent.</p>\n                    <ul>\n                        <li>Have sound knowledge of commercial activities.</li>\n                        <li>Build next-generation web applications with a focus on the client side</li>\n                        <li>Work on multiple projects at once, and consistently meet draft deadlines</li>\n                        <li>have already graduated or are currently in any year of study</li>\n                        <li>Revise the work of previous designers to create a unified aesthetic for our brand materials</li>\n                    </ul>\n                </div>\n                <h5>Qualification </h5>\n                <div>\n                    <ul>\n                        <li>B.C.A / M.C.A under National University course complete.</li>\n                        <li>3 or more years of professional design experience</li>\n                        <li>have already graduated or are currently in any year of study</li>\n                        <li>Advanced degree or equivalent experience in graphic and web design</li>\n                    </ul>\n                </div>','',3,NULL,1,1,1,0,5,5300.00,11900.00,'weekly',1,8,2,1,148,0,4,'2024-06-20',1,'Botble\\JobBoard\\Models\\Account',0,0,0,'43.412338','-75.732512',0,0,0,0,'published','approved','2024-04-05 06:37:42','2024-05-13 21:55:27',NULL,NULL,NULL,NULL),(47,'Senior Cloud Solutions Engineer','Et sunt eius est non fuga. Aspernatur sint eaque totam vel modi. Beatae provident natus sint ipsum eum.','<h5>Responsibilities</h5>\n                <div>\n                    <p>As a Product Designer, you will work within a Product Delivery Team fused with UX, engineering, product and data talent.</p>\n                    <ul>\n                        <li>Have sound knowledge of commercial activities.</li>\n                        <li>Build next-generation web applications with a focus on the client side</li>\n                        <li>Work on multiple projects at once, and consistently meet draft deadlines</li>\n                        <li>have already graduated or are currently in any year of study</li>\n                        <li>Revise the work of previous designers to create a unified aesthetic for our brand materials</li>\n                    </ul>\n                </div>\n                <h5>Qualification </h5>\n                <div>\n                    <ul>\n                        <li>B.C.A / M.C.A under National University course complete.</li>\n                        <li>3 or more years of professional design experience</li>\n                        <li>have already graduated or are currently in any year of study</li>\n                        <li>Advanced degree or equivalent experience in graphic and web design</li>\n                    </ul>\n                </div>','',16,NULL,4,4,4,0,5,6400.00,15500.00,'weekly',1,1,1,4,94,0,5,'2024-07-13',1,'Botble\\JobBoard\\Models\\Account',0,0,0,'43.060908','-75.484776',0,0,0,1,'published','approved','2024-04-18 01:47:33','2024-05-13 21:55:27',NULL,NULL,NULL,NULL),(48,'Senior Customer Success Manager','Rerum quae ratione non omnis non. Minima magni natus et illo dolor officia repudiandae. Aut tenetur eum molestiae. Omnis maxime fugiat odit odio.','<h5>Responsibilities</h5>\n                <div>\n                    <p>As a Product Designer, you will work within a Product Delivery Team fused with UX, engineering, product and data talent.</p>\n                    <ul>\n                        <li>Have sound knowledge of commercial activities.</li>\n                        <li>Build next-generation web applications with a focus on the client side</li>\n                        <li>Work on multiple projects at once, and consistently meet draft deadlines</li>\n                        <li>have already graduated or are currently in any year of study</li>\n                        <li>Revise the work of previous designers to create a unified aesthetic for our brand materials</li>\n                    </ul>\n                </div>\n                <h5>Qualification </h5>\n                <div>\n                    <ul>\n                        <li>B.C.A / M.C.A under National University course complete.</li>\n                        <li>3 or more years of professional design experience</li>\n                        <li>have already graduated or are currently in any year of study</li>\n                        <li>Advanced degree or equivalent experience in graphic and web design</li>\n                    </ul>\n                </div>','',12,NULL,3,3,3,0,1,3900.00,6300.00,'yearly',1,5,2,2,16,0,4,'2024-06-27',1,'Botble\\JobBoard\\Models\\Account',0,0,0,'42.520835','-75.602506',0,0,1,1,'published','approved','2024-04-10 18:21:55','2024-05-13 21:55:27',NULL,NULL,NULL,NULL),(49,'Inside Account Manager','Libero consectetur aut occaecati nulla qui. Qui accusantium qui accusamus quaerat.','<h5>Responsibilities</h5>\n                <div>\n                    <p>As a Product Designer, you will work within a Product Delivery Team fused with UX, engineering, product and data talent.</p>\n                    <ul>\n                        <li>Have sound knowledge of commercial activities.</li>\n                        <li>Build next-generation web applications with a focus on the client side</li>\n                        <li>Work on multiple projects at once, and consistently meet draft deadlines</li>\n                        <li>have already graduated or are currently in any year of study</li>\n                        <li>Revise the work of previous designers to create a unified aesthetic for our brand materials</li>\n                    </ul>\n                </div>\n                <h5>Qualification </h5>\n                <div>\n                    <ul>\n                        <li>B.C.A / M.C.A under National University course complete.</li>\n                        <li>3 or more years of professional design experience</li>\n                        <li>have already graduated or are currently in any year of study</li>\n                        <li>Advanced degree or equivalent experience in graphic and web design</li>\n                    </ul>\n                </div>','',17,NULL,5,5,5,0,2,7700.00,16800.00,'monthly',1,10,4,3,70,0,9,'2024-07-10',1,'Botble\\JobBoard\\Models\\Account',0,0,0,'42.599137','-76.725411',0,0,1,0,'published','approved','2024-04-18 04:17:53','2024-05-13 21:55:27',NULL,NULL,NULL,NULL),(50,'UX Jobs Board','Minima a dignissimos quia laboriosam harum. Et placeat ut magni voluptas deleniti porro officiis ea.','<h5>Responsibilities</h5>\n                <div>\n                    <p>As a Product Designer, you will work within a Product Delivery Team fused with UX, engineering, product and data talent.</p>\n                    <ul>\n                        <li>Have sound knowledge of commercial activities.</li>\n                        <li>Build next-generation web applications with a focus on the client side</li>\n                        <li>Work on multiple projects at once, and consistently meet draft deadlines</li>\n                        <li>have already graduated or are currently in any year of study</li>\n                        <li>Revise the work of previous designers to create a unified aesthetic for our brand materials</li>\n                    </ul>\n                </div>\n                <h5>Qualification </h5>\n                <div>\n                    <ul>\n                        <li>B.C.A / M.C.A under National University course complete.</li>\n                        <li>3 or more years of professional design experience</li>\n                        <li>have already graduated or are currently in any year of study</li>\n                        <li>Advanced degree or equivalent experience in graphic and web design</li>\n                    </ul>\n                </div>','',11,NULL,6,6,6,0,1,4000.00,5800.00,'hourly',1,4,4,5,50,0,2,'2024-06-12',1,'Botble\\JobBoard\\Models\\Account',0,0,0,'43.440043','-76.384904',0,0,1,0,'published','approved','2024-05-07 13:10:45','2024-05-13 21:55:27',NULL,NULL,NULL,NULL),(51,'Senior Laravel Developer (TALL Stack)','Sed rerum illum nobis. Non vitae est voluptatem et rerum. Necessitatibus libero consectetur ipsa. Ducimus et voluptatem omnis aut iusto consequatur.','<h5>Responsibilities</h5>\n                <div>\n                    <p>As a Product Designer, you will work within a Product Delivery Team fused with UX, engineering, product and data talent.</p>\n                    <ul>\n                        <li>Have sound knowledge of commercial activities.</li>\n                        <li>Build next-generation web applications with a focus on the client side</li>\n                        <li>Work on multiple projects at once, and consistently meet draft deadlines</li>\n                        <li>have already graduated or are currently in any year of study</li>\n                        <li>Revise the work of previous designers to create a unified aesthetic for our brand materials</li>\n                    </ul>\n                </div>\n                <h5>Qualification </h5>\n                <div>\n                    <ul>\n                        <li>B.C.A / M.C.A under National University course complete.</li>\n                        <li>3 or more years of professional design experience</li>\n                        <li>have already graduated or are currently in any year of study</li>\n                        <li>Advanced degree or equivalent experience in graphic and web design</li>\n                    </ul>\n                </div>','',6,NULL,5,5,5,0,2,4500.00,11800.00,'hourly',1,4,1,5,51,0,3,'2024-07-01',1,'Botble\\JobBoard\\Models\\Account',0,0,0,'42.970083','-76.339625',0,0,0,0,'published','approved','2024-03-26 05:10:52','2024-05-13 21:55:27',NULL,NULL,NULL,NULL);

--
